Informes Estilo NOAA

Seleccione un ao o mes para ver el informe
2023: Ene Feb Mar Abr May Jun Jul Ago Sep Oct Nov Dic
2022: Ene Feb Mar Abr May Jun Jul Ago Sep Oct Nov Dic
2021: Ene Feb Mar Abr May Jun Jul Ago Sep Oct Nov Dic
2020: Ene Feb Mar Abr May Jun Jul Ago Sep Oct Nov Dic
2019: Ene Feb Mar Abr May Jun Jul Ago Sep Oct Nov Dic
2018: Ene Feb Mar Abr May Jun Jul Ago Sep Oct Nov Dic

Informe 2023 Mayo
                   Monthly Climatological Summary for may. 2023

Name: tiempoenxativa   City: Xàtiva   State: Spain
Elevation: 80 m  Lat: N 38° 59' 17"   Lon: E 000° 31' 31"

                  Temperature (°C), Rain (mm), Wind Speed (km/h)

                                      Heat  Cool        Avg
    Mean                              Deg   Deg         Wind                 Dom
Day Temp  High   Time   Low    Time   Days  Days  Rain  Speed High   Time    Dir
----------------------------------------------------------------------------------
 1  24,2  30,8   16:49  19,0   07:58   0,0   6,1   0,0   5,2  24,5   16:50     E
 2  23,2  29,3   13:59  17,4   07:24   0,1   4,9   0,0   6,1  24,5   15:50   ENE
 3  23,6  31,8   14:50  16,1   08:13   0,2   5,7   0,0   5,6  23,4   18:28   ENE
 4  23,8  32,0   14:20  16,5   06:21   0,2   5,6   0,0   4,5  25,6   15:51   ENE
 5  23,9  32,8   17:15  18,7   05:43   0,0   5,6   0,0   5,0  23,4   16:33   ENE
 6  23,7  30,4   15:46  19,2   08:06   0,0   5,3   0,0   6,1  24,5   15:27   ENE
 7  22,8  27,3   15:35  19,3   06:52   0,0   4,5   0,3   6,1  23,4   13:47     E
 8  24,6  31,6   14:45  18,2   07:33   0,0   6,3   0,0   5,0  20,9   17:56     E
 9  25,2  35,3   17:29  19,0   06:53   0,0   6,9   0,0   6,0  37,8   18:58   ENE
10  23,9  30,0   15:57  19,4   07:06   0,0   5,6   0,0   5,5  27,0   16:17     E
11  21,9  26,9   17:44  19,5   08:07   0,0   3,6   0,0   5,8  27,0   15:40    NE
12  19,4  21,8   18:50  17,2   13:59   0,1   1,1   5,7   6,0  27,0   15:49    SE
13  19,5  24,0   16:46  15,0   06:41   0,8   1,9   0,0   6,5  28,1   15:54   ENE
14  21,1  27,8   17:26  14,5   06:06   0,7   3,4   0,0   6,4  30,6   21:56     O
15  22,2  29,1   18:22  16,5   05:14   0,2   4,1   0,0   5,8  25,6   15:47     O
16  22,8  28,0   17:32  17,8   07:06   0,0   4,5   0,0   7,1  30,6   15:46   NNO
17  21,3  26,3   17:18  15,3   07:32   0,4   3,3   0,0   6,7  33,1   14:32   NNO
18  20,7  26,2   14:45  16,3   05:27   0,4   2,7   0,0   6,7  41,8   16:07    NE
19  18,6  23,1   17:39  15,5   07:28   0,9   1,1  10,5   4,1  23,4   05:39    NE
20  19,4  24,7   13:43  14,3   06:27   0,8   2,0   0,0   6,7  35,6   14:27   ENE
21  20,6  26,1   17:05  14,5   06:52   0,8   3,1   0,3   5,0  25,6   14:37    NO
22  19,1  21,1   18:34  16,5   07:13   0,2   0,9   1,5   4,8  25,6   12:25     O
23  18,6  19,4   09:20  17,5   16:05   0,1   0,4  44,4   5,0  43,9   12:48     O
24  19,9  24,5   19:05  17,5   06:41   0,2   1,8  54,9   2,8  15,8   11:50    NE
25  19,7  27,1   14:07  16,1   06:41   0,4   1,8  36,0   3,8  45,4   16:29    NE
26  20,6  24,4   16:59  17,3   02:36   0,2   2,5   0,3  ----  27,0   17:04   ONO
27  21,6  26,2   17:05  18,9   06:09   0,0   3,3   1,2  ----  30,6   15:47     O
28  21,0  26,3   16:17  18,5   06:38   0,0   2,7   5,1  ----  23,4   01:04    NE
29  21,0  27,6   15:05  18,1   05:38   0,0   2,7   2,1  ----  31,7   15:48   ENE
30  21,6  26,4   14:14  17,1   05:36   0,1   3,4   0,0  ----  20,9   14:24   NNE
31  23,9  30,4   16:58  17,4   06:53   0,0   5,6   0,0  ----  37,8   19:34    NE
----------------------------------------------------------------------------------
    21,7  35,3     9    14,3    20     6,8 112,4 162,3   5,6  45,4    25      NE

Max >=  27,0: 16
Max <=   0,0:  0
Min <=   0,0:  0
Min <= -18,0:  0
Max Rain: 54,9 on day 24
Days of Rain: 12 (>= 0,2 mm)  7 (>= 2,0 mm)  3 (>= 20,0 mm)
Heat Base: 18,3  Cool Base: 18,3  Method: Integration