No se requiere ningun cuidado especial respecto a la situación metereológica.   -   No hay avisos

Informes Estilo NOAA

Seleccione un ao o mes para ver el informe
2020: Ene Feb Mar Abr May Jun Jul Ago Sep Oct Nov Dic
2019: Ene Feb Mar Abr May Jun Jul Ago Sep Oct Nov Dic
2018: Ene Feb Mar Abr May Jun Jul Ago Sep Oct Nov Dic

Informe 2020 Mayo
                   Monthly Climatological Summary for may. 2020

Name: tiempoenxativa   City: Xàtiva   State: Spain
Elevation: 115 m  Lat: N 38° 59' 17"   Lon: E 000° 31' 31"

                  Temperature (°C), Rain (mm), Wind Speed (km/h)

                                      Heat  Cool        Avg
    Mean                              Deg   Deg         Wind                 Dom
Day Temp  High   Time   Low    Time   Days  Days  Rain  Speed High   Time    Dir
----------------------------------------------------------------------------------
 1  23,5  30,5   17:28  17,6   03:22   0,0   5,3   0,0   7,8  29,5   11:17   SSE
 2  26,5  34,0   17:29  19,5   08:04   0,0   8,2   0,0   5,4  29,5   04:15   SSE
 3  24,5  30,1   14:32  18,7   06:41   0,0   6,2   0,0   3,8  24,5   01:09    NO
 4  21,6  27,9   16:42  16,0   06:55   0,3   3,6   0,0   3,1  17,3   15:37    NO
 5  22,9  31,7   14:17  16,7   06:53   0,2   4,9   0,0   2,5  18,4   15:51    NO
 6  23,0  29,9   15:07  17,4   06:59   0,0   4,7   0,0   3,2  23,4   15:15    NO
 7  21,4  27,3   14:18  16,9   06:57   0,1   3,3   0,0   3,5  22,0   15:09    NO
 8  20,3  24,8   17:07  16,8   05:25   0,2   2,2   0,0   3,8  22,0   14:09    NO
 9  21,0  26,9   15:58  17,1   06:27   0,2   2,9   0,0   4,2  22,0   18:55   ONO
10  20,0  25,6   16:22  16,0   09:30   0,4   2,1   2,7   7,9  54,0   17:38     S
11  21,4  27,3   16:59  17,0   06:27   0,3   3,4   0,0  10,9  37,8   14:55     S
12  19,9  24,6   13:39  16,5   23:58   0,2   1,8   0,6   4,1  25,6   14:27   ONO
13  20,2  26,2   18:06  14,7   05:39   0,9   2,9   0,3   5,7  23,4   04:43     S
14  16,7  20,3   00:00  12,8   10:21   1,9   0,3  11,7   4,8  27,0   11:15     S
15  16,9  20,9   12:07  12,9   06:38   1,8   0,4   0,3   2,1  18,4   14:51    NO
16  16,1  18,3   18:45  14,6   14:47   2,3   0,0  12,6   1,8  17,3   19:24   ESE
17  19,3  24,9   15:15  14,5   06:51   1,2   2,2   0,0   3,3  29,5   22:34    SE
18  22,2  30,8   17:52  14,8   07:07   0,5   4,4   0,0   3,0  20,9   18:13   SSE
19  23,9  33,6   17:03  15,6   06:40   0,4   6,1   0,0   2,4  28,1   17:36   NNE
20  24,7  32,7   15:21  17,4   07:08   0,0   6,3   0,0   2,8  20,9   15:53    NE
21  24,6  32,6   15:25  17,5   07:00   0,0   6,4   0,0   2,8  17,3   15:53    NO
22  25,3  32,8   15:22  18,7   06:50   0,0   7,1   0,0   2,9  19,4   16:15   ONO
23  24,8  33,2   14:13  18,1   07:13   0,0   6,5   0,0   3,3  19,4   16:21    NO
24  22,0  26,0   15:07  19,1   07:25   0,0   3,7   0,0   3,5  23,4   14:18    NO
----------------------------------------------------------------------------------
    21,8  34,0     2    12,8    14    10,9  94,9  28,2   4,1  54,0    10      SO

Max >=  27,0: 14
Max <=   0,0:  0
Min <=   0,0:  0
Min <= -18,0:  0
Max Rain: 12,6 on day 16
Days of Rain: 6 (>= 0,2 mm)  3 (>= 2,0 mm)  0 (>= 20,0 mm)
Heat Base: 18,3  Cool Base: 18,3  Method: Integration