No requiere especial atencion con respecto al clima.   -   No hay Alarmas

Informes Estilo NOAA

Seleccione un ao o mes para ver el informe
2019: Ene Feb Mar Abr May Jun Jul Ago Sep Oct Nov Dic
2018: Ene Feb Mar Abr May Jun Jul Ago Sep Oct Nov Dic

Informe 2019 Marzo
                   Monthly Climatological Summary for mar. 2019

Name: tiempoenxativa   City: Xàtiva   State: Spain
Elevation: 115 m  Lat: N 38° 59' 17"   Lon: E 000° 31' 31"

                  Temperature (°C), Rain (mm), Wind Speed (km/h)

                                      Heat  Cool        Avg
    Mean                              Deg   Deg         Wind                 Dom
Day Temp  High   Time   Low    Time   Days  Days  Rain  Speed High   Time    Dir
----------------------------------------------------------------------------------
 1  15,9  24,7   15:49   9,7   06:23   3,6   1,3   0,0   2,5  17,3   17:41   NNE
 2  16,5  25,2   17:01   9,5   07:58   3,3   1,5   0,0   3,0  22,0   17:55     E
 3  19,7  28,6   16:00  11,0   07:29   2,2   3,7   0,0   7,4  34,2   23:56   SSE
 4  20,5  26,4   14:57  15,5   06:51   0,2   2,5   0,0   7,1  36,7   00:00     S
 5  16,7  21,1   16:53  13,2   22:49   1,8   0,3   0,0   3,6  22,0   00:00   SSE
 6   6,8  24,7   15:14  10,1   05:00  11,7   0,0   0,0   5,3  27,0   23:52     S
 7  15,1  20,1   14:57  11,6   23:56   3,3   0,1   0,0   6,5  37,8   07:03   SSO
 8  14,8  21,0   16:41   9,7   07:55   3,8   0,4   0,0   4,4  25,6   03:36   SSE
 9  15,6  24,7   15:08   7,8   07:28   4,0   1,3   0,0   3,5  24,5   18:04   ENE
10  19,4  29,1   15:16  11,4   07:49   2,0   3,1   0,0   3,8  30,6   01:27   ESE
11  16,1  22,6   16:20  11,5   07:18   2,9   0,7   0,0   3,0  20,9   14:40     N
12  16,7  27,6   15:59   9,1   07:41   3,7   2,1   0,0   2,6  24,5   15:52   NNO
13  17,9  21,1   16:45  12,1   23:54   1,1   0,7   0,0   4,8  28,1   03:15    NO
14  15,1  23,5   17:16   7,4   07:57   4,2   0,9   0,0   2,8  20,9   18:19     E
15  18,3  27,8   16:17  10,6   07:03   2,8   2,7   0,0   2,5  14,8   17:16   NNE
16  18,1  27,4   14:58  10,7   06:58   2,5   2,3   0,0   2,4  14,8   15:11   NNO
17  21,0  28,2   15:27  14,6   06:50   0,9   3,8   0,0   5,5  30,6   03:09   SSO
18  14,6  18,1   15:47  11,1   23:42   3,7   0,0   0,0   3,7  18,4   13:56    NE
19  12,8  17,5   14:13   8,2   04:36   5,5   0,0   0,0   4,5  25,6   10:49     N
20  11,7  15,7   17:26   9,1   06:04   6,6   0,0   0,0   3,3  23,4   14:53   ENE
21  11,6  16,8   13:29   6,6   07:11   6,7   0,0   0,0   3,6  28,1   12:08   NNO
22  12,7  18,3   16:05   7,4   04:43   5,6   0,0   0,0   3,1  24,5   14:25    NO
23  14,0  20,1   15:49  10,4   02:05   4,1   0,1   0,0   2,0  17,3   14:25    NO
24  15,6  24,2   14:55   8,6   07:36   3,9   1,1   0,0   2,8  27,0   16:12   NNE
----------------------------------------------------------------------------------
    15,7  29,1    10     6,6    21    90,1  28,6   0,0   3,9  37,8     7     ESE

Max >=  27,0:  6
Max <=   0,0:  0
Min <=   0,0:  0
Min <= -18,0:  0
Max Rain: 0,0 on day 0
Days of Rain: 0 (>= 0,2 mm)  0 (>= 2,0 mm)  0 (>= 20,0 mm)
Heat Base: 18,3  Cool Base: 18,3  Method: Integration