No se requiere ningun cuidado especial respecto a la situación metereológica.   -   No hay avisos

Informes Estilo NOAA

Seleccione un ao o mes para ver el informe
2022: Ene Feb Mar Abr May Jun Jul Ago Sep Oct Nov Dic
2021: Ene Feb Mar Abr May Jun Jul Ago Sep Oct Nov Dic
2020: Ene Feb Mar Abr May Jun Jul Ago Sep Oct Nov Dic
2019: Ene Feb Mar Abr May Jun Jul Ago Sep Oct Nov Dic
2018: Ene Feb Mar Abr May Jun Jul Ago Sep Oct Nov Dic

Informe 2022 Septiembre
                   Monthly Climatological Summary for sep. 2022

Name: tiempoenxativa   City: Xàtiva   State: Spain
Elevation: 80 m  Lat: N 38° 59' 17"   Lon: E 000° 31' 31"

                  Temperature (°C), Rain (mm), Wind Speed (km/h)

                                      Heat  Cool        Avg
    Mean                              Deg   Deg         Wind                 Dom
Day Temp  High   Time   Low    Time   Days  Days  Rain  Speed High   Time    Dir
----------------------------------------------------------------------------------
 1  28,1  32,7   18:32  24,1   08:08   0,0   9,8   0,0   5,9  27,0   00:09   ENE
 2  30,5  37,3   18:16  23,8   07:22   0,0  12,2   0,0   7,3  31,7   15:07   ONO
 3  29,4  34,9   16:07  24,2   08:15   0,0  11,2   0,0   7,8  28,1   02:19     O
 4  27,4  33,0   16:46  21,6   07:27   0,0   9,2   0,0   6,6  21,9   17:22   OSO
 5  28,6  34,9   16:16  24,9   05:38   0,0  10,3   0,0   4,9  24,5   16:46     E
 6  29,6  37,0   16:32  22,8   06:14   0,0  11,3   0,0   5,4  24,5   08:11   ENE
 7  30,1  36,8   16:49  23,1   07:27   0,0  11,8   0,0   6,9  29,5   18:05   ONO
 8  29,4  35,7   16:17  24,0   06:40   0,0  11,1   0,0   8,4  25,6   03:53     O
 9  28,9  36,4   15:58  22,8   06:37   0,0  10,6   0,0   5,0  28,1   16:37     S
10  28,3  33,0   15:57  25,1   07:36   0,0  10,0   0,0   5,2  23,4   16:25   ESE
11  28,2  35,8   15:39  21,9   08:22   0,0   9,9   0,0   6,2  20,9   17:22    NE
12  28,0  32,4   16:47  25,4   07:50   0,0   9,7   0,0   5,2  22,0   16:19     E
13  26,0  27,4   01:01  24,3   07:28   0,0   7,7   0,0   4,5  23,4   00:54     S
14  25,8  29,6   19:26  23,4   06:38   0,0   7,5   2,4   4,8  29,5   23:50     O
15  27,6  34,1   18:05  22,0   06:06   0,0   9,3   0,0   5,8  25,6   00:14     O
16  26,9  33,2   15:23  22,0   07:00   0,0   8,6   0,0   4,9  22,0   18:59    NO
17  25,6  27,6   17:17  23,9   05:23   0,0   7,2   0,0   6,0  25,6   13:05   ESE
18  24,8  26,7   16:35  23,5   09:27   0,0   6,5   0,0   4,3  23,4   15:22     E
19  25,5  29,1   17:31  23,1   06:34   0,0   7,2   0,0   3,7  17,3   14:23     E
20  25,5  30,3   18:07  20,9   07:41   0,0   7,2   0,0   5,0  25,6   15:45   ESE
21  25,8  28,8   16:58  22,6   07:53   0,0   7,5   0,0   4,8  24,5   16:08   SSO
22  24,7  28,1   15:58  21,6   08:00   0,0   6,5   0,9   4,8  22,0   15:05     E
23  25,4  29,8   16:28  21,8   08:31   0,0   7,3   0,0   5,3  36,7   18:05    NO
24  24,9  27,7   14:11  23,0   07:39   0,0   6,6   1,2   6,6  29,5   01:53     O
25  23,0  24,7   00:00  19,0   22:38   0,0   4,6   2,4   5,4  34,2   21:25     E
26  20,6  23,8   16:45  18,6   04:48   0,0   2,3  12,0   5,0  22,0   18:39   OSO
----------------------------------------------------------------------------------
    26,9  37,3     2    18,6    26     0,0 223,1  18,9   5,6  36,7    23     OSO

Max >=  27,0: 23
Max <=   0,0:  0
Min <=   0,0:  0
Min <= -18,0:  0
Max Rain: 12,0 on day 26
Days of Rain: 5 (>= 0,2 mm)  3 (>= 2,0 mm)  0 (>= 20,0 mm)
Heat Base: 18,3  Cool Base: 18,3  Method: Integration