No se requiere ningun cuidado especial respecto a la situación metereológica.   -   No hay avisos

Informes Estilo NOAA

Seleccione un ao o mes para ver el informe
2019: Ene Feb Mar Abr May Jun Jul Ago Sep Oct Nov Dic
2018: Ene Feb Mar Abr May Jun Jul Ago Sep Oct Nov Dic

Informe 2019 Septiembre
                   Monthly Climatological Summary for sep. 2019

Name: tiempoenxativa   City: Xàtiva   State: Spain
Elevation: 115 m  Lat: N 38° 59' 17"   Lon: E 000° 31' 31"

                  Temperature (°C), Rain (mm), Wind Speed (km/h)

                                      Heat  Cool        Avg
    Mean                              Deg   Deg         Wind                 Dom
Day Temp  High   Time   Low    Time   Days  Days  Rain  Speed High   Time    Dir
----------------------------------------------------------------------------------
 1  28,5  36,9   15:00  22,2   08:02   0,0  10,2   0,0   3,2  23,4   19:45   NNO
 2  24,4  29,4   17:27  20,3   10:08   0,0   6,0   9,6   3,6  23,4   04:06   NNE
 3  26,3  32,3   15:59  22,0   07:43   0,0   8,0   0,0   3,0  17,3   16:23    NO
 4  27,0  32,6   16:19  23,5   07:00   0,0   8,7   0,0   3,4  24,5   16:29    NO
 5  25,5  28,6   16:15  23,4   06:13   0,0   7,2   0,0   4,0  19,4   15:00   NNE
 6  23,7  26,5   15:41  21,4   07:48   0,0   5,4   0,0   4,2  20,9   15:43    NO
 7  22,8  27,0   17:56  20,3   06:12   0,0   4,5   0,0   3,5  20,9   15:08   NNO
 8  23,9  29,5   15:24  18,7   08:00   0,0   5,5   0,0   2,8  15,8   14:48   ENE
 9  26,2  33,9   14:52  20,4   07:46   0,0   7,8   0,0   7,4  36,7   16:10   SSE
10  24,6  27,1   16:16  19,8   23:45   0,0   6,3   0,0  11,8  36,7   01:02    SO
11  17,9  20,5   18:00  14,6   08:17   0,8   0,4  20,7   4,8  27,0   15:31   ONO
12  20,6  24,2   18:48  17,1   00:00   0,1   2,4  49,8   5,5  39,2   03:33   NNO
13  20,9  24,2   14:25  19,6   21:53   0,0   2,6  34,2   3,5  25,6   14:29     N
14  20,8  23,6   12:21  17,1   07:30   0,1   2,6  12,3   2,8  33,1   06:39   NNO
----------------------------------------------------------------------------------
    23,8  36,9     1    14,6    11     1,0  77,6 126,6   4,5  39,2    12      NO

Max >=  27,0:  9
Max <=   0,0:  0
Min <=   0,0:  0
Min <= -18,0:  0
Max Rain: 49,8 on day 12
Days of Rain: 5 (>= 0,2 mm)  5 (>= 2,0 mm)  3 (>= 20,0 mm)
Heat Base: 18,3  Cool Base: 18,3  Method: Integration