No se requiere ningun cuidado especial respecto a la situación metereológica.   -   No hay avisos

Informes Estilo NOAA

Seleccione un ao o mes para ver el informe
2021: Ene Feb Mar Abr May Jun Jul Ago Sep Oct Nov Dic
2020: Ene Feb Mar Abr May Jun Jul Ago Sep Oct Nov Dic
2019: Ene Feb Mar Abr May Jun Jul Ago Sep Oct Nov Dic
2018: Ene Feb Mar Abr May Jun Jul Ago Sep Oct Nov Dic

Informe 2021 Julio
                   Monthly Climatological Summary for jul. 2021

Name: tiempoenxativa   City: Xàtiva   State: Spain
Elevation: 80 m  Lat: N 38° 59' 17"   Lon: E 000° 31' 31"

                  Temperature (°C), Rain (mm), Wind Speed (km/h)

                                      Heat  Cool        Avg
    Mean                              Deg   Deg         Wind                 Dom
Day Temp  High   Time   Low    Time   Days  Days  Rain  Speed High   Time    Dir
----------------------------------------------------------------------------------
 1  28,3  35,4   16:23  23,5   07:58   0,0  10,0   0,0   6,4  23,4   17:01    NE
 2  28,5  35,1   17:27  23,1   07:37   0,0  10,1   0,0   6,8  23,4   19:24    NE
 3  29,7  38,0   15:10  23,3   07:05   0,0  11,6   0,0   5,6  19,4   14:42   ENE
 4  31,8  40,8   17:09  23,9   07:24   0,0  13,5   0,0   6,9  31,7   13:38    NO
 5  29,9  37,8   15:16  25,8   06:08   0,0  11,6   0,0   6,4  23,4   14:57    NE
 6  33,0  41,5   17:45  24,2   05:40   0,0  14,7   0,0   7,7  36,7   15:26    NO
 7  29,0  34,1   17:15  24,9   06:43   0,0  10,7   0,0   6,0  23,4   17:54     E
 8  28,1  32,4   15:28  24,6   07:03   0,0   9,9   0,0   7,5  28,1   12:58   ENE
 9  27,0  32,5   16:43  23,8   13:49   0,0   9,0   0,0   5,4  25,6   17:39   ENE
10  29,2  38,2   17:50  21,5   07:21   0,0  10,9   0,0   6,5  22,0   15:13   NNE
11  28,6  34,1   15:19  24,2   07:08   0,0  10,2   0,0   5,8  22,0   06:57    NE
12  32,6  41,6   15:41  25,3   07:16   0,0  14,2   0,0  12,3  52,6   14:43   ONO
13  28,2  34,3   16:09  23,3   07:21   0,0   9,8   0,0   7,2  27,0   16:36   NNE
14  26,5  32,5   17:43  20,5   07:09   0,0   8,3   0,0   6,9  37,8   15:12   ENE
15  26,1  31,4   17:43  22,5   05:39   0,0   7,8   0,0   5,0  25,6   13:18   ENE
16  28,3  37,0   16:37  21,7   07:19   0,0  10,0   0,0   6,2  28,1   19:05    NE
17  28,1  34,2   15:36  23,5   06:59   0,0   9,8   0,0   6,3  23,4   14:36   NNE
18  29,3  36,7   14:37  23,7   07:02   0,0  11,0   0,0   6,8  25,6   18:52    NE
19  29,6  36,3   16:03  24,9   06:09   0,0  11,4   0,0   6,3  28,1   16:45    NE
20  29,5  36,4   18:25  23,5   07:41   0,0  11,2   0,0   5,9  30,6   21:17    NE
21  29,9  37,0   16:08  24,8   05:55   0,0  11,8   0,0   6,9  23,4   16:58     N
22  31,4  41,2   17:03  23,6   07:44   0,0  13,1   0,0   5,7  22,0   15:53   NNE
23  30,8  38,8   14:26  23,9   07:05   0,0  12,9   0,0   5,0  20,9   14:39   ENE
24  30,9  40,0   14:46  25,3   08:08   0,0  12,6   0,0   4,2  24,5   16:42    NE
25  29,6  34,3   16:37  26,2   05:40   0,0  11,2   0,0   7,0  23,4   19:21    NE
26  25,6  28,4   19:12  21,5   11:02   0,0   7,3   9,0   5,6  28,1   09:42   ENE
27  28,0  35,4   18:55  21,2   07:33   0,0   9,5   0,0   5,7  22,0   15:46    NE
----------------------------------------------------------------------------------
    29,2  41,6    12    20,5    14     0,0 294,1   9,0   6,5  52,6    12      NE

Max >=  27,0: 27
Max <=   0,0:  0
Min <=   0,0:  0
Min <= -18,0:  0
Max Rain: 9,0 on day 26
Days of Rain: 1 (>= 0,2 mm)  1 (>= 2,0 mm)  0 (>= 20,0 mm)
Heat Base: 18,3  Cool Base: 18,3  Method: Integration