Tormenta Desde: 24-05-2019 13:00 Hasta: 19:59 Advertencia para: Tormenta Nivel: Amarillo
Situación metereológica potencialmente peligrosa.
info button

Informes Estilo NOAA

Seleccione un ao o mes para ver el informe
2019: Ene Feb Mar Abr May Jun Jul Ago Sep Oct Nov Dic
2018: Ene Feb Mar Abr May Jun Jul Ago Sep Oct Nov Dic

Informe 2019 Mayo
                   Monthly Climatological Summary for may. 2019

Name: tiempoenxativa   City: Xàtiva   State: Spain
Elevation: 115 m  Lat: N 38° 59' 17"   Lon: E 000° 31' 31"

                  Temperature (°C), Rain (mm), Wind Speed (km/h)

                                      Heat  Cool        Avg
    Mean                              Deg   Deg         Wind                 Dom
Day Temp  High   Time   Low    Time   Days  Days  Rain  Speed High   Time    Dir
----------------------------------------------------------------------------------
 1  18,0  24,6   16:12  14,3   08:24   1,6   1,3   0,0   4,2  23,4   16:56    NO
 2  16,9  20,8   17:48  15,1   00:48   1,7   0,3   0,6   3,7  19,4   18:04    NO
 3  14,9  20,9   13:54  10,7   07:16   3,7   0,3   3,6   3,3  24,5   15:38   NNO
 4  16,7  25,9   17:10   9,3   06:05   3,4   1,8   0,3   3,1  19,4   18:34   ESE
 5  17,5  24,7   17:31  11,5   07:28   2,1   1,3   0,0   3,9  27,0   15:07   NNO
 6  17,0  23,9   15:17  11,4   06:56   2,4   1,2   0,0   3,8  24,5   16:33    NO
 7  20,7  28,9   15:24  15,2   05:38   1,1   3,6   0,0   3,7  17,3   16:22    NO
 8  22,8  29,8   16:54  15,6   05:03   0,5   5,0   0,0   7,8  41,8   13:20     S
 9  23,7  29,9   17:30  19,7   08:51   0,0   5,4   0,0   6,1  33,1   17:33     S
10  26,7  33,3   17:41  21,1   07:26   0,0   8,4   0,0   6,9  25,6   00:00     S
11  23,7  27,9   15:50  19,0   23:59   0,0   5,4   0,0   5,0  22,0   12:11    NO
12  21,3  28,2   16:10  15,4   06:03   0,5   3,5   0,0   3,7  19,4   16:13   ONO
13  20,4  26,1   18:15  16,5   04:25   0,5   2,6   0,0   4,6  23,4   15:59    NO
14  21,4  30,0   17:05  14,6   07:00   1,0   4,1   0,0   5,5  30,6   18:41   SSE
15  20,7  26,9   14:04  15,8   06:49   0,3   2,8   0,0   6,5  31,7   16:28   ONO
16  20,1  26,3   15:03  16,2   07:42   0,6   2,4   0,0   4,7  20,9   14:47    NO
17  20,4  25,2   15:42  15,9   04:22   0,3   2,4   0,0   7,5  40,3   15:27   OSO
18  17,6  21,5   12:22  14,7   06:39   1,1   0,4   1,5   3,5  20,9   13:09    NE
19  17,9  24,4   13:58  11,6   06:09   2,1   1,7   0,0   2,6  23,4   13:00     O
20  19,3  26,5   16:48  12,3   07:05   1,6   2,6   0,0   4,5  27,0   17:29    NE
21  19,0  26,8   17:23  15,3   21:24   0,9   1,6  23,7   4,1  33,1   18:49     N
22  19,8  28,5   18:18  13,7   05:31   1,4   2,9   0,0   3,2  20,9   16:39    NO
23  22,7  32,4   14:54  14,6   06:47   0,6   5,0   0,0   2,8  24,5   08:27   NNE
----------------------------------------------------------------------------------
    20,0  33,3    10     9,3     4    27,4  66,0  29,7   4,5  41,8     8     ONO

Max >=  27,0:  9
Max <=   0,0:  0
Min <=   0,0:  0
Min <= -18,0:  0
Max Rain: 23,7 on day 21
Days of Rain: 5 (>= 0,2 mm)  2 (>= 2,0 mm)  1 (>= 20,0 mm)
Heat Base: 18,3  Cool Base: 18,3  Method: Integration