No se requiere ningun cuidado especial respecto a la situación metereológica.   -   No hay avisos

Informes Estilo NOAA

Seleccione un ao o mes para ver el informe
2019: Ene Feb Mar Abr May Jun Jul Ago Sep Oct Nov Dic
2018: Ene Feb Mar Abr May Jun Jul Ago Sep Oct Nov Dic

Informe 2018 Mayo
                   Monthly Climatological Summary for may. 2018

Name: tiempoenxativa   City: Xàtiva   State: Spain
Elevation: 115 m  Lat: N 38° 59' 17"   Lon: E 000° 31' 31"

                  Temperature (°C), Rain (mm), Wind Speed (km/h)

                                      Heat  Cool        Avg
    Mean                              Deg   Deg         Wind                 Dom
Day Temp  High   Time   Low    Time   Days  Days  Rain  Speed High   Time    Dir
----------------------------------------------------------------------------------
 1  15,4  21,5   16:16  10,6   07:04   3,2   0,3   0,0   4,9  24,5   19:44   ESE
 2  17,6  24,9   16:56   9,8   07:27   2,9   2,1   0,0   5,5  33,1   13:31    SO
 3  20,3  27,1   15:29  16,2   05:51   0,5   2,4   0,0   5,9  28,1   18:09     S
 4  17,8  23,2   16:36  12,0   07:01   1,8   1,2   0,0   3,2  20,9   18:15   NNO
 5  19,8  26,5   14:34  14,9   06:33   1,0   2,5   0,0   3,7  27,0   16:12   NNO
 6  19,7  25,4   13:22  13,7   07:18   1,1   2,5   0,0   3,9  20,9   18:48     N
 7  19,8  26,3   18:02  13,4   07:07   1,2   2,7   0,0   4,0  28,1   18:29    NO
 8  20,4  27,6   14:02  15,2   06:44   0,7   2,8   0,0   2,6  23,4   14:50    NO
 9  21,2  29,6   14:50  15,9   06:08   0,3   3,2   3,3   3,5  36,7   17:43   NNO
10  20,1  26,6   16:50  17,0   06:56   0,3   2,1   1,5   3,3  22,0   15:50    NE
11  21,4  29,3   17:23  15,1   06:03   0,8   4,0   0,0   4,1  23,4   21:03   NNE
12  22,9  30,3   17:41  16,4   07:23   0,3   4,9   0,0   4,5  27,0   16:37   OSO
13  19,7  25,5   16:43  14,0   07:26   0,8   2,3   0,0   5,5  36,7   15:39    SO
14  19,2  25,9   18:03  13,5   07:22   1,3   2,2   0,0   3,6  18,4   13:27   ONO
15  19,2  25,0   16:55  13,3   07:20   1,2   2,1   0,0   4,0  19,4   15:21    NO
16  19,6  26,2   16:45  13,0   06:59   1,2   2,6   0,0   4,1  19,4   14:25     N
17  19,7  25,9   16:39  12,9   06:16   1,3   2,7   0,0   4,7  28,1   16:12    NE
18  20,1  25,7   16:27  14,2   07:18   0,8   2,6   0,0   4,2  27,0   17:46   NNO
19  20,1  26,2   17:01  14,3   07:20   0,9   2,7   0,0   3,9  25,6   13:26   NNO
20  20,1  26,5   17:35  13,4   07:23   1,1   2,8   0,0   3,5  22,0   17:04   NNO
21  20,8  27,2   15:16  14,7   07:15   0,6   3,2   0,0   3,9  25,6   16:12    NO
22  21,7  28,8   15:08  16,5   06:00   0,3   3,7   0,9   3,5  28,1   17:00   NNO
23  22,1  30,0   17:36  15,7   07:09   0,4   4,2   0,0   3,8  20,9   14:16   ONO
24  21,0  26,1   16:10  18,2   07:22   0,0   2,7   0,0   4,2  25,6   15:42    NO
25  19,8  24,0   18:04  17,8   05:23   0,0   1,5   0,3   3,8  24,5   11:57    NO
26  21,3  25,9   14:54  18,2   07:35   0,0   3,0   0,0   5,1  24,5   18:10    NO
27  21,0  27,7   14:46  17,5   07:10   0,1   2,9   0,3   3,5  28,1   17:21    NO
28  21,7  27,5   15:38  17,0   06:50   0,1   3,6   0,0   5,2  27,0   15:58     S
29  21,1  26,4   14:57  11,2   23:20   0,0   2,8   0,0   4,1  23,4   15:09   ONO
30  21,8  27,6   17:59  17,2   06:57   0,1   3,7   0,0   4,2  23,4   18:07     S
31  23,6  28,6   15:09  17,8   03:09   0,0   5,3   0,0   3,5  17,3   05:39    SO
----------------------------------------------------------------------------------
    20,3  30,3    12     9,8     2    24,3  87,3   6,3   4,1  36,7     9      NO

Max >=  27,0: 12
Max <=   0,0:  0
Min <=   0,0:  0
Min <= -18,0:  0
Max Rain: 3,3 on day 9
Days of Rain: 5 (>= 0,2 mm)  1 (>= 2,0 mm)  0 (>= 20,0 mm)
Heat Base: 18,3  Cool Base: 18,3  Method: Integration