No se requiere ningun cuidado especial respecto a la situación metereológica.   -   No hay avisos

Informes Estilo NOAA

Seleccione un ao o mes para ver el informe
2019: Ene Feb Mar Abr May Jun Jul Ago Sep Oct Nov Dic
2018: Ene Feb Mar Abr May Jun Jul Ago Sep Oct Nov Dic

Informe 2018 Agosto
                   Monthly Climatological Summary for ago. 2018

Name: tiempoenxativa   City: Xàtiva   State: Spain
Elevation: 115 m  Lat: N 38° 59' 17"   Lon: E 000° 31' 31"

                  Temperature (°C), Rain (mm), Wind Speed (km/h)

                                      Heat  Cool        Avg
    Mean                              Deg   Deg         Wind                 Dom
Day Temp  High   Time   Low    Time   Days  Days  Rain  Speed High   Time    Dir
----------------------------------------------------------------------------------
 1  28,4  36,4   17:45  22,5   06:38   0,0  10,1   0,0   3,8  20,9   16:13   ONO
 2  29,4  38,0   17:18  22,6   07:33   0,0  11,1   0,0   3,4  20,9   16:12    NO
 3  30,4  38,7   15:39  24,0   06:45   0,0  12,3   0,0   4,1  23,4   19:49   ONO
 4  30,8  38,3   16:29  23,9   07:05   0,0  12,5   0,0   3,8  27,0   18:16   NNE
 5  32,2  38,9   17:35  25,1   07:09   0,0  14,2   0,0   4,0  31,7   18:35     E
 6  31,8  38,3   15:33  26,0   06:32   0,0  13,6   0,3   5,9  30,6   03:21   ESE
 7  30,1  37,0   17:35  24,6   07:30   0,0  12,1   0,3   4,9  35,6   20:44   ONO
 8  27,4  33,6   16:42  23,6   07:33   0,0   9,0   7,8   4,8  39,2   18:35    NO
 9  29,3  36,6   18:24  23,8   07:51   0,0  11,0   0,0   4,7  30,6   21:01     N
10  26,2  29,3   14:50  23,5   08:02   0,0   7,9   0,3   7,3  27,0   15:20    NO
11  27,1  32,5   15:26  22,7   03:38   0,0   8,8  17,1   3,7  20,9   17:29     N
12  28,6  36,6   17:07  24,1   07:01   0,0  10,3   0,0   4,0  27,0   18:15    NO
13  29,9  37,7   16:07  24,6   05:59   0,0  11,5   0,0   5,5  27,0   03:39   ONO
14  27,7  32,0   16:26  25,1   23:54   0,0   9,4   0,0   5,7  20,9   13:01    NO
15  27,1  31,9   16:08  24,2   06:01   0,0   8,8   0,0   3,4  20,9   15:33   ONO
16  26,0  28,8   17:42  24,0   12:29   0,0   7,6   0,3   4,3  28,1   11:11    SE
17  26,4  31,2   17:51  23,0   08:21   0,0   8,1   0,0   4,1  25,6   16:54   NNO
18  24,4  27,9   17:12  22,4   07:00   0,0   6,2   0,0   3,4  22,0   15:48    NO
19  25,9  31,6   15:55  21,1   06:37   0,0   7,8   0,0   3,4  23,4   17:15    NO
20  26,9  33,9   16:24  19,9   07:18   0,0   8,6   0,0   3,5  23,4   15:48     N
21  28,1  34,7   17:11  21,4   08:00   0,0   9,8   0,0   4,5  23,4   17:33    NE
22  28,4  35,5   14:55  22,0   07:08   0,0  10,1   0,0   3,3  22,0   17:50    NE
23  27,9  36,2   16:00  22,7   07:25   0,0   9,6   0,0   3,6  33,1   17:36    SE
24  27,9  36,6   16:47  21,6   07:39   0,0   9,5   0,0   3,3  20,9   19:22    NO
25  27,3  32,1   16:07  23,2   07:36   0,0   9,4   0,0   4,1  20,9   17:05    NO
26  27,1  32,1   17:24  23,6   07:22   0,0   8,7   0,0   4,6  20,9   17:38    NO
27  27,7  33,3   16:16  23,6   07:18   0,0   9,4   0,0   3,8  20,9   16:29   ONO
28  27,7  33,7   17:11  24,2   07:56   0,0   9,4   0,0   3,2  18,4   17:22   ONO
29  27,4  33,8   16:11  22,5   07:47   0,0   9,0   0,0   5,2  30,6   18:27   ONO
30  27,0  32,2   17:45  23,6   07:54   0,0   8,7   0,0   3,4  19,4   18:28   NNO
31  27,0  32,9   16:00  24,1   07:21   0,0   8,7   0,0   4,4  23,4   17:33    NO
----------------------------------------------------------------------------------
    28,0  38,9     5    19,9    20     0,0 303,2  26,1   4,2  39,2     8      NO

Max >=  27,0: 31
Max <=   0,0:  0
Min <=   0,0:  0
Min <= -18,0:  0
Max Rain: 17,1 on day 11
Days of Rain: 6 (>= 0,2 mm)  2 (>= 2,0 mm)  0 (>= 20,0 mm)
Heat Base: 18,3  Cool Base: 18,3  Method: Integration