No requiere especial atencion con respecto al clima.   -   No hay Alarmas

Informes Estilo NOAA

Seleccione un ao o mes para ver el informe
2019: Ene Feb Mar Abr May Jun Jul Ago Sep Oct Nov Dic
2018: Ene Feb Mar Abr May Jun Jul Ago Sep Oct Nov Dic

Informe 2018 Septiembre
                   Monthly Climatological Summary for sep. 2018

Name: tiempoenxativa   City: Xàtiva   State: Spain
Elevation: 115 m  Lat: N 38° 59' 17"   Lon: E 000° 31' 31"

                  Temperature (°C), Rain (mm), Wind Speed (km/h)

                                      Heat  Cool        Avg
    Mean                              Deg   Deg         Wind                 Dom
Day Temp  High   Time   Low    Time   Days  Days  Rain  Speed High   Time    Dir
----------------------------------------------------------------------------------
 1  27,0  32,3   15:41  22,9   07:34   0,0   8,7   0,0   3,8  22,0   16:26   ONO
 2  27,7  34,5   17:20  22,5   08:40   0,0   9,6   0,0   3,8  18,4   17:42   ONO
 3  26,1  32,5   15:14  20,2   21:11   0,0   8,0  14,1   5,0  39,2   20:32   ENE
 4  25,5  33,1   17:08  19,5   07:13   0,0   7,2   0,0   2,8  19,4   17:22    NO
 5  26,7  32,0   18:00  23,3   05:03   0,0   8,3   0,6   3,5  19,4   12:17   ONO
 6  25,4  29,8   16:22  21,1   07:49   0,0   7,2   0,0   3,7  19,4   15:03    NO
 7  24,0  27,3   15:19  21,8   15:59   0,0   5,7  16,8   3,0  20,9   18:21    NO
 8  23,1  26,2   15:09  20,6   04:56   0,0   4,7   1,8   2,4  24,5   22:08   NNO
 9  22,2  26,9   13:40  19,3   16:20   0,0   3,9  12,0   2,5  34,2   16:04     N
10  22,5  25,9   18:09  20,5   04:42   0,0   4,2  10,2   2,5  18,4   15:23    NO
11  22,6  26,9   16:33  20,7   06:40   0,0   4,3   2,1   2,1  19,4   18:54     N
12  24,2  30,2   14:52  21,5   07:02   0,0   5,9   5,4   2,9  35,6   20:53     E
13  25,0  31,3   16:02  20,3   07:50   0,0   6,7   0,0   2,6  17,3   16:25   NNO
14  25,3  31,9   17:06  20,1   07:54   0,0   7,0   0,0   2,9  19,4   18:33   NNE
15  22,7  25,0   12:48  21,7   21:24   0,0   4,4   4,2   2,7  18,4   09:53     N
16  24,1  30,2   16:42  19,8   07:46   0,0   5,8   0,0   2,9  14,8   18:01    NO
17  24,2  27,8   14:41  21,3   07:43   0,0   5,9   0,0   2,9  18,4   14:58    NO
18  24,2  29,1   15:42  21,3   06:44   0,0   5,9   0,0   2,9  18,4   19:37    NO
19  24,5  29,9   15:45  19,9   08:05   0,0   6,2   0,0   3,0  15,8   17:06   ONO
20  25,8  32,5   15:29  20,1   07:51   0,0   7,5   0,0   2,4  14,8   16:21   NNO
21  26,8  34,6   17:30  20,4   07:30   0,0   8,5   0,0   2,2  13,3   18:15   NNO
22  26,9  34,3   17:11  21,3   08:15   0,0   8,6   0,0   2,0  12,2   13:46   NNO
23  27,7  35,6   16:54  21,9   08:08   0,0   9,3   0,0   2,1  13,3   16:08     N
24  27,0  33,0   15:33  22,3   08:16   0,0   8,6   0,0   2,7  15,8   16:24   NNO
25  22,0  24,5   12:26  19,3   23:14   0,0   3,7   5,4   3,3  23,4   15:32   ONO
26  20,7  22,9   17:31  19,1   00:24   0,0   2,4  16,5   2,8  17,3   13:24    NO
27  21,5  25,5   17:21  19,0   06:19   0,0   3,2   2,1   2,6  20,9   15:00   NNO
28  21,6  28,6   16:56  16,1   08:30   0,4   3,8   0,0   2,2  14,8   17:55   NNO
29  22,7  30,5   15:51  15,6   08:33   0,5   5,0   0,0   2,0  15,8   16:51    NE
30  22,1  29,5   17:17  16,7   08:23   0,3   4,2   0,0   2,0  11,2   14:28   ENE
----------------------------------------------------------------------------------
    24,4  35,6    23    15,6    29     1,2 184,4  91,2   2,8  39,2     3     NNO

Max >=  27,0: 22
Max <=   0,0:  0
Min <=   0,0:  0
Min <= -18,0:  0
Max Rain: 16,8 on day 7
Days of Rain: 12 (>= 0,2 mm)  10 (>= 2,0 mm)  0 (>= 20,0 mm)
Heat Base: 18,3  Cool Base: 18,3  Method: Integration