No se requiere ningun cuidado especial respecto a la situación metereológica.   -   No hay avisos

Informes Estilo NOAA

Seleccione un ao o mes para ver el informe
2019: Ene Feb Mar Abr May Jun Jul Ago Sep Oct Nov Dic
2018: Ene Feb Mar Abr May Jun Jul Ago Sep Oct Nov Dic

Informe 2018 Octubre
                   Monthly Climatological Summary for oct. 2018

Name: tiempoenxativa   City: Xàtiva   State: Spain
Elevation: 115 m  Lat: N 38° 59' 17"   Lon: E 000° 31' 31"

                  Temperature (°C), Rain (mm), Wind Speed (km/h)

                                      Heat  Cool        Avg
    Mean                              Deg   Deg         Wind                 Dom
Day Temp  High   Time   Low    Time   Days  Days  Rain  Speed High   Time    Dir
----------------------------------------------------------------------------------
 1  21,8  28,3   14:50  17,2   07:25   0,0   3,5   0,0   2,4  18,4   16:30   ENE
 2  20,1  26,4   17:20  14,4   08:20   0,0   1,8   0,0   2,4  15,8   15:15   ENE
 3  21,1  28,5   18:09  14,4   07:42   1,0   3,8   0,0   1,9  12,2   02:39   NNE
 4  21,0  27,5   15:53  15,1   08:11   0,6   3,3   0,0   2,8  17,3   17:16    NO
 5  21,2  26,8   15:24  16,0   08:06   0,4   3,2   0,0   2,6  15,8   17:03    NO
 6  23,7  32,2   16:51  17,2   07:49   0,1   5,6   0,0   4,5  40,3   23:03    SE
 7  22,9  26,2   16:31  19,5   08:15   0,0   4,6   0,0   6,8  36,7   01:35    SE
 8  19,1  23,6   14:51  14,0   08:57   0,8   1,5   0,0   3,3  19,4   16:42   NNO
 9  17,6  20,9   16:07  14,9   07:43   1,1   0,5   0,0   2,6  22,0   16:03    NO
10  20,2  25,3   15:40  16,5   07:05   0,4   2,3   0,0   2,0  15,8   20:35   NNO
11  21,3  27,4   14:51  16,5   08:09   0,4   3,4   0,0   2,1  17,3   06:23   NNO
12  23,6  30,6   16:28  17,9   08:27   0,0   5,4   0,0   2,5  18,4   18:36    NE
13  23,0  27,6   16:20  20,1   08:00   0,0   4,7   0,0   2,1  12,2   12:42     N
14  19,6  23,5   12:15  16,9   23:44   0,2   1,5   6,0   4,9  29,5   22:21   SSE
15  18,7  23,6   15:24  15,6   03:35   0,9   1,4   0,0   6,5  37,8   01:35     S
16  18,9  23,1   16:11  15,0   08:41   0,7   1,2   0,0   3,0  20,9   15:43   NNO
17  19,3  24,3   16:46  15,6   09:41   0,7   1,7   1,8   2,4  15,8   13:24    NO
18  16,7  18,0   18:08  15,0   04:48   1,8   0,1  13,0   1,2   9,7   15:59   SSE
19  18,5  22,7   17:17  16,4   05:19   0,7   0,9   0,6   1,7  11,2   18:20   NNO
20  18,7  20,8   15:35  17,0   02:54   0,4   0,8   0,5   2,1  20,9   15:39     N
21  19,5  21,7   16:20  17,9   23:50   0,0   1,2   3,0   2,1  14,8   14:06   NNO
22  19,4  24,0   13:36  15,4   08:36   0,7   1,9   0,3   2,5  14,8   14:36   NNO
23  19,2  22,9   13:06  16,7   05:06   0,5   1,4   0,0   1,2   7,2   16:06   NNO
24  20,8  30,0   16:41  15,5   08:06   0,5   3,0   0,0   2,2  18,4   07:27    SE
25  20,5  28,6   16:54  15,2   08:54   0,8   2,9   0,0   2,0  14,8   06:14   NNE
26  19,1  25,3   15:52  14,0   07:19   1,2   2,1   0,0   1,5   9,7   14:21     N
27  16,6  19,9   01:11  11,4   23:55   1,8   0,1  11,4   2,9  43,9   18:45    NO
28  12,1  15,5   12:34   9,5   08:30   6,6   0,0   0,3   3,6  19,4   18:34    SO
29  11,9  16,7   15:44   8,2   06:34   6,4   0,0   0,3   9,6  42,8   12:41     S
30  11,8  14,8   10:54  10,5   19:36   6,5   0,0   9,6   4,6  31,7   01:13   SSE
31  13,1  17,0   14:24  10,6   03:27   5,2   0,0   1,2   9,4  36,7   15:15   SSE
----------------------------------------------------------------------------------
    19,1  32,2     6     8,2    29    40,4  63,8  48,0   3,4  43,9    27     SSE

Max >=  27,0:  9
Max <=   0,0:  0
Min <=   0,0:  0
Min <= -18,0:  0
Max Rain: 13,0 on day 18
Days of Rain: 12 (>= 0,2 mm)  5 (>= 2,0 mm)  0 (>= 20,0 mm)
Heat Base: 18,3  Cool Base: 18,3  Method: Integration