No se requiere ningun cuidado especial respecto a la situación metereológica.   -   No hay avisos

Informes Estilo NOAA

Seleccione un ao o mes para ver el informe
2019: Ene Feb Mar Abr May Jun Jul Ago Sep Oct Nov Dic
2018: Ene Feb Mar Abr May Jun Jul Ago Sep Oct Nov Dic

Informe 2018 Noviembre
                   Monthly Climatological Summary for nov. 2018

Name: tiempoenxativa   City: Xàtiva   State: Spain
Elevation: 115 m  Lat: N 38° 59' 17"   Lon: E 000° 31' 31"

                  Temperature (°C), Rain (mm), Wind Speed (km/h)

                                      Heat  Cool        Avg
    Mean                              Deg   Deg         Wind                 Dom
Day Temp  High   Time   Low    Time   Days  Days  Rain  Speed High   Time    Dir
----------------------------------------------------------------------------------
 1  13,1  19,0   16:25   7,8   07:58   5,2   0,0   0,0   2,2  15,8   12:12   ENE
 2  13,9  18,4   16:17  10,9   01:39   4,4   0,0   0,6   2,6  22,0   05:19   SSE
 3  13,9  20,8   15:53   8,7   07:50   4,6   0,3   0,0   2,1  17,3   23:34   ENE
 4  13,5  22,1   13:41   7,7   08:14   4,7   0,4   0,0   2,0  12,2   02:30   ENE
 5  12,7  15,0   12:34  10,0   05:57   5,6   0,0   0,6   5,4  35,6   11:56   SSE
 6  14,6  18,4   15:15  12,6   01:39   3,7   0,0   0,0  11,4  35,6   04:50   SSE
 7  16,9  22,6   14:42  11,8   04:56   2,2   0,8   0,0   6,7  27,0   10:20   SSE
 8  15,9  20,2   15:01  11,7   06:46   2,6   0,2   7,5   2,4  17,3   16:32    NO
 9  15,0  18,3   15:05  12,2   08:02   3,3   0,0   2,1   8,7  35,6   14:51     S
10  16,2  17,9   23:03  14,4   01:36   2,1   0,0   0,0   5,9  29,5   23:58   SSE
11  19,0  25,5   14:17  14,0   23:59   1,2   1,9   0,0   5,7  27,0   06:32   SSE
12  15,9  19,3   15:56  12,7   01:53   2,5   0,0   0,0   1,6   9,7   09:34   ONO
13  17,0  18,4   14:57  16,0   03:31   1,3   0,0   0,0   1,7  17,3   15:03    NO
14  17,0  19,6   15:53  15,9   08:53   1,4   0,1   1,2   1,8  14,8   14:22   NNO
15  15,6  16,4   15:29  15,0   02:59   2,7   0,0  27,3   1,4  24,5   12:12    SE
16  15,7  16,2   03:46  15,0   09:21   2,6   0,0  16,5   1,5  12,2   13:57    NO
17  15,3  16,3   15:36  14,6   22:50   3,0   0,0   7,8   1,4  13,3   13:40   NNO
18  14,6  16,4   14:03  13,6   04:10   3,7   0,0   0,3   1,4  14,8   14:23   NNO
19  13,1  14,0   00:00  12,4   07:57   5,2   0,0  55,5   3,4  23,4   13:23   ONO
20  15,1  18,3   15:05  13,0   00:00   3,3   0,0   0,9   9,6  34,2   12:45   SSE
21  14,9  19,4   16:37  11,9   08:16   3,5   0,0   0,0   5,9  31,7   03:10   SSE
22  13,5  15,9   14:59  11,3   05:04   4,8   0,0   0,0   1,2   9,7   00:13     N
23  13,4  17,5   14:02  11,5   03:21   5,0   0,0   3,0   2,4  19,4   22:16     S
24  12,7  18,5   15:56   8,7   08:41   5,7   0,0   0,0   5,1  23,4   03:50     S
25  16,4  21,9   15:32  12,0   04:19   2,5   0,5   0,0  12,3  39,2   05:12   SSE
26  15,7  18,2   15:56  13,3   23:51   2,6   0,0   0,3   9,6  40,3   05:09     S
27  15,2  21,2   14:57  11,0   07:19   3,5   0,4   0,0   4,8  25,6   19:25     S
28  15,0  22,5   14:00  10,8   03:02   3,9   0,6   0,0   3,6  24,5   00:12   SSE
29  12,6  20,5   14:28   7,1   08:55   5,8   0,1   0,0   1,7  19,4   07:58    SE
----------------------------------------------------------------------------------
    14,9  25,5    11     7,1    29   102,6   5,3 123,6   4,3  40,3    26     SSE

Max >=  27,0:  0
Max <=   0,0:  0
Min <=   0,0:  0
Min <= -18,0:  0
Max Rain: 55,5 on day 19
Days of Rain: 13 (>= 0,2 mm)  7 (>= 2,0 mm)  2 (>= 20,0 mm)
Heat Base: 18,3  Cool Base: 18,3  Method: Integration