No se requiere ningun cuidado especial respecto a la situación metereológica.   -   No hay avisos

Informes Estilo NOAA

Seleccione un ao o mes para ver el informe
2020: Ene Feb Mar Abr May Jun Jul Ago Sep Oct Nov Dic
2019: Ene Feb Mar Abr May Jun Jul Ago Sep Oct Nov Dic
2018: Ene Feb Mar Abr May Jun Jul Ago Sep Oct Nov Dic

Informe 2019 Agosto
                   Monthly Climatological Summary for ago. 2019

Name: tiempoenxativa   City: Xàtiva   State: Spain
Elevation: 115 m  Lat: N 38° 59' 17"   Lon: E 000° 31' 31"

                  Temperature (°C), Rain (mm), Wind Speed (km/h)

                                      Heat  Cool        Avg
    Mean                              Deg   Deg         Wind                 Dom
Day Temp  High   Time   Low    Time   Days  Days  Rain  Speed High   Time    Dir
----------------------------------------------------------------------------------
 1  25,9  30,6   18:12  21,9   06:25   0,0   7,6   0,0   4,2  20,9   17:49   ONO
 2  26,8  33,0   16:39  22,0   07:13   0,0   8,5   0,0   4,5  27,0   17:19   ONO
 3  27,6  35,0   16:53  22,2   06:48   0,0   9,3   0,0   3,6  19,4   18:31    NO
 4  28,2  34,9   17:45  22,5   07:19   0,0   9,9   0,0   3,7  20,9   15:38   ONO
 5  28,0  34,0   17:25  23,9   07:25   0,0   9,7   0,0   4,4  22,0   16:05   ONO
 6  29,6  37,3   15:40  24,8   07:58   0,0  11,2   0,0   4,1  19,4   15:52    NO
 7  30,0  39,2   17:23  23,5   07:24   0,0  11,7   0,0   3,2  19,4   17:59    NO
 8  31,7  41,6   17:08  23,9   06:29   0,0  13,4   0,0   3,2  18,4   17:50   NNO
 9  33,8  42,7   16:21  24,9   07:16   0,0  15,5   0,0   3,9  25,6   16:34   OSO
10  31,9  36,8   13:53  26,7   23:46   0,0  13,6   0,0   4,6  23,4   19:57    NO
11  30,0  38,7   16:22  25,5   07:04   0,0  11,7   0,0   4,5  25,6   17:01    NO
12  27,1  30,4   14:56  23,8   07:13   0,0   8,8   0,0   4,8  22,0   15:14   NNO
13  25,4  29,6   18:39  22,8   06:06   0,0   7,1   0,0   4,1  23,4   14:46    NO
14  28,6  37,1   17:24  21,6   07:07   0,0  10,3   0,0   3,7  23,4   18:46    NO
15  27,9  34,4   17:34  22,6   06:27   0,0   9,6   0,0   4,7  24,5   15:49   ONO
16  27,8  34,3   15:02  24,0   07:13   0,0   9,5   0,0   4,2  23,4   17:55   ONO
17  28,3  36,0   16:24  22,6   07:04   0,0  10,0   0,0   4,1  19,4   14:30    NO
18  29,8  40,2   16:55  23,7   07:51   0,0  11,5   0,0   3,6  23,4   17:28   NNO
19  27,7  32,0   14:48  25,0   06:09   0,0   9,6   0,0   4,9  24,5   15:00    NO
20  25,5  31,1   13:01  22,6   23:00   0,0   7,2   1,2   5,4  34,2   14:43    NO
21  24,7  29,0   16:51  22,4   04:37   0,0   6,4   0,3   4,8  25,6   17:25    NO
22  25,5  32,8   16:33  19,3   07:06   0,0   7,2   0,0   3,8  17,3   15:55   NNO
23  26,3  33,4   16:35  20,3   06:53   0,0   8,0   0,0   3,9  20,9   15:31     N
24  26,0  32,8   16:24  19,3   07:47   0,0   7,7   0,0   3,1  18,4   15:07   NNO
25  26,5  33,0   15:20  20,8   07:07   0,0   8,1   0,0   4,0  27,0   17:53   NNE
26  24,9  29,1   13:58  21,2   08:24   0,0   6,6   0,0   3,4  19,4   18:49   NNO
27  23,0  29,9   17:38  18,8   05:24   0,0   4,8   4,8   3,1  23,4   03:30   NNO
28  24,8  32,0   15:41  18,3   06:46   0,0   6,6   0,3   3,4  20,9   16:37   ONO
29  26,9  34,3   16:48  20,4   07:06   0,0   8,6   0,0   2,7  20,9   16:34   NNE
30  27,9  34,7   15:57  21,8   07:18   0,0   9,6   0,0   2,9  24,5   15:37   NNO
31  28,4  35,3   15:19  21,0   07:53   0,0  10,1   0,0   2,7  19,4   15:55   NNE
----------------------------------------------------------------------------------
    27,6  42,7     9    18,3    28     0,0 289,4   6,6   3,9  34,2    20      NO

Max >=  27,0: 31
Max <=   0,0:  0
Min <=   0,0:  0
Min <= -18,0:  0
Max Rain: 4,8 on day 27
Days of Rain: 4 (>= 0,2 mm)  1 (>= 2,0 mm)  0 (>= 20,0 mm)
Heat Base: 18,3  Cool Base: 18,3  Method: Integration