No se requiere ningun cuidado especial respecto a la situación metereológica.   -   No hay avisos

Informes Estilo NOAA

Seleccione un ao o mes para ver el informe
2020: Ene Feb Mar Abr May Jun Jul Ago Sep Oct Nov Dic
2019: Ene Feb Mar Abr May Jun Jul Ago Sep Oct Nov Dic
2018: Ene Feb Mar Abr May Jun Jul Ago Sep Oct Nov Dic

Informe 2019 Noviembre
                   Monthly Climatological Summary for nov. 2019

Name: tiempoenxativa   City: Xàtiva   State: Spain
Elevation: 115 m  Lat: N 38° 59' 17"   Lon: E 000° 31' 31"

                  Temperature (°C), Rain (mm), Wind Speed (km/h)

                                      Heat  Cool        Avg
    Mean                              Deg   Deg         Wind                 Dom
Day Temp  High   Time   Low    Time   Days  Days  Rain  Speed High   Time    Dir
----------------------------------------------------------------------------------
 1  23,3  27,7   15:36  18,6   08:02   0,0   5,0   0,0   5,8  25,6   12:20   SSE
 2  23,0  26,9   14:49  21,1   05:24   0,0   4,7   0,0   7,8  35,6   21:54   SSE
 3  21,1  23,3   12:49  18,8   23:55   0,0   2,8   0,0  11,3  57,6   12:51     S
 4  20,9  25,1   12:43  17,8   01:44   0,0   2,6   0,0  12,8  43,9   05:07   SSE
 5  17,8  20,6   16:29  15,3   07:32   0,9   0,4   0,0   8,6  41,8   09:13     S
 6  16,8  22,1   15:39  13,2   06:09   2,1   0,6   0,0   8,3  29,5   23:58     S
 7  16,4  21,5   15:44  12,9   23:16   2,4   0,5   0,0   9,9  31,7   00:16   SSE
 8  13,8  17,3   14:06  10,7   08:15   4,5   0,0   0,0   7,7  34,2   15:17   SSO
 9  14,8  19,4   14:17  11,3   08:18   3,6   0,0   0,9   6,0  29,5   01:53   SSE
10  13,6  16,9   14:10  10,8   05:50   4,7   0,0   0,3   6,3  28,1   11:33   SSO
11  13,5  17,5   14:02   9,8   05:00   4,8   0,0   0,0   5,6  27,0   13:42     S
12  14,9  20,5   16:13  10,9   08:06   3,7   0,2   0,0   6,0  28,1   21:50     S
13  16,6  20,9   11:57  14,1   20:14   2,0   0,3   2,4   8,0  35,6   05:42     S
14  14,3  17,6   02:42  11,0   19:34   3,9   0,0   0,0  11,5  45,4   10:10   SSE
15  12,4  16,2   14:31   9,7   08:14   5,9   0,0   0,0   7,1  43,9   02:08     S
16  11,3  17,0   15:42   6,5   05:59   7,0   0,0   0,0   4,1  27,0   23:39     S
17  12,2  17,4   14:00   7,6   06:43   6,1   0,0   1,5   9,1  35,6   09:09     S
18  12,2  16,5   13:24   8,2   23:33   6,1   0,0   1,8   3,1  23,4   01:04    SE
19  11,1  17,0   14:18   5,9   08:52   7,2   0,0   0,0   3,1  24,5   07:00     S
20  12,1  17,8   14:01   6,4   08:06   6,1   0,0   0,9   3,5  22,0   14:47   SSE
21  13,2  16,6   15:42   9,2   07:23   5,2   0,0   0,0   4,3  22,0   17:06   SSE
22  14,4  18,9   14:47  10,1   06:53   3,9   0,0   0,6   6,8  40,3   20:54   SSE
23  14,4  17,4   14:37  11,1   07:03   3,9   0,0   0,3  10,5  46,4   10:03     S
24  14,0  17,9   15:28  10,9   06:33   4,4   0,0   0,0   7,8  36,7   01:31     S
25  16,1  20,9   13:41  11,3   05:13   2,5   0,2   0,0   4,6  24,5   08:14     S
26  18,4  23,4   15:34  14,0   06:04   1,1   1,1   0,0   6,2  27,0   21:50   SSE
27  18,4  21,9   12:42  15,5   21:33   0,6   0,8   0,0  10,3  34,2   11:27   SSE
28  15,9  19,8   14:37  13,3   07:00   2,5   0,1   0,0   4,5  28,1   00:50     S
29  18,0  22,0   15:07  14,6   00:00   1,0   0,7   0,0   5,2  20,9   14:53   SSE
30  17,5  23,3   15:25  13,5   06:11   1,9   1,1   0,0   5,8  28,1   09:52   SSE
----------------------------------------------------------------------------------
    15,7  27,7     1     5,9    19    98,0  21,1   8,7   7,0  57,6     3       S

Max >=  27,0:  1
Max <=   0,0:  0
Min <=   0,0:  0
Min <= -18,0:  0
Max Rain: 2,4 on day 13
Days of Rain: 8 (>= 0,2 mm)  1 (>= 2,0 mm)  0 (>= 20,0 mm)
Heat Base: 18,3  Cool Base: 18,3  Method: Integration