No se requiere ningun cuidado especial respecto a la situación metereológica.   -   No hay avisos

Informes Estilo NOAA

Seleccione un ao o mes para ver el informe
2020: Ene Feb Mar Abr May Jun Jul Ago Sep Oct Nov Dic
2019: Ene Feb Mar Abr May Jun Jul Ago Sep Oct Nov Dic
2018: Ene Feb Mar Abr May Jun Jul Ago Sep Oct Nov Dic

Informe 2020 Marzo
                   Monthly Climatological Summary for mar. 2020

Name: tiempoenxativa   City: Xàtiva   State: Spain
Elevation: 115 m  Lat: N 38° 59' 17"   Lon: E 000° 31' 31"

                  Temperature (°C), Rain (mm), Wind Speed (km/h)

                                      Heat  Cool        Avg
    Mean                              Deg   Deg         Wind                 Dom
Day Temp  High   Time   Low    Time   Days  Days  Rain  Speed High   Time    Dir
----------------------------------------------------------------------------------
 1  18,3  22,3   16:44  15,7   07:52   0,7   0,7   0,0   9,3  47,9   23:41     S
 2  18,2  22,5   12:25  12,7   23:57   1,2   1,1   0,3  13,5  76,0   06:42     S
 3  15,8  21,6   15:41  11,0   06:18   3,0   0,5   0,0   9,6  46,4   17:23     S
 4  19,4  23,1   14:44  16,8   23:58   0,2   1,3   0,0   7,8  34,2   00:11     S
 5  18,7  24,7   13:47  15,0   04:04   1,0   1,5   0,0   9,0  45,4   15:36     S
 6  15,3  19,5   15:03  12,1   07:42   3,1   0,0   0,0   7,8  52,6   10:21    SO
 7  14,5  21,2   17:00  10,0   04:58   4,2   0,3   0,0   4,3  23,4   09:54   OSO
 8  17,0  25,6   15:39   9,0   07:36   3,2   1,9   0,0   3,5  25,6   17:24     S
 9  17,9  24,0   16:28  13,9   07:35   1,5   1,1   0,0   4,3  24,5   03:48   SSO
10  17,6  25,4   16:17  10,9   06:47   2,4   1,7   0,0   1,9  13,3   21:31    NE
11  19,6  30,2   14:57  13,6   07:43   1,7   3,0   0,0   1,9  17,3   15:27    NO
12  17,8  26,1   14:33  12,3   06:55   2,3   1,7   0,0   1,9  17,3   15:40   NNO
13  14,9  18,8   14:32  11,8   03:15   3,4   0,0   0,0   2,8  17,3   16:46    NO
14  16,0  22,9   15:21  10,5   07:24   3,2   0,8   0,0   2,2  20,9   15:24    NO
15  16,2  21,4   15:56  13,4   07:13   2,5   0,4   0,0   2,9  18,4   15:28    NO
16  11,9  15,4   09:45   9,2   19:53   6,3   0,0   5,1   2,1  30,6   10:55   ENE
17  11,2  13,8   18:46   9,1   04:45   7,0   0,0  13,8   2,0  19,4   19:40   NNO
18  13,9  17,0   14:49  12,6   21:57   4,4   0,0   0,0   3,4  24,5   15:03   NNO
19  13,2  15,0   14:23  12,0   06:09   5,1   0,0   0,0   2,2  13,3   13:44    NO
20  13,2  15,6   16:41  12,1   07:03   5,3   0,0   0,0   2,1  17,3   17:46    NO
21  11,9  12,8   00:00  10,3   22:14   6,5   0,0  13,8   1,5  22,0   20:30   SSO
22  11,6  13,6   12:48  10,2   00:05   6,7   0,0  15,0   1,3  14,8   11:56    NO
23  13,5  17,3   14:28  11,7   06:08   4,9   0,0   6,3   2,5  22,0   15:16     N
24  12,7  14,1   00:00  12,0   23:01   5,5   0,0  52,5   5,5  28,1   11:14     N
25   9,7  12,1   00:00   8,8   06:24   8,7   0,0   6,3   1,0  11,2   00:03     S
26  11,8  17,7   15:35   7,8   07:45   6,5   0,0   0,0   2,8  23,4   14:11    NO
27   8,7  10,0   00:07   7,7   06:28   9,9   0,0  10,2   1,2  12,2   00:41    NO
28  11,6  17,4   16:08   6,0   05:57   6,6   0,0   0,3   1,9  17,3   13:41    NO
29  15,9  24,5   17:47   7,6   07:58   3,9   1,6   0,0   4,1  33,1   22:28   SSE
30  12,6  16,7   00:00   8,7   23:57   5,6   0,0   1,2   2,8  22,0   01:14     N
31  10,0  13,6   18:09   6,9   06:28   8,3   0,0   6,0   1,9  14,8   04:48   ONO
----------------------------------------------------------------------------------
    14,5  30,2    11     6,0    28   134,8  17,6 130,8   3,9  76,0     2      SO

Max >=  27,0:  1
Max <=   0,0:  0
Min <=   0,0:  0
Min <= -18,0:  0
Max Rain: 52,5 on day 24
Days of Rain: 12 (>= 0,2 mm)  9 (>= 2,0 mm)  1 (>= 20,0 mm)
Heat Base: 18,3  Cool Base: 18,3  Method: Integration