No se requiere ningun cuidado especial respecto a la situación metereológica.   -   No hay avisos

Informes Estilo NOAA

Seleccione un ao o mes para ver el informe
2020: Ene Feb Mar Abr May Jun Jul Ago Sep Oct Nov Dic
2019: Ene Feb Mar Abr May Jun Jul Ago Sep Oct Nov Dic
2018: Ene Feb Mar Abr May Jun Jul Ago Sep Oct Nov Dic

Informe 2020 Junio
                   Monthly Climatological Summary for jun. 2020

Name: tiempoenxativa   City: Xàtiva   State: Spain
Elevation: 80 m  Lat: N 38° 59' 17"   Lon: E 000° 31' 31"

                  Temperature (°C), Rain (mm), Wind Speed (km/h)

                                      Heat  Cool        Avg
    Mean                              Deg   Deg         Wind                 Dom
Day Temp  High   Time   Low    Time   Days  Days  Rain  Speed High   Time    Dir
----------------------------------------------------------------------------------
 1  24,1  31,5   17:42  19,1   06:41   0,0   5,8   0,0   3,9  19,4   00:42    NO
 2  23,6  31,2   13:57  18,3   07:10   0,0   5,3   0,0   3,7  19,4   14:23    NO
 3  26,5  35,4   17:09  18,7   05:37   0,0   8,1   0,0   3,3  30,6   23:21    SO
 4  22,1  27,0   10:27  17,3   15:27   0,0   3,9   2,1   8,3  45,4   19:41   SSE
 5  24,1  32,0   18:40  17,6   06:04   0,0   5,8   0,0   7,2  29,5   05:23   SSO
 6  26,3  34,9   15:43  18,3   05:01   0,0   7,9   0,0   3,5  29,5   15:51    SE
 7  24,8  31,7   17:45  19,9   23:57   0,0   6,5   0,0   5,3  28,1   15:42   OSO
 8  19,4  23,8   18:48  16,0   13:59   0,2   1,2   6,0   4,4  22,0   12:38   NNO
 9  20,9  26,8   18:58  15,5   06:16   0,7   3,3   4,5   3,5  20,9   20:51     E
10  21,3  27,2   14:31  15,9   05:10   0,4   3,4   0,0   3,5  23,4   15:04    NE
11  25,7  33,6   16:57  18,0   06:57   0,0   7,3   0,0   4,9  35,6   23:52     S
12  24,7  29,8   16:49  19,6   08:17   0,0   6,6   0,0   8,1  33,1   15:10     S
13  24,3  30,4   17:00  18,6   07:05   0,0   6,2   0,0   6,2  29,5   12:11   SSO
14  25,1  30,7   15:22  18,6   06:03   0,0   6,7   0,0   4,3  28,1   23:21   ESE
15  24,9  32,2   14:43  18,4   06:57   0,0   6,6   0,0   3,5  24,5   15:16    NO
16  23,3  30,5   15:30  19,5   05:00   0,0   5,0   0,0   3,7  24,5   16:32    NO
17  22,1  28,8   13:44  19,1   07:06   0,0   3,8  25,5   3,1  22,0   18:10   NNO
18  22,3  26,7   17:53  19,1   06:08   0,0   4,1   0,0   3,5  24,5   14:52    NO
19  23,3  28,8   18:20  20,0   06:36   0,0   5,0   0,0   3,6  19,4   19:44    NO
20  25,3  32,1   14:57  19,7   07:02   0,0   7,0   0,0   3,8  27,0   15:30    NO
21  25,4  31,5   16:33  19,2   06:52   0,0   7,0   0,0   3,4  19,4   15:37   ONO
22  26,9  32,8   16:32  20,7   06:03   0,0   8,7   0,0   3,9  23,4   15:25   ONO
23  26,2  33,0   17:06  20,5   07:11   0,0   7,8   0,0   4,3  19,4   13:47    NO
24  25,1  30,9   13:18  21,2   07:13   0,0   6,7   0,0   3,4  20,9   14:46     O
25  26,3  33,1   16:43  20,6   06:41   0,0   8,0   0,0   3,5  25,6   17:10    NO
26  26,3  32,6   16:48  21,0   05:50   0,0   8,0   0,0   4,2  20,9   13:39   NNO
27  27,5  35,7   16:28  21,1   06:50   0,0   9,1   0,0   3,0  18,4   16:09    NO
28  26,3  32,7   17:40  21,2   07:16   0,0   7,9   0,0   4,2  22,0   17:57   ONO
29  26,6  34,1   16:16  21,6   06:39   0,0   8,3   0,0   4,1  23,4   16:31   ONO
30  26,6  32,2   16:36  23,1   04:47   0,0   8,3   0,0   4,2  23,4   15:50   ONO
----------------------------------------------------------------------------------
    24,6  35,7    27    15,5     9     1,3 189,3  38,1   4,3  45,4     4       O

Max >=  27,0: 27
Max <=   0,0:  0
Min <=   0,0:  0
Min <= -18,0:  0
Max Rain: 25,5 on day 17
Days of Rain: 4 (>= 0,2 mm)  4 (>= 2,0 mm)  1 (>= 20,0 mm)
Heat Base: 18,3  Cool Base: 18,3  Method: Integration