No se requiere ningun cuidado especial respecto a la situación metereológica.   -   No hay avisos

Informes Estilo NOAA

Seleccione un ao o mes para ver el informe
2020: Ene Feb Mar Abr May Jun Jul Ago Sep Oct Nov Dic
2019: Ene Feb Mar Abr May Jun Jul Ago Sep Oct Nov Dic
2018: Ene Feb Mar Abr May Jun Jul Ago Sep Oct Nov Dic

Informe 2020 Julio
                   Monthly Climatological Summary for jul. 2020

Name: tiempoenxativa   City: Xàtiva   State: Spain
Elevation: 80 m  Lat: N 38° 59' 17"   Lon: E 000° 31' 31"

                  Temperature (°C), Rain (mm), Wind Speed (km/h)

                                      Heat  Cool        Avg
    Mean                              Deg   Deg         Wind                 Dom
Day Temp  High   Time   Low    Time   Days  Days  Rain  Speed High   Time    Dir
----------------------------------------------------------------------------------
 1  29,5  41,2   16:29  23,0   07:14   0,0  11,5   0,0   3,6  20,9   17:06    NO
 2  27,9  33,8   15:49  23,4   04:17   0,0   9,8   0,0   4,6  27,0   16:27   ONO
 3  26,0  29,5   16:36  23,2   06:41   0,0   7,1   0,0   4,6  25,6   15:01    NO
 4  27,2  33,1   15:50  23,5   06:24   0,0   8,8   0,0   4,9  25,6   19:25    NO
 5  28,1  35,0   17:24  22,4   06:37   0,0   9,8   0,0   4,2  23,4   14:15   ONO
 6  29,3  36,6   17:18  22,0   07:16   0,0  10,9   0,0   3,7  22,0   15:34    NO
 7  28,0  33,8   13:41  23,6   06:27   0,0   9,6   0,0   4,7  23,4   18:14    NO
 8  26,7  32,1   16:15  23,8   04:34   0,0   8,7   0,0   4,1  23,4   15:22   ONO
 9  26,9  32,4   15:42  23,5   07:00   0,0   8,5   0,0   5,1  22,0   14:32    NO
10  26,7  32,6   16:42  21,4   06:10   0,0   8,3   0,0   4,6  25,6   15:07   ONO
11  25,9  30,2   17:15  21,9   06:27   0,0   7,7   0,0   4,6  30,6   15:36    NO
12  24,8  29,8   14:27  22,6   06:15   0,0   6,5   2,4   5,4  45,4   22:01    NO
13  26,0  32,1   17:31  20,9   05:55   0,0   7,7   0,3   4,2  27,0   14:52    NO
14  24,3  29,9   16:11  20,0   21:10   0,0   6,0   5,4   3,1  20,9   15:47    NO
15  24,8  31,5   18:23  18,7   06:09   0,0   6,5   0,3   3,1  18,4   14:08    NO
16  26,5  32,2   18:12  21,3   06:51   0,0   8,2   0,0   4,0  20,9   16:17    NO
17  26,2  31,9   17:18  22,1   07:00   0,0   7,8   0,0   4,1  25,6   17:50   ONO
18  27,2  32,7   18:01  22,9   06:54   0,0   8,9   0,0   4,1  24,5   17:24    NO
19  28,3  35,5   17:23  22,8   07:20   0,0  10,0   0,0   4,0  20,9   18:56    NO
20  27,0  32,9   17:39  24,3   23:53   0,0   8,7   0,0   4,4  22,0   17:16   ONO
21  26,6  32,7   16:11  22,4   05:52   0,0   8,2   0,0   4,2  23,4   14:08    NO
22  26,4  31,0   17:48  23,0   07:10   0,0   8,1   0,0   4,3  28,1   16:14    NO
23  28,2  36,2   17:17  20,7   07:06   0,0  10,4   0,0   2,8  18,4   18:37    NO
24  27,6  33,9   17:23  22,5   07:23   0,0   9,4   0,0   3,8  15,8   15:23   ONO
25  28,0  33,8   17:52  24,1   06:52   0,0   9,7   0,0   3,4  14,8   19:22   ONO
26  27,8  33,1   16:22  23,4   07:52   0,0   9,6   0,0   3,6  19,4   18:22   ONO
27  29,1  37,5   17:13  24,1   07:14   0,0  10,8   0,0   3,1  17,3   16:14   ONO
28  28,5  34,9   16:23  23,3   06:27   0,0  10,2   0,0   4,5  20,9   14:28   ONO
29  27,8  32,7   17:26  24,8   06:01   0,0   9,7   0,0   4,7  24,5   14:26    NO
30  28,0  34,4   16:55  23,0   07:27   0,0   9,9   0,0   3,8  23,4   18:07   ONO
31  29,7  37,7   17:05  23,4   07:25   0,0  11,1   0,0   3,6  18,4   15:37   ONO
----------------------------------------------------------------------------------
    27,3  41,2     1    18,7    15     0,0 278,1   8,4   4,1  45,4    12      NO

Max >=  27,0: 31
Max <=   0,0:  0
Min <=   0,0:  0
Min <= -18,0:  0
Max Rain: 5,4 on day 14
Days of Rain: 4 (>= 0,2 mm)  2 (>= 2,0 mm)  0 (>= 20,0 mm)
Heat Base: 18,3  Cool Base: 18,3  Method: Integration