No se requiere ningun cuidado especial respecto a la situación metereológica.   -   No hay avisos

Informes Estilo NOAA

Seleccione un ao o mes para ver el informe
2020: Ene Feb Mar Abr May Jun Jul Ago Sep Oct Nov Dic
2019: Ene Feb Mar Abr May Jun Jul Ago Sep Oct Nov Dic
2018: Ene Feb Mar Abr May Jun Jul Ago Sep Oct Nov Dic

Informe 2020 Agosto
                   Monthly Climatological Summary for ago. 2020

Name: tiempoenxativa   City: Xàtiva   State: Spain
Elevation: 80 m  Lat: N 38° 59' 17"   Lon: E 000° 31' 31"

                  Temperature (°C), Rain (mm), Wind Speed (km/h)

                                      Heat  Cool        Avg
    Mean                              Deg   Deg         Wind                 Dom
Day Temp  High   Time   Low    Time   Days  Days  Rain  Speed High   Time    Dir
----------------------------------------------------------------------------------
 1  30,9  41,8   16:15  24,6   07:40   0,0  13,0   0,0   3,5  18,4   20:41    NO
 2  28,8  35,2   16:09  23,4   06:38   0,0  10,5   0,0   4,0  24,5   18:10   ONO
 3  27,0  30,3   18:32  24,5   14:40   0,0   8,6   6,0   4,0  23,4   12:36    NO
 4  27,3  32,4   19:03  23,1   07:13   0,0   9,0   0,9   3,6  22,0   20:02    NO
 5  28,5  34,9   17:34  24,4   07:02   0,0  10,4   0,0   4,1  24,5   16:24    NO
 6  28,5  34,6   17:41  24,5   07:03   0,0  10,3   0,0   4,3  19,4   17:04   ONO
 7  28,9  36,4   17:45  22,4   07:18   0,0  10,5   0,0   3,4  18,4   16:24   ONO
 8  29,0  36,4   17:14  23,9   04:51   0,0  10,7   0,0   4,3  25,6   19:08    NO
 9  29,4  35,8   16:05  24,5   07:29   0,0  11,1   0,0   4,2  24,5   21:26   ONO
10  28,5  35,6   15:24  23,2   07:33   0,0  10,3   0,0   4,5  31,7   02:02   ONO
11  27,4  33,1   15:02  24,7   05:16   0,0   9,1   0,0   4,5  28,1   16:26   NNO
12  28,2  37,5   15:04  23,1   07:56   0,0   9,9   0,0   4,9  40,3   18:10   SSE
13  29,6  37,0   16:06  22,7   07:45   0,0  11,6   0,0   3,3  25,6   17:20   NNE
14  27,7  32,3   18:10  23,5   07:02   0,0   9,5   0,0   4,3  24,5   15:21    NO
15  28,6  35,8   17:00  21,8   07:46   0,0  10,6   0,0   3,4  20,9   17:07    NO
16  29,9  37,4   17:54  23,6   06:56   0,0  11,7   0,0   3,7  27,0   16:02   SSE
17  29,2  35,4   15:08  22,8   06:37   0,0  10,8   0,0   4,1  23,4   07:31   NNO
18  27,9  34,9   15:29  22,7   05:09   0,0   9,6   0,0   2,9  22,0   15:39    NO
19  30,2  38,0   17:56  22,6   07:50   0,0  12,5   0,0   1,4  14,8   12:35     O
20  28,7  37,2   17:27  23,3   07:25   0,0  10,5   0,0   0,3  13,3   17:14   SSE
21  29,6  37,7   15:45  23,4   08:05   0,0  11,1   0,0   2,9  17,3   15:09     N
22  28,2  34,5   15:20  22,3   07:57   0,0   9,8   0,0   3,7  23,4   17:16    NE
23  28,2  32,4   15:37  24,2   07:37   0,0  10,1   0,0   3,8  23,4   15:48    NE
24  28,8  34,8   16:46  24,5   07:27   0,0  10,4   0,0   3,5  24,5   14:49    NE
25  30,2  39,3   16:47  23,6   08:00   0,0  11,9   0,0   3,2  20,9   19:06   ENE
26  28,7  35,7   17:25  22,5   08:05   0,0  10,6   0,0   3,5  17,3   15:29    NE
27  28,3  35,1   15:06  22,7   06:53   0,0  10,0   0,0   3,4  17,3   15:16    NE
28  27,8  35,2   14:59  22,8   07:51   0,0   9,4   0,0   3,7  19,4   15:13    NE
29  24,6  28,6   14:09  20,9   23:30   0,0   6,3   3,9   4,0  29,5   16:53   ENE
30  22,1  28,5   16:38  16,3   07:50   0,2   4,0   0,0   3,6  23,4   16:54    NE
31  23,1  30,4   15:42  16,5   07:34   0,3   5,2   0,0   2,8  29,5   16:42   ENE
----------------------------------------------------------------------------------
    28,2  41,8     1    16,3    30     0,5 309,0  10,8   3,6  40,3    12     NNO

Max >=  27,0: 31
Max <=   0,0:  0
Min <=   0,0:  0
Min <= -18,0:  0
Max Rain: 6,0 on day 3
Days of Rain: 3 (>= 0,2 mm)  2 (>= 2,0 mm)  0 (>= 20,0 mm)
Heat Base: 18,3  Cool Base: 18,3  Method: Integration