No se requiere ningun cuidado especial respecto a la situación metereológica.   -   No hay avisos

Informes Estilo NOAA

Seleccione un ao o mes para ver el informe
2020: Ene Feb Mar Abr May Jun Jul Ago Sep Oct Nov Dic
2019: Ene Feb Mar Abr May Jun Jul Ago Sep Oct Nov Dic
2018: Ene Feb Mar Abr May Jun Jul Ago Sep Oct Nov Dic

Informe 2020 Septiembre
                   Monthly Climatological Summary for sep. 2020

Name: tiempoenxativa   City: Xàtiva   State: Spain
Elevation: 80 m  Lat: N 38° 59' 17"   Lon: E 000° 31' 31"

                  Temperature (°C), Rain (mm), Wind Speed (km/h)

                                      Heat  Cool        Avg
    Mean                              Deg   Deg         Wind                 Dom
Day Temp  High   Time   Low    Time   Days  Days  Rain  Speed High   Time    Dir
----------------------------------------------------------------------------------
 1  23,5  28,3   15:33  18,4   07:42   0,0   5,2   0,0   2,6  18,4   19:05    NE
 2  24,6  30,1   17:18  20,4   06:58   0,0   6,3   0,0   3,2  20,9   17:49   ENE
 3  25,2  31,5   17:48  19,4   06:47   0,0   6,9   0,0   3,5  22,0   15:07    NE
 4  24,6  30,6   15:55  19,0   08:19   0,0   6,3   0,0   3,7  25,6   14:42    NE
 5  24,8  31,9   16:20  18,6   08:25   0,0   6,4   0,0   3,3  18,4   14:27    NE
 6  25,1  31,6   15:48  19,5   07:41   0,0   6,8   0,0   2,9  19,4   18:14    NE
 7  22,7  24,5   17:45  20,4   23:46   0,0   4,5   0,0   3,7  25,6   10:40    NE
 8  21,9  27,2   17:48  17,5   06:47   0,1   3,7  10,2   2,3  18,4   16:36   ENE
 9  22,5  28,1   15:14  17,2   04:55   0,1   4,3   0,9   2,3  20,9   17:52    NE
10  23,6  30,9   15:46  18,1   08:20   0,0   5,4   0,0   2,2  23,4   18:32   ESE
11  26,3  34,7   16:15  19,0   07:53   0,0   7,9   0,0   2,4  25,6   17:11   ESE
12  26,3  33,2   16:56  21,1   07:25   0,0   8,3   0,0   3,8  19,4   15:09   ENE
13  25,9  33,1   16:13  20,0   07:16   0,0   7,8   0,0   2,9  23,4   14:08   ENE
14  25,0  31,7   16:17  19,1   07:33   0,0   6,8   0,0   3,2  24,5   15:16    NE
15  26,1  32,4   15:53  21,6   08:21   0,0   7,7   0,0   3,1  17,3   14:30   NNE
16  26,5  32,9   17:15  21,3   08:00   0,0   8,2   0,0   3,3  17,3   15:44   NNE
17  25,6  31,4   16:44  22,9   06:54   0,0   7,5   0,0   2,5  17,3   17:10   NNE
18  22,9  26,5   18:07  19,1   09:10   0,0   4,4   3,3   2,7  25,6   10:30   ESE
19  24,1  30,8   16:04  18,1   06:49   0,0   5,7   0,0   4,1  28,1   14:10   NNO
20  25,1  29,8   17:20  20,5   07:24   0,0   6,9   0,0   4,2  25,6   13:35     N
21  25,3  31,9   16:12  21,0   03:16   0,0   7,0   0,0   3,5  20,9   19:03     E
22  24,7  32,3   16:55  18,0   07:51   0,0   6,4   0,0   2,6  24,5   17:39   NNE
23  26,0  32,8   15:56  21,0   05:08   0,8   7,7   0,0   2,4  14,8   14:20    NE
24  26,5  31,8   16:37  21,3   06:59   0,0   8,1   0,0   5,2  40,3   16:11   NNO
25  23,4  27,3   16:24  20,5   08:25   0,0   5,2   0,0   8,0  36,7   12:32   NNO
26  21,2  26,9   16:26  16,7   07:26   0,2   3,1   0,0   4,8  25,6   20:58   NNO
27  22,4  27,9   16:26  17,7   23:59   0,0   4,1   0,0   4,5  24,5   12:00   NNE
28  20,1  28,5   15:34  13,1   07:52   1,3   3,1   0,0   2,4  17,3   16:25    NE
----------------------------------------------------------------------------------
    24,4  34,7    11    13,1    28     2,5 171,7  14,4   3,4  40,3    24      NE

Max >=  27,0: 25
Max <=   0,0:  0
Min <=   0,0:  0
Min <= -18,0:  0
Max Rain: 10,2 on day 8
Days of Rain: 3 (>= 0,2 mm)  2 (>= 2,0 mm)  0 (>= 20,0 mm)
Heat Base: 18,3  Cool Base: 18,3  Method: Integration