No se requiere ningun cuidado especial respecto a la situación metereológica.   -   No hay avisos

Informes Estilo NOAA

Seleccione un ao o mes para ver el informe
2021: Ene Feb Mar Abr May Jun Jul Ago Sep Oct Nov Dic
2020: Ene Feb Mar Abr May Jun Jul Ago Sep Oct Nov Dic
2019: Ene Feb Mar Abr May Jun Jul Ago Sep Oct Nov Dic
2018: Ene Feb Mar Abr May Jun Jul Ago Sep Oct Nov Dic

Informe 2020 Noviembre
                   Monthly Climatological Summary for nov. 2020

Name: tiempoenxativa   City: Xàtiva   State: Spain
Elevation: 80 m  Lat: N 38° 59' 17"   Lon: E 000° 31' 31"

                  Temperature (°C), Rain (mm), Wind Speed (km/h)

                                      Heat  Cool        Avg
    Mean                              Deg   Deg         Wind                 Dom
Day Temp  High   Time   Low    Time   Days  Days  Rain  Speed High   Time    Dir
----------------------------------------------------------------------------------
 1  19,4  28,9   16:04  12,9   06:55   1,7   2,8   0,0   0,9   8,6   00:37     E
 2  19,1  27,4   15:21  13,0   07:31   1,6   2,4   0,0   1,2  11,2   15:40   ENE
 3  17,6  20,8   14:04  14,8   06:58   1,2   0,5   0,0   2,4  14,8   13:52   NNE
 4  14,5  18,0   00:00  12,6   20:05   3,8   0,0  10,2   3,6  18,4   04:08    NE
 5  15,0  16,5   19:49  13,2   02:52   3,3   0,0  23,4   1,9  17,3   01:19    NE
 6  18,2  21,0   14:13  16,2   00:00   0,7   0,6   0,0   2,6  19,4   16:17   ENE
 7  18,0  21,8   16:45  15,1   23:56   0,8   0,5   2,1   1,8  29,5   06:01    NE
 8  16,1  22,7   14:13  11,1   08:21   3,0   0,8   0,0   1,7  19,4   16:49   SSE
 9  16,9  24,1   13:53  12,1   04:02   2,6   1,2   0,0   0,9  11,2   01:45   ENE
10  16,6  21,7   13:22  12,5   07:56   2,3   0,7   0,0   1,6  17,3   18:48   ENE
11  15,7  21,4   15:47  11,1   08:14   3,1   0,6   0,0   1,4  20,9   18:17    SE
12  15,3  21,0   12:08  10,6   06:42   3,4   0,4   0,0   1,2  12,2   14:27    NE
13  16,7  20,4   13:47  14,7   00:59   1,9   0,3   0,0   0,9  11,2   14:26    NE
14  16,3  19,2   16:31  13,8   06:19   2,0   0,1   0,0   0,5   9,7   23:28     E
15  20,0  24,8   15:50  16,2   07:08   0,3   1,9   0,0   3,1  27,0   13:49     N
----------------------------------------------------------------------------------
    17,0  28,9     1    10,6    12    31,7  12,8  35,7   1,7  29,5     7      NE

Max >=  27,0:  2
Max <=   0,0:  0
Min <=   0,0:  0
Min <= -18,0:  0
Max Rain: 23,4 on day 5
Days of Rain: 3 (>= 0,2 mm)  3 (>= 2,0 mm)  1 (>= 20,0 mm)
Heat Base: 18,3  Cool Base: 18,3  Method: Integration