No se requiere ningun cuidado especial respecto a la situación metereológica.   -   No hay avisos

Informes Estilo NOAA

Seleccione un ao o mes para ver el informe
2021: Ene Feb Mar Abr May Jun Jul Ago Sep Oct Nov Dic
2020: Ene Feb Mar Abr May Jun Jul Ago Sep Oct Nov Dic
2019: Ene Feb Mar Abr May Jun Jul Ago Sep Oct Nov Dic
2018: Ene Feb Mar Abr May Jun Jul Ago Sep Oct Nov Dic

Informe 2021 Abril
                   Monthly Climatological Summary for abr. 2021

Name: tiempoenxativa   City: Xàtiva   State: Spain
Elevation: 80 m  Lat: N 38° 59' 17"   Lon: E 000° 31' 31"

                  Temperature (°C), Rain (mm), Wind Speed (km/h)

                                      Heat  Cool        Avg
    Mean                              Deg   Deg         Wind                 Dom
Day Temp  High   Time   Low    Time   Days  Days  Rain  Speed High   Time    Dir
----------------------------------------------------------------------------------
 1  14,2  20,3   17:17   9,1   05:48   4,2   0,1   0,0   5,0  23,4   17:46    NE
 2  16,7  25,7   16:25   9,9   06:17   3,4   1,8   0,0   3,9  22,0   20:18     N
 3  18,2  24,1   16:25  12,0   08:17   1,5   1,4   0,0   5,5  31,7   16:38     O
 4  14,3  16,3   16:50  12,2   05:43   4,0   0,0   0,3   3,3  17,3   12:41   SSO
 5  16,5  24,1   17:24   9,0   07:52   3,3   1,5   0,0   4,2  28,1   22:05     O
 6  19,0  28,6   16:54  13,5   08:18   1,7   2,5   0,0   8,0  30,6   00:56   ONO
 7  12,1  14,6   00:10  10,1   16:24   6,2   0,0   4,8   4,2  20,9   09:22   ENE
 8  12,8  17,4   17:10  10,4   07:27   5,5   0,0   0,0   3,9  22,0   15:09   ENE
 9  11,3  13,2   15:31   9,3   05:52   7,0   0,0   0,9   4,3  15,8   17:31   NNE
10  13,1  16,9   16:31  11,5   01:14   5,2   0,0   0,6   2,7  17,3   18:27   ENE
11  16,3  23,3   14:32  11,0   06:59   3,0   1,0   0,0   8,0  39,2   11:39     O
12  14,8  19,0   16:32  12,5   23:07   3,5   0,0   0,0   4,6  20,9   17:05     E
13  15,1  19,1   15:24  12,4   06:06   3,3   0,1   0,0   4,3  18,4   13:23    NE
14  14,3  17,8   16:48  11,0   07:14   4,1   0,1   0,0   5,5  15,8   18:31    NO
15  12,3  13,2   00:00  11,3   23:47   6,0   0,0   7,8   2,7  24,5   14:17    NE
16  12,6  19,5   15:34   9,0   23:58   5,7   0,0   4,8   4,2  34,2   18:15   ESE
17  11,9  18,1   16:36   6,7   05:41   6,4   0,0   0,0   4,9  22,0   20:05   SSE
18  13,6  20,3   17:49   8,5   06:06   4,8   0,1   0,0   4,3  19,4   13:33   ESE
19  17,4  26,9   18:38   9,4   05:31   3,2   2,3   0,0   5,8  30,6   19:13   NNO
20  15,8  22,3   14:29  12,8   08:22   3,0   0,4   7,8   4,5  28,1   16:31   NNE
21  14,7  17,7   15:45  13,1   23:59   3,6   0,0   6,6   4,0  19,4   12:46   ENE
22  14,5  17,6   15:58  12,7   06:34   3,8   0,0  12,9   4,4  18,4   17:50   ENE
23  14,3  17,1   17:14  12,3   23:58   4,0   0,0   1,8   3,4  14,8   00:36     E
24  13,8  16,1   14:54  11,7   03:04   4,5   0,0   0,3   4,5  24,5   14:57   ENE
25  14,9  17,8   17:18  12,8   07:36   3,4   0,0   5,4   5,6  20,9   23:51   ENE
26  16,0  22,2   18:39  13,6   07:19   2,8   0,5  12,0   4,7  25,6   00:16   ENE
27  17,7  23,8   12:40  12,9   06:33   2,0   1,4   4,2   4,5  22,0   14:39    NE
28  17,3  24,1   14:31  12,9   07:24   2,1   1,1  18,6   4,0  36,7   18:17   ONO
29  19,2  25,4   17:57  13,6   04:12   1,4   2,4   0,3   6,4  28,1   15:43     O
30  18,2  23,2   14:31  13,8   20:05   1,4   1,2   5,1   5,3  42,8   19:41     O
----------------------------------------------------------------------------------
    15,1  28,6     6     6,7    17   114,0  17,9  94,2   4,7  42,8    30     NNE

Max >=  27,0:  1
Max <=   0,0:  0
Min <=   0,0:  0
Min <= -18,0:  0
Max Rain: 18,6 on day 28
Days of Rain: 17 (>= 0,2 mm)  11 (>= 2,0 mm)  0 (>= 20,0 mm)
Heat Base: 18,3  Cool Base: 18,3  Method: Integration