No se requiere ningun cuidado especial respecto a la situación metereológica.   -   No hay avisos

Informes Estilo NOAA

Seleccione un ao o mes para ver el informe
2021: Ene Feb Mar Abr May Jun Jul Ago Sep Oct Nov Dic
2020: Ene Feb Mar Abr May Jun Jul Ago Sep Oct Nov Dic
2019: Ene Feb Mar Abr May Jun Jul Ago Sep Oct Nov Dic
2018: Ene Feb Mar Abr May Jun Jul Ago Sep Oct Nov Dic

Informe 2021 Mayo
                   Monthly Climatological Summary for may. 2021

Name: tiempoenxativa   City: Xàtiva   State: Spain
Elevation: 80 m  Lat: N 38° 59' 17"   Lon: E 000° 31' 31"

                  Temperature (°C), Rain (mm), Wind Speed (km/h)

                                      Heat  Cool        Avg
    Mean                              Deg   Deg         Wind                 Dom
Day Temp  High   Time   Low    Time   Days  Days  Rain  Speed High   Time    Dir
----------------------------------------------------------------------------------
 1  18,1  23,7   17:33  14,5   05:08   1,6   1,4   0,3   9,6  33,1   12:45   ONO
 2  15,9  19,0   18:06  13,7   06:24   2,4   0,0   0,0   5,5  24,5   14:35   ENE
 3  14,5  16,2   14:32  12,9   07:13   3,8   0,0   0,3   5,8  28,1   15:04   ENE
 4  17,9  25,6   18:41  13,0   06:41   2,2   1,8   0,3   4,3  22,0   16:37    NO
 5  19,8  28,4   15:52  12,0   07:15   1,8   3,3   0,0   3,4  27,0   17:09     E
 6  21,9  31,2   17:45  13,3   07:33   1,1   4,7   0,0   6,1  41,8   22:31     O
 7  25,1  31,9   15:40  19,8   08:17   0,0   6,8   0,0  10,0  37,8   01:59     O
 8  20,4  26,9   16:14  16,9   06:05   0,3   2,5   0,0   5,3  22,0   15:59    NE
 9  19,8  29,1   17:34  17,0   07:20   0,4   1,9   0,0   6,2  43,9   17:06   NNE
10  19,7  23,9   13:55  16,5   06:18   0,5   1,9   0,0   6,5  45,4   22:40   ONO
11  18,6  23,4   17:43  13,7   06:52   1,3   1,5   0,0  16,6  42,8   12:05   ONO
12  20,9  26,3   17:06  15,3   06:53   0,4   3,1   0,0  14,5  47,9   18:47   ONO
13  22,6  28,3   17:44  17,2   06:38   0,1   4,4   0,0  11,9  41,8   18:18   ONO
14  22,4  27,8   16:30  18,0   23:55   0,0   4,3   0,0   9,6  34,2   14:39   ONO
15  24,9  33,3   16:47  15,7   02:51   0,4   7,0   0,0   9,9  42,8   12:23     O
16  28,3  34,7   16:09  22,1   05:34   0,0   9,9   0,0  11,6  34,2   08:46   ONO
17  22,9  29,2   00:00  18,8   23:51   0,0   4,7   0,0   7,8  20,9   00:07    NE
18  24,5  34,4   17:20  17,1   05:28   0,0   6,3   0,0   5,4  34,2   19:25     N
19  21,3  25,9   17:48  18,2   06:28   0,0   3,1   0,0   6,0  25,6   11:44   ENE
20  23,8  29,7   15:27  18,5   07:31   0,0   4,9   0,0   5,7  23,4   16:09   NNE
21  23,4  30,6   17:53  16,8   07:50   0,1   5,2   0,0   5,5  22,0   16:51   ENE
22  21,4  26,1   13:58  17,6   04:36   0,0   3,2   0,0   6,5  29,5   16:42   ENE
23  17,3  19,9   00:00  14,8   23:44   1,2   0,1  26,4   6,6  25,6   09:25   ENE
24  21,6  28,9   17:21  14,8   00:13   1,2   4,6   4,3   7,9  33,1   13:36   ONO
25  20,2  22,9   15:23  16,7   06:44   0,1   2,0   0,0   7,2  29,5   09:53   ENE
26  21,2  26,2   16:57  18,0   06:54   0,0   3,0   0,0   4,7  20,9   19:53     E
27  21,4  26,8   16:05  15,9   06:20   0,3   3,4   0,0   4,4  19,4   16:11   NNE
28  21,6  26,9   17:23  17,7   01:43   0,0   3,3   1,8   4,6  22,0   15:46    NE
29  24,1  31,9   17:45  16,5   05:07   0,3   6,1   0,0   4,5  18,4   16:02     N
30  24,6  32,2   15:52  18,1   06:58   0,0   6,2   0,0   4,9  19,4   22:02   NNE
31  22,9  29,4   12:57  18,0   07:18   0,0   4,6   0,0   5,0  18,4   14:39     N
----------------------------------------------------------------------------------
    21,4  34,7    16    12,0     5    19,5 115,2  33,4   7,2  47,9    12     NNO

Max >=  27,0: 16
Max <=   0,0:  0
Min <=   0,0:  0
Min <= -18,0:  0
Max Rain: 26,4 on day 23
Days of Rain: 6 (>= 0,2 mm)  2 (>= 2,0 mm)  1 (>= 20,0 mm)
Heat Base: 18,3  Cool Base: 18,3  Method: Integration