No se requiere ningun cuidado especial respecto a la situación metereológica.   -   No hay avisos

Informes Estilo NOAA

Seleccione un ao o mes para ver el informe
2021: Ene Feb Mar Abr May Jun Jul Ago Sep Oct Nov Dic
2020: Ene Feb Mar Abr May Jun Jul Ago Sep Oct Nov Dic
2019: Ene Feb Mar Abr May Jun Jul Ago Sep Oct Nov Dic
2018: Ene Feb Mar Abr May Jun Jul Ago Sep Oct Nov Dic

Informe 2021 Junio
                   Monthly Climatological Summary for jun. 2021

Name: tiempoenxativa   City: Xàtiva   State: Spain
Elevation: 80 m  Lat: N 38° 59' 17"   Lon: E 000° 31' 31"

                  Temperature (°C), Rain (mm), Wind Speed (km/h)

                                      Heat  Cool        Avg
    Mean                              Deg   Deg         Wind                 Dom
Day Temp  High   Time   Low    Time   Days  Days  Rain  Speed High   Time    Dir
----------------------------------------------------------------------------------
 1  21,7  25,4   19:02  20,3   11:51   0,0   3,5   3,6   3,8  19,4   11:30    NE
 2  23,6  28,5   15:15  20,1   01:08   0,0   5,3   0,0   5,4  22,0   13:19   ENE
 3  23,0  26,7   15:07  20,3   06:30   0,0   4,9   0,0   5,1  22,0   14:12   ENE
 4  23,5  28,7   17:40  20,9   07:05   0,0   5,3   0,0   4,3  18,4   19:23    NE
 5  21,3  22,6   11:19  19,7   23:35   0,0   3,0   3,9   5,1  25,6   14:15   ENE
 6  23,3  29,6   17:13  18,1   07:19   0,0   5,0   0,3   5,4  19,4   13:42   NNE
 7  24,9  33,2   16:53  18,7   07:00   0,0   6,5   0,0   5,7  25,6   18:17   ENE
 8  24,4  31,0   15:57  19,9   07:20   0,0   6,1   1,8   5,7  62,3   22:18    NE
 9  24,7  31,3   16:22  20,3   06:24   0,0   6,5   0,0   5,7  25,6   16:36    NE
10  25,8  31,5   17:41  21,3   07:46   0,0   7,8   0,0   6,3  25,6   12:09   NNE
11  26,3  33,3   17:49  20,7   06:47   0,0   8,2   0,0   5,5  25,6   19:36    NE
12  27,1  32,6   15:13  21,6   07:05   0,0   8,8   0,0   7,4  34,2   15:57   ENE
13  27,9  33,6   17:37  22,3   07:15   0,0   9,6   0,0   6,1  30,6   17:10   ENE
14  29,0  36,7   16:10  21,6   07:09   0,0  10,6   0,0   5,1  20,9   15:33     N
15  28,8  35,0   15:06  22,5   07:21   0,0  10,5   0,0   5,4  27,0   13:34     E
16  27,2  31,2   17:57  23,2   08:05   0,0   9,2   0,0   5,0  19,4   11:37   NNE
17  26,8  32,0   16:34  21,8   07:42   0,0   8,4   3,0   6,0  37,8   15:52   ONO
18  26,3  29,9   17:53  21,7   05:31   0,0   8,3   0,0  ----  28,1   02:53    NE
19  25,4  28,0   13:02  23,5   05:20   0,0   7,1   0,0  ----  18,4   14:10    NE
20  26,7  32,5   18:25  21,7   07:10   0,0   8,6   0,0  ----  34,2   15:34   ONO
21  28,3  34,3   16:31  22,0   05:07   0,0  10,0   0,0  ----  37,8   14:14   ONO
22  27,3  32,6   14:36  22,8   06:30   0,0   8,9   0,0  ----  30,6   08:25     O
23  23,8  28,0   14:29  20,3   06:42   0,0   5,5   0,3  ----  28,1   14:29    NE
24  25,3  30,2   15:20  20,2   06:26   0,0   7,1   0,0  ----  28,1   16:29    NE
25  25,9  32,8   17:43  19,1   06:57   0,0   7,7   0,0  ----  24,5   16:20   NNO
26  28,8  37,9   17:12  20,8   07:15   0,0  10,4   0,0  ----  27,0   16:07   NNE
27  29,4  38,8   17:42  21,0   06:57   0,0  11,1   0,0  ----  25,6   16:35   ENE
28  28,2  34,7   15:59  22,3   05:51   0,0  10,4   0,0  ----  26,0   20:26    NE
29  26,3  31,5   16:08  21,0   06:47   0,0   8,1   0,0  ----  24,5   12:17    NE
30  28,1  33,6   16:58  23,9   05:49   0,0   9,8   0,0  ----  23,4   15:33   ENE
----------------------------------------------------------------------------------
    26,0  38,8    27    18,1     6     0,0 232,2  12,9   5,5  62,3     8      NE

Max >=  27,0: 27
Max <=   0,0:  0
Min <=   0,0:  0
Min <= -18,0:  0
Max Rain: 3,9 on day 5
Days of Rain: 6 (>= 0,2 mm)  3 (>= 2,0 mm)  0 (>= 20,0 mm)
Heat Base: 18,3  Cool Base: 18,3  Method: Integration