Informes Estilo NOAA

Seleccione un ao o mes para ver el informe
2022: Ene Feb Mar Abr May Jun Jul Ago Sep Oct Nov Dic
2021: Ene Feb Mar Abr May Jun Jul Ago Sep Oct Nov Dic
2020: Ene Feb Mar Abr May Jun Jul Ago Sep Oct Nov Dic
2019: Ene Feb Mar Abr May Jun Jul Ago Sep Oct Nov Dic
2018: Ene Feb Mar Abr May Jun Jul Ago Sep Oct Nov Dic

Informe 2021 Agosto
                   Monthly Climatological Summary for ago. 2021

Name: tiempoenxativa   City: Xàtiva   State: Spain
Elevation: 80 m  Lat: N 38° 59' 17"   Lon: E 000° 31' 31"

                  Temperature (°C), Rain (mm), Wind Speed (km/h)

                                      Heat  Cool        Avg
    Mean                              Deg   Deg         Wind                 Dom
Day Temp  High   Time   Low    Time   Days  Days  Rain  Speed High   Time    Dir
----------------------------------------------------------------------------------
 1  27,4  33,2   15:06  22,3   08:16   0,0   9,0   0,0   5,6  25,6   16:56     E
 2  27,1  30,6   14:50  23,7   07:47   0,0   8,8   0,0   5,4  27,0   15:12   ENE
 3  29,2  36,3   15:39  23,2   06:40   0,0  11,1   0,0   5,3  24,5   18:08     O
 4  30,9  39,8   15:35  25,3   05:40   0,0  12,7   0,0   6,8  33,1   15:48    NO
 5  29,6  38,7   17:43  23,1   07:49   0,0  11,5   0,0   6,6  22,0   15:30   NNE
 6  29,0  34,0   15:09  24,6   07:05   0,0  10,8   0,0   6,0  24,5   13:50    NE
 7  32,6  40,9   17:22  24,3   06:45   0,0  14,2   0,0   6,6  36,7   12:22    NO
 8  27,4  30,0   11:12  26,2   07:48   0,0   9,2   0,0   6,7  28,1   11:57   ENE
 9  26,7  30,9   17:23  23,7   08:31   0,0   8,4   1,5   5,4  25,6   15:30   ENE
10  25,7  28,1   13:13  22,8   05:02   0,0   7,5   0,6   3,9  18,4   22:34    NO
11  28,4  34,0   14:32  23,7   04:57   0,0  10,0   0,0   5,0  19,4   15:41    NE
12  31,1  38,9   16:58  24,0   06:32   0,0  13,0   0,0   4,4  19,4   15:10   ENE
13  30,0  36,0   16:34  24,9   07:50   0,0  11,7   0,0   5,2  22,0   15:32   ENE
14  31,1  38,1   15:39  26,8   06:06   0,0  12,6   0,0   6,6  56,2   21:39   ENE
15  33,5  42,0   18:18  28,8   00:25   0,0  15,2   0,3   8,2  45,4   18:26   ESE
16  29,6  32,8   15:33  26,9   06:43   0,0  11,3   0,0   7,2  46,4   00:06   ENE
17  25,9  27,6   19:28  23,4   10:06   0,0   8,0   2,1   5,0  17,3   05:23     N
18  28,7  33,6   17:05  24,7   06:32   0,0  10,4   0,0   5,0  24,5   19:53    NE
19  28,8  33,9   16:00  25,3   08:47   0,0   9,9   5,7   6,0  29,5   17:37   ENE
20  28,9  34,9   15:57  23,9   08:05   0,0  10,6   0,0   5,4  24,5   18:09   NNE
21  29,6  36,2   16:50  25,3   07:16   0,0  11,3   0,0   4,9  23,4   17:12   NNE
22  28,7  33,6   16:42  25,2   07:12   0,0  10,3   0,0   5,5  28,1   14:08     N
23  28,7  33,0   16:35  25,6   06:34   0,0  10,4   0,0   6,2  28,1   13:13   ENE
24  28,4  33,0   15:40  24,7   07:50   0,0  10,1   0,3   6,4  28,1   16:05   ENE
25  27,2  33,8   15:09  22,2   02:21   0,0   8,8   1,5   6,1  30,6   05:10   NNE
26  29,6  36,5   14:13  23,6   07:41   0,0  11,3   0,0   5,0  34,2   15:47   NNE
27  32,9  41,6   17:05  24,5   07:52   0,0  14,6   0,0   4,6  27,0   17:38   NNO
28  30,0  35,8   16:10  25,4   07:53   0,0  11,7   0,0   5,3  22,0   16:41    NE
29  28,7  34,9   15:19  25,7   06:26   0,0  10,3   1,2   5,1  29,5   17:42   ENE
30  26,6  32,0   15:08  23,5   19:50   0,0   8,6   4,2   5,4  28,1   18:35    NE
31  27,1  31,9   17:53  23,7   00:00   0,0   9,3   0,0   5,0  29,5   16:24   ENE
----------------------------------------------------------------------------------
    29,0  42,0    15    22,2    25     0,0 332,6  17,4   5,7  56,2    14      NE

Max >=  27,0: 31
Max <=   0,0:  0
Min <=   0,0:  0
Min <= -18,0:  0
Max Rain: 5,7 on day 19
Days of Rain: 9 (>= 0,2 mm)  3 (>= 2,0 mm)  0 (>= 20,0 mm)
Heat Base: 18,3  Cool Base: 18,3  Method: Integration