Informes Estilo NOAA

Seleccione un ao o mes para ver el informe
2022: Ene Feb Mar Abr May Jun Jul Ago Sep Oct Nov Dic
2021: Ene Feb Mar Abr May Jun Jul Ago Sep Oct Nov Dic
2020: Ene Feb Mar Abr May Jun Jul Ago Sep Oct Nov Dic
2019: Ene Feb Mar Abr May Jun Jul Ago Sep Oct Nov Dic
2018: Ene Feb Mar Abr May Jun Jul Ago Sep Oct Nov Dic

Informe 2021 Noviembre
                   Monthly Climatological Summary for nov. 2021

Name: tiempoenxativa   City: Xàtiva   State: Spain
Elevation: 80 m  Lat: N 38° 59' 17"   Lon: E 000° 31' 31"

                  Temperature (°C), Rain (mm), Wind Speed (km/h)

                                      Heat  Cool        Avg
    Mean                              Deg   Deg         Wind                 Dom
Day Temp  High   Time   Low    Time   Days  Days  Rain  Speed High   Time    Dir
----------------------------------------------------------------------------------
 1  25,1  27,3   15:56  21,5   23:58   0,0   7,0   0,0  12,9  39,2   02:50     O
 2  20,2  23,1   15:30  18,1   07:47   0,0   1,9   0,0   8,8  39,2   00:38     O
 3  17,8  19,7   00:00  15,1   06:15   0,9   0,4   0,9  14,7  49,0   04:20     O
 4  15,5  20,1   15:23  12,0   23:48   3,0   0,2   0,0   9,0  34,2   06:58     O
 5  14,0  19,6   16:09  10,4   07:01   4,4   0,1   4,2   5,4  24,5   20:43     O
 6  13,8  19,5   15:06   9,8   23:16   4,6   0,1   1,2   4,4  23,4   15:28     O
 7  14,4  22,4   16:36   8,4   07:52   5,0   0,5   0,0   5,3  25,6   08:55     O
 8  17,0  24,3   14:25  11,2   03:05   3,3   2,0   0,0   3,5  15,8   16:35     S
 9  16,2  20,8   15:18  12,3   06:25   2,5   0,4   0,0   2,6  13,3   15:25    NO
10  17,2  21,9   15:17  14,3   00:41   1,6   0,5   0,3   4,7  17,3   16:54     O
11  17,6  23,5   14:29  12,2   07:26   1,9   1,2   1,2   3,7  19,4   09:23   OSO
12  17,7  22,0   16:07  15,1   07:05   1,1   0,5   2,1   3,1  15,8   01:17     O
13  17,5  22,4   14:05  14,5   06:30   1,6   0,8   0,0   2,7  17,3   14:23     N
14  16,7  23,2   15:58  11,8   08:19   2,5   0,9   0,0   3,2  22,0   09:13     O
15  15,5  21,1   16:11  11,6   23:47   3,1   0,3   0,0   3,7  20,9   01:06     O
16  14,2  20,0   14:52   9,3   07:40   4,5   0,2   0,0   3,7  20,9   03:55     O
17  14,7  21,1   15:17   9,8   04:12   4,0   0,4   0,0   3,3  20,9   18:57     O
18  14,0  15,0   18:35  13,1   04:07   4,3   0,0   9,9   2,5  11,2   10:46   ONO
19  14,7  16,5   15:28  13,2   22:41   3,6   0,0   0,0   2,7  12,2   12:10   ONO
20  15,4  16,4   16:30  14,0   00:28   2,9   0,0  12,0   1,8  12,2   13:58   ENE
21  17,4  22,1   14:28  14,9   08:38   1,6   0,6  16,5   2,2  13,3   19:21   OSO
22  15,3  17,2   14:31  13,5   23:54   3,0   0,0   2,7   2,1  14,8   13:06    NO
23  13,2  16,9   13:59   9,5   23:57   5,0   0,0   5,4   5,4  25,6   07:35   ONO
24  11,8  14,6   14:05   9,4   00:10   6,4   0,0   0,0  12,2  37,8   15:11     O
25  13,8  17,2   14:05  11,4   05:41   4,5   0,0   0,0  13,8  41,8   02:39   ONO
26  13,6  17,9   15:34   9,9   08:54   4,8   0,0   0,0  11,3  34,2   01:43     O
27  13,2  17,2   12:52  10,3   22:54   5,2   0,0   0,0  14,4  63,7   14:34   ONO
28  11,6  14,0   15:36   8,6   08:15   7,0   0,0   0,0  17,7  45,4   14:13   ONO
29  15,9  19,9   14:44  11,9   02:11   2,6   0,2   0,0  20,1  52,6   07:02   ONO
30  15,5  20,9   14:39  11,5   06:54   3,2   0,3   0,0   5,5  28,1   00:17     O
----------------------------------------------------------------------------------
    15,7  27,3     1     8,4     7    98,1  18,5  56,4   6,9  63,7    27       O

Max >=  27,0:  1
Max <=   0,0:  0
Min <=   0,0:  0
Min <= -18,0:  0
Max Rain: 16,5 on day 21
Days of Rain: 11 (>= 0,2 mm)  7 (>= 2,0 mm)  0 (>= 20,0 mm)
Heat Base: 18,3  Cool Base: 18,3  Method: Integration