No se requiere ningun cuidado especial respecto a la situación metereológica.   -   No hay avisos

Informes Estilo NOAA

Seleccione un ao o mes para ver el informe
2022: Ene Feb Mar Abr May Jun Jul Ago Sep Oct Nov Dic
2021: Ene Feb Mar Abr May Jun Jul Ago Sep Oct Nov Dic
2020: Ene Feb Mar Abr May Jun Jul Ago Sep Oct Nov Dic
2019: Ene Feb Mar Abr May Jun Jul Ago Sep Oct Nov Dic
2018: Ene Feb Mar Abr May Jun Jul Ago Sep Oct Nov Dic

Informe 2022 Marzo
                   Monthly Climatological Summary for mar. 2022

Name: tiempoenxativa   City: Xàtiva   State: Spain
Elevation: 80 m  Lat: N 38° 59' 17"   Lon: E 000° 31' 31"

                  Temperature (°C), Rain (mm), Wind Speed (km/h)

                                      Heat  Cool        Avg
    Mean                              Deg   Deg         Wind                 Dom
Day Temp  High   Time   Low    Time   Days  Days  Rain  Speed High   Time    Dir
----------------------------------------------------------------------------------
 1  16,7  24,3   14:54   9,7   06:51   3,0   1,4   0,0   4,8  30,6   01:34     O
 2  16,5  24,6   16:28   9,6   06:34   3,4   1,6   0,0   5,4  34,2   18:29    NO
 3  16,0  22,7   14:25  10,3   07:02   3,1   0,8   2,1   3,6  17,3   15:41   ENE
 4  14,4  17,9   16:44  12,3   23:58   3,9   0,0   8,4   7,1  33,1   04:56     E
 5  13,6  17,2   16:50  10,7   07:11   4,7   0,0   0,0   4,3  20,9   03:44     O
 6  12,0  13,4   00:07  11,2   07:20   6,3   0,0   9,6   5,0  25,6   17:23   ENE
 7  11,6  12,6   16:59  10,8   09:24   6,7   0,0  18,0   3,2  17,3   07:09   ENE
 8  13,5  17,7   14:26   9,1   06:08   4,8   0,0   0,3   3,5  20,9   17:35     O
 9  14,4  21,6   14:06   8,6   07:05   4,1   0,3   0,0   3,4  19,4   14:57    SE
10  15,0  20,8   15:24   9,8   07:52   3,6   0,3   0,0   4,1  19,4   15:44     O
11  15,2  20,1   15:34  11,7   07:58   3,2   0,1   2,4   4,4  27,0   20:27     O
12  16,9  22,1   17:07  13,1   07:15   2,0   0,6   1,2  10,9  41,8   10:40   ONO
13  17,3  22,9   16:19  13,2   05:23   1,8   0,8   0,0   7,6  31,7   09:57     O
14  15,9  18,2   14:44  13,8   04:05   2,3   0,0   0,9   7,4  34,2   13:57     E
15  16,2  16,7   14:06  15,5   22:41   2,1   0,0   0,3   8,9  29,5   16:20     E
16  15,3  15,6   00:00  14,7   23:22   2,9   0,0   9,0  12,6  40,3   23:08     E
17  14,8  16,0   09:05  13,7   23:51   3,4   0,0  86,4  16,5  58,7   10:38     E
18  14,1  15,4   12:51  12,9   05:37   4,2   0,0  46,8   8,2  35,6   10:05     E
19  13,7  15,2   15:42  12,4   07:15   4,6   0,0  37,8   7,0  29,5   00:27     E
20  14,8  16,3   10:58  13,5   04:31   3,4   0,0   6,9   2,9  18,4   13:38     E
21  15,5  17,5   15:24  14,4   03:49   2,7   0,0  20,7   4,2  28,1   23:01    SE
22  14,2  15,8   00:19  12,7   20:25   4,1   0,0   5,4   7,0  33,1   00:43     E
23  13,3  14,1   08:47  12,7   00:00   4,9   0,0  18,9   8,4  30,6   10:05     E
24  13,8  14,9   16:28  12,6   08:22   4,5   0,0  36,9   7,5  28,1   21:38     E
25  14,6  15,5   11:52  13,6   00:00   3,6   0,0  16,2   6,5  27,0   12:19     E
26  12,9  14,9   00:16  12,2   15:25   5,3   0,0  40,5   7,5  33,1   02:35   ENE
27  14,4  18,7   17:35  12,2   01:00   3,7   0,0   0,9   3,1  18,4   17:19     N
28  14,2  17,3   15:24  11,0   05:31   4,2   0,0   0,0   2,9  18,4   17:32   ENE
29  15,3  19,0   17:56  12,4   06:09   3,0   0,0   0,0   4,0  20,9   19:14    NE
30  15,6  19,3   14:09  13,8   07:17   2,7   0,0   7,8   3,0  14,8   03:56     O
31  16,5  21,4   17:07  12,7   08:08   2,2   0,5   6,6  11,1  37,8   12:52   ONO
----------------------------------------------------------------------------------
    14,8  24,6     2     8,6     9   114,4   6,4 384,0   6,3  58,7    17     ENE

Max >=  27,0:  0
Max <=   0,0:  0
Min <=   0,0:  0
Min <= -18,0:  0
Max Rain: 86,4 on day 17
Days of Rain: 23 (>= 0,2 mm)  18 (>= 2,0 mm)  6 (>= 20,0 mm)
Heat Base: 18,3  Cool Base: 18,3  Method: Integration