No se requiere ningun cuidado especial respecto a la situación metereológica.   -   No hay avisos

Informes Estilo NOAA

Seleccione un ao o mes para ver el informe
2022: Ene Feb Mar Abr May Jun Jul Ago Sep Oct Nov Dic
2021: Ene Feb Mar Abr May Jun Jul Ago Sep Oct Nov Dic
2020: Ene Feb Mar Abr May Jun Jul Ago Sep Oct Nov Dic
2019: Ene Feb Mar Abr May Jun Jul Ago Sep Oct Nov Dic
2018: Ene Feb Mar Abr May Jun Jul Ago Sep Oct Nov Dic

Informe 2022 Junio
                   Monthly Climatological Summary for jun. 2022

Name: tiempoenxativa   City: Xàtiva   State: Spain
Elevation: 80 m  Lat: N 38° 59' 17"   Lon: E 000° 31' 31"

                  Temperature (°C), Rain (mm), Wind Speed (km/h)

                                      Heat  Cool        Avg
    Mean                              Deg   Deg         Wind                 Dom
Day Temp  High   Time   Low    Time   Days  Days  Rain  Speed High   Time    Dir
----------------------------------------------------------------------------------
 1  26,2  34,3   16:31  20,0   07:09   0,0   7,9   0,0   6,1  20,9   20:31    NE
 2  25,7  31,8   13:45  19,9   07:17   0,0   7,3   0,0   6,0  22,0   14:48    NE
 3  26,9  33,3   14:16  22,7   06:08   0,0   8,6   0,0   5,6  24,5   16:25    NE
 4  27,1  33,5   16:54  21,7   07:43   0,0   8,7   0,0   6,1  24,5   17:26   NNE
 5  29,0  36,2   16:58  23,5   01:56   0,0  10,6   0,0   7,6  31,7   06:35   ONO
 6  26,9  33,7   17:21  19,8   06:29   0,0   8,7   0,0   6,0  22,0   14:48    NE
 7  27,3  32,4   16:30  21,2   06:30   0,0   9,1   0,0   6,4  23,4   13:16    NE
 8  29,4  37,8   17:06  23,2   07:47   0,0  11,1   0,0   7,3  37,8   17:27    NO
 9  29,1  36,1   16:43  23,6   07:38   0,0  10,7   0,0   5,6  23,4   17:04     N
10  29,0  37,0   17:13  21,9   07:11   0,0  10,6   0,0   6,1  30,6   17:37    NE
11  29,2  37,1   17:51  21,7   06:34   0,0  10,8   0,0   5,8  22,0   14:45    NE
12  29,3  37,6   18:07  21,3   06:48   0,0  10,9   0,0   5,9  24,5   17:06   NNE
13  28,4  35,6   13:05  22,4   07:32   0,0  10,1   0,0   5,4  23,4   18:17    NE
14  28,3  35,3   15:06  22,7   06:54   0,0  10,0   0,0   6,1  30,6   23:53   NNE
15  31,1  39,4   17:49  24,6   07:44   0,0  12,8   0,0   5,5  35,6   00:36   ENE
16  30,5  38,0   16:56  24,3   06:58   0,0  12,2   0,0   6,2  22,0   17:05     N
17  32,5  42,6   16:56  24,2   06:52   0,0  14,1   0,0   5,5  24,5   15:40   NNE
18  30,7  39,5   16:10  23,2   06:59   0,0  12,4   0,0   6,1  27,0   17:02   NNO
19  29,5  36,0   16:45  25,4   06:18   0,0  11,1   0,0   6,4  25,6   18:15    NE
20  29,8  35,6   17:15  25,1   07:20   0,0  11,4   0,0   5,3  23,4   17:45    NE
21  28,7  34,1   16:35  23,5   22:15   0,0  10,3   8,4   6,2  39,2   20:36    NE
22  28,4  35,7   18:32  22,8   06:51   0,0  10,1   0,3   7,3  31,7   15:08   ONO
23  29,9  35,6   18:08  24,6   05:42   0,0  11,5   0,0  13,4  39,2   15:23     O
24  30,0  35,7   18:15  24,5   07:45   0,0  11,7   0,0   9,3  33,1   15:27     O
25  29,0  36,1   17:47  23,0   07:34   0,0  11,1   0,0   7,1  24,5   16:23   NNE
26  27,1  32,3   16:07  22,8   06:37   0,0   8,8   0,0   6,7  30,6   15:06    NE
27  26,4  29,6   16:51  22,9   23:59   0,0   8,3  12,9   8,1  28,1   17:20   ENE
28  27,5  35,1   16:08  20,0   07:03   0,0   9,2   0,0   5,4  29,5   21:42   ENE
29  29,0  37,6   17:17  22,9   06:56   0,0  11,7   0,0   6,5  27,0   15:24     E
30  27,7  34,0   17:54  22,4   07:24   0,0   9,8   0,0   6,9  29,5   14:57   ENE
----------------------------------------------------------------------------------
    28,7  42,6    17    19,8     6     0,0 311,6  21,6   6,6  39,2    21     NNE

Max >=  27,0: 30
Max <=   0,0:  0
Min <=   0,0:  0
Min <= -18,0:  0
Max Rain: 12,9 on day 27
Days of Rain: 3 (>= 0,2 mm)  2 (>= 2,0 mm)  0 (>= 20,0 mm)
Heat Base: 18,3  Cool Base: 18,3  Method: Integration