No se requiere ningun cuidado especial respecto a la situación metereológica.   -   No hay avisos

Informes Estilo NOAA

Seleccione un ao o mes para ver el informe
2022: Ene Feb Mar Abr May Jun Jul Ago Sep Oct Nov Dic
2021: Ene Feb Mar Abr May Jun Jul Ago Sep Oct Nov Dic
2020: Ene Feb Mar Abr May Jun Jul Ago Sep Oct Nov Dic
2019: Ene Feb Mar Abr May Jun Jul Ago Sep Oct Nov Dic
2018: Ene Feb Mar Abr May Jun Jul Ago Sep Oct Nov Dic

Informe 2022 Julio
                   Monthly Climatological Summary for jul. 2022

Name: tiempoenxativa   City: Xàtiva   State: Spain
Elevation: 80 m  Lat: N 38° 59' 17"   Lon: E 000° 31' 31"

                  Temperature (°C), Rain (mm), Wind Speed (km/h)

                                      Heat  Cool        Avg
    Mean                              Deg   Deg         Wind                 Dom
Day Temp  High   Time   Low    Time   Days  Days  Rain  Speed High   Time    Dir
----------------------------------------------------------------------------------
 1  26,5  30,5   16:34  24,1   05:19   0,0   8,5   0,0   6,6  25,6   12:35   ENE
 2  26,6  31,5   16:08  23,3   06:48   0,0   9,0   0,0   5,9  25,6   14:39   ENE
 3  27,8  34,7   15:59  23,3   05:39   0,0  10,3   0,0   5,5  25,6   16:45     N
 4  29,7  37,0   14:16  23,6   06:16   0,0  11,8   0,0   5,5  19,4   14:38   ENE
 5  27,8  31,1   16:35  25,6   05:58   0,0  10,1   0,9   6,4  24,5   14:12    NE
 6  27,8  31,8   15:17  26,0   04:43   0,0   9,9   0,0   6,2  27,0   20:19     E
 7  28,4  34,4   15:41  23,3   06:48   0,0  10,5   0,0   5,0  29,5   17:05    NE
 8  30,1  37,4   18:44  22,7   06:20   0,0  11,7   0,0   5,2  20,9   16:22   NNE
 9  30,1  36,8   16:35  24,0   07:25   0,0  11,8   0,0   6,2  22,0   14:46    NE
10  30,8  38,7   16:47  23,9   07:15   0,0  12,5   0,0   5,1  24,5   15:08   ENE
11  31,3  39,9   18:07  23,6   07:19   0,0  13,0   0,0   5,9  24,5   16:20   ENE
12  30,8  39,0   17:24  23,2   07:12   0,0  12,5   0,0   6,4  22,0   15:07    NO
13  33,3  43,1   17:33  24,4   06:40   0,0  14,7   0,0   5,3  27,0   17:47   ONO
14  30,8  36,9   12:55  25,5   06:54   0,0  12,4   0,0   6,4  27,0   15:41   ENE
15  31,5  39,6   18:05  24,7   07:25   0,0  13,2   0,0   6,4  23,4   16:37   NNO
16  32,6  40,3   16:47  24,1   07:04   0,0  14,2   0,0   6,0  23,4   13:55   OSO
17  32,3  39,8   17:33  25,0   07:08   0,0  13,9   0,0   5,8  27,0   15:53     N
18  31,2  39,4   16:59  23,9   07:19   0,0  13,1   0,0   6,7  23,4   17:13     N
19  32,3  40,9   17:09  24,2   06:55   0,0  13,9   0,0   5,7  33,1   19:39    NE
20  30,4  35,7   16:50  25,1   06:43   0,0  12,1   0,0   7,3  28,1   17:42    NE
21  30,6  35,8   16:22  26,4   07:06   0,0  12,2   0,0   6,4  29,5   16:50    NE
22  32,6  41,4   17:50  24,2   07:42   0,0  14,3   0,0   5,9  25,6   15:39    NE
23  30,8  36,8   18:20  25,2   06:57   0,0  12,7   0,0   6,4  23,4   15:38    NE
24  32,7  39,6   17:05  26,1   07:05   0,0  14,3   0,0   5,6  20,9   15:05    NE
25  32,9  41,7   14:49  27,0   05:30   0,0  14,5   0,0   5,3  20,9   08:52   ENE
26  31,1  35,4   16:11  27,6   07:43   0,0  12,8   0,0   6,5  25,6   13:21    NE
27  31,2  35,7   16:52  27,8   07:47   0,0  12,9   0,0   6,6  28,1   14:37   ENE
28  31,7  38,5   18:30  26,7   07:36   0,0  13,4   0,0   7,9  30,6   18:43   NNE
29  30,6  36,2   14:40  27,5   03:41   0,0  12,3   0,0   6,8  29,5   17:26   ENE
30  30,7  34,6   17:47  27,9   08:18   0,0  12,3   0,0   6,9  30,6   14:28   ENE
31  30,6  35,4   15:07  26,6   07:36   0,0  12,3   0,0   6,2  24,5   15:45   ENE
----------------------------------------------------------------------------------
    30,6  43,1    13    22,7     8     0,0 383,1   0,9   6,1  33,1    19      NE

Max >=  27,0: 31
Max <=   0,0:  0
Min <=   0,0:  0
Min <= -18,0:  0
Max Rain: 0,9 on day 5
Days of Rain: 1 (>= 0,2 mm)  0 (>= 2,0 mm)  0 (>= 20,0 mm)
Heat Base: 18,3  Cool Base: 18,3  Method: Integration