Informes Estilo NOAA

Seleccione un ao o mes para ver el informe
2023: Ene Feb Mar Abr May Jun Jul Ago Sep Oct Nov Dic
2022: Ene Feb Mar Abr May Jun Jul Ago Sep Oct Nov Dic
2021: Ene Feb Mar Abr May Jun Jul Ago Sep Oct Nov Dic
2020: Ene Feb Mar Abr May Jun Jul Ago Sep Oct Nov Dic
2019: Ene Feb Mar Abr May Jun Jul Ago Sep Oct Nov Dic
2018: Ene Feb Mar Abr May Jun Jul Ago Sep Oct Nov Dic

Informe 2022 Noviembre
                   Monthly Climatological Summary for nov. 2022

Name: tiempoenxativa   City: Xàtiva   State: Spain
Elevation: 80 m  Lat: N 38° 59' 17"   Lon: E 000° 31' 31"

                  Temperature (°C), Rain (mm), Wind Speed (km/h)

                                      Heat  Cool        Avg
    Mean                              Deg   Deg         Wind                 Dom
Day Temp  High   Time   Low    Time   Days  Days  Rain  Speed High   Time    Dir
----------------------------------------------------------------------------------
 1  23,7  29,4   15:25  19,1   07:53   0,0   5,4   0,0   3,1  23,4   00:15    SO
 2  22,2  25,0   13:58  20,1   06:52   0,0   3,9   0,0   3,2  19,4   12:46    SE
 3  22,9  26,4   12:19  19,2   03:57   0,0   4,6   0,0   7,8  39,2   13:29     O
 4  22,2  25,6   15:57  19,1   23:59   0,0   4,0   0,0  10,3  35,6   13:09    NO
 5  18,7  24,8   13:57  12,8   08:09   1,3   1,7   0,0   4,1  22,0   18:19   NNO
 6  20,6  30,2   15:42  13,8   05:18   1,2   3,5   0,0   3,4  30,6   02:27     O
 7  18,6  24,9   15:22  13,2   08:26   1,5   1,9   0,0   3,3  15,8   15:37    NO
 8  19,6  25,9   14:47  14,3   07:53   1,3   2,6   0,0   3,1  20,9   21:42   NNO
 9  20,9  27,5   13:27  17,2   05:26   0,1   2,8   0,3   5,6  47,9   15:33   ONO
10  18,3  23,4   14:26  14,3   08:25   1,2   1,3   2,7   2,9  17,3   15:08     N
11  17,0  18,0   23:44  16,0   02:59   1,3   0,0  16,2   2,8  18,4   09:57   SSE
12  20,1  24,5   14:10  17,9   00:26   0,1   1,8   0,0   2,2  23,4   16:06   SSE
13  19,9  24,3   15:56  17,3   05:39   0,2   1,7   0,0   2,6  18,4   18:23    SE
14  21,3  26,6   15:20  17,7   01:45   0,0   3,0   0,0   9,2  36,7   02:58     O
15  22,2  25,8   15:35  18,5   07:15   0,0   3,9   0,0  14,0  40,3   16:41     O
16  21,7  23,3   14:34  20,6   20:08   0,0   3,4   0,0  13,7  39,2   04:05     O
17  23,6  26,4   14:21  21,0   00:00   0,0   5,3   0,0  18,0  63,7   13:43     O
18  18,7  23,0   00:00  15,6   23:09   0,5   0,9   0,6  10,1  33,1   00:49   ONO
19  15,7  18,8   15:57  13,0   07:40   2,7   0,0   0,0  13,5  41,8   12:05   ONO
20  17,4  22,2   15:05  13,3   06:49   1,8   0,9   0,0  12,2  35,6   12:33   ONO
21  19,7  23,4   16:30  15,3   22:58   0,3   1,7   0,3  20,8  67,3   15:23     O
22  16,6  20,0   23:55  13,5   06:16   1,8   0,1   0,0  16,0  47,9   23:55   ONO
23  22,0  25,5   14:25  19,3   23:59   0,0   3,7   0,0  19,2  56,2   00:25     O
24  20,6  25,3   15:07  16,7   07:26   0,1   2,4   0,0   4,1  20,9   08:27   OSO
25  20,2  24,0   14:49  16,4   23:55   0,2   2,0   0,0   9,0  39,2   15:07     O
26  15,7  21,4   15:40  11,2   08:42   3,0   0,5   0,0   4,1  20,9   05:15     O
27  13,7  20,4   15:43   8,9   08:05   4,8   0,2   0,0   2,1  17,3   00:07    NO
28  16,9  20,5   15:02  12,8   00:43   1,7   0,3   0,0  11,0  35,6   01:57   ONO
29  16,1  20,9   15:35  12,1   08:58   2,6   0,4   0,0   5,6  24,5   02:51     O
30  14,7  20,7   15:05  10,8   07:59   3,8   0,3   0,0   3,8  20,9   00:20     O
----------------------------------------------------------------------------------
    19,4  30,2     6     8,9    27    31,5  64,2  20,1   8,0  67,3    21       O

Max >=  27,0:  3
Max <=   0,0:  0
Min <=   0,0:  0
Min <= -18,0:  0
Max Rain: 16,2 on day 11
Days of Rain: 5 (>= 0,2 mm)  2 (>= 2,0 mm)  0 (>= 20,0 mm)
Heat Base: 18,3  Cool Base: 18,3  Method: Integration