Informes Estilo NOAA

Seleccione un ao o mes para ver el informe
2023: Ene Feb Mar Abr May Jun Jul Ago Sep Oct Nov Dic
2022: Ene Feb Mar Abr May Jun Jul Ago Sep Oct Nov Dic
2021: Ene Feb Mar Abr May Jun Jul Ago Sep Oct Nov Dic
2020: Ene Feb Mar Abr May Jun Jul Ago Sep Oct Nov Dic
2019: Ene Feb Mar Abr May Jun Jul Ago Sep Oct Nov Dic
2018: Ene Feb Mar Abr May Jun Jul Ago Sep Oct Nov Dic

Informe 2022 Diciembre
                   Monthly Climatological Summary for dic. 2022

Name: tiempoenxativa   City: Xàtiva   State: Spain
Elevation: 80 m  Lat: N 38° 59' 17"   Lon: E 000° 31' 31"

                  Temperature (°C), Rain (mm), Wind Speed (km/h)

                                      Heat  Cool        Avg
    Mean                              Deg   Deg         Wind                 Dom
Day Temp  High   Time   Low    Time   Days  Days  Rain  Speed High   Time    Dir
----------------------------------------------------------------------------------
 1  13,3  14,4   14:32  11,9   01:13   5,1   0,0   7,8   3,2  18,4   15:16    SO
 2  12,7  14,1   14:37  11,3   07:09   5,6   0,0  32,4   4,3  23,4   01:37   ENE
 3  14,0  18,3   16:17   9,5   08:56   4,3   0,0   0,0   3,2  33,1   23:51    SE
 4  15,6  21,4   15:17  12,8   00:50   3,0   0,3   0,0   5,1  29,5   06:51     O
 5  15,0  15,7   13:13  13,8   04:19   3,3   0,0   0,0   1,9   8,6   13:17     O
 6  15,9  17,5   15:03  14,9   02:48   2,4   0,0   0,3   2,5  15,8   17:05     O
 7  16,6  20,8   14:48  15,0   01:56   2,0   0,3   0,0   1,8  12,2   15:13     O
 8  15,6  18,3   13:36  13,6   08:02   2,7   0,0   0,0   3,0  31,7   23:49   OSO
 9  18,3  20,5   13:12  15,9   08:46   0,4   0,4   0,0   8,6  34,2   07:55     O
10  17,8  20,4   15:10  15,5   05:56   0,9   0,4   0,0  11,6  34,2   21:51     O
11  14,4  17,1   01:17  13,1   16:59   3,9   0,0   4,5   4,5  30,6   01:18   ONO
12  19,6  23,9   23:59  14,0   00:00   1,1   2,4   0,0   9,5  42,8   17:13     O
13  22,3  24,3   15:43  19,2   20:39   0,0   4,0   2,4  12,9  42,8   02:23     O
14  20,4  23,3   01:41  16,7   21:55   0,2   2,3   0,0  10,1  49,0   01:39     O
15  18,1  20,7   14:34  15,9   23:57   0,7   0,5   0,0  13,0  42,8   03:12     O
16  16,9  21,0   15:52  14,0   07:06   1,7   0,3   0,0   8,9  31,7   06:08     O
17  15,6  19,3   13:14  13,0   23:58   2,7   0,0   0,0   3,3  18,4   23:44    NO
18  14,6  20,9   15:15  10,7   07:23   3,9   0,3   0,0   2,3  12,2   02:44     N
19  13,8  19,7   15:43   9,6   07:46   4,6   0,1   0,0   1,6   8,6   02:21     N
20  15,3  21,7   14:44  10,1   08:31   3,6   0,5   0,3   3,5  24,5   20:23     O
21  19,1  22,2   15:03  17,3   03:48   0,2   1,0   0,0  11,1  35,6   01:43     O
22  19,6  22,4   15:08  17,7   06:55   0,0   1,4   0,0  12,4  35,6   17:26     O
23  20,3  27,3   15:47  16,9   08:24   0,2   2,2   0,0   8,8  37,8   08:47     O
24  19,5  27,1   15:48  14,2   09:05   1,0   2,2   0,0   3,0  17,3   02:21    NO
25  17,4  24,4   15:18  12,6   06:30   2,2   1,3   0,0   1,9  13,3   07:50    NO
26  16,9  25,0   14:50  11,8   07:21   2,7   1,2   0,0   2,0  15,8   00:05    NO
27  15,5  22,0   15:13  11,4   07:42   3,5   0,7   0,0   1,9  14,8   09:37   ONO
28  14,5  21,9   14:29   9,3   07:20   4,3   0,5   0,0   2,4  12,2   01:20   ONO
29  17,4  22,8   13:57  11,7   03:03   1,9   1,0   0,0  11,6  37,8   14:42     O
30  19,9  23,1   14:06  17,0   23:50   0,0   1,7   0,0  12,3  35,6   06:59     O
31  18,2  24,9   15:13  13,9   23:58   1,3   1,3   0,0   5,4  35,6   09:29     O
----------------------------------------------------------------------------------
    16,9  27,3    23     9,3    28    69,4  26,3  47,7   6,0  49,0    14       O

Max >=  27,0:  2
Max <=   0,0:  0
Min <=   0,0:  0
Min <= -18,0:  0
Max Rain: 32,4 on day 2
Days of Rain: 6 (>= 0,2 mm)  4 (>= 2,0 mm)  1 (>= 20,0 mm)
Heat Base: 18,3  Cool Base: 18,3  Method: Integration