Informes Estilo NOAA

Seleccione un ao o mes para ver el informe
2024: Ene Feb Mar Abr May Jun Jul Ago Sep Oct Nov Dic
2023: Ene Feb Mar Abr May Jun Jul Ago Sep Oct Nov Dic
2022: Ene Feb Mar Abr May Jun Jul Ago Sep Oct Nov Dic
2021: Ene Feb Mar Abr May Jun Jul Ago Sep Oct Nov Dic
2020: Ene Feb Mar Abr May Jun Jul Ago Sep Oct Nov Dic
2019: Ene Feb Mar Abr May Jun Jul Ago Sep Oct Nov Dic
2018: Ene Feb Mar Abr May Jun Jul Ago Sep Oct Nov Dic

Informe 2023
                   Annual Climatological Summary for 2023

Name: tiempoenxativa   City: Xàtiva   State: Spain
Elevation: 80 m  Lat: N 38° 59' 17"   Lon: E 000° 31' 31"

                  Temperature (°C), Heat Base: 18,3  Cool Base: 18,3
                          Dep.  Heat  Cool                       Max  Max  Min  Min
        Mean  Mean        From  Deg   Deg                        >=   <=   <=   <=
 YR MO  Max   Min   Mean  Norm  Days  Days  Hi  Date  Low  Date 27,0  0,0  0,0 -18,0
------------------------------------------------------------------------------------
 23  1  18,6   9,2  13,5   0.0   157     9  24,8   8   3,5   23    0    0    0    0
 23  2  17,3   8,3  12,2   0.0   174     3  23,7   4   4,8    1    0    0    0    0
 23  3  25,7  13,7  19,3   0.0    59    91  33,2  13   4,3    2   12    0    0    0
 23  4  28,3  15,4  21,3   0.0    21   113  35,6  25  10,5    7   19    0    0    0
 23  5  27,4  17,2  21,7   0.0     6   112  35,3   9  14,3   20   16    0    0    0
 23  6  32,7  22,0  26,8   0.0     0   255  41,1  25  18,8    1   28    0    0    0
 23  7  36,4  26,0  30,4   0.0     0   375  42,3  24  23,2    1   31    0    0    0
 23  8  36,8  25,1  30,2   0.0     0   377  45,7  10  20,5   27   31    0    0    0
 23  9  31,0  21,9  25,9   0.0     0   228  35,1  30  17,2   23   30    0    0    0
 23 10  29,2  19,6  23,8   0.0     2   172  37,9   1  13,2   22   23    0    0    0
 23 11  25,0  15,3  19,7   0.0    30    72  31,4  14   9,3   23    9    0    0    0
 23 12  20,9  10,6  15,1   0.0   118    18  30,0  12   5,8   19    2    0    0    0
------------------------------------------------------------------------------------
        27,4  17,0  21,7   0.0   570  1831  45,7ago.   3,5 ene.  201    0    0    0

                                Precipitation (mm)

              Dep.   Max        Days of Rain
              From   Obs.           >=
 YR MO Total  Norm   Day Date  0,2  2,0 20,0
---------------------------------------------
 23  1   1,2   0.0   0,6  29     3    0    0
 23  2  77,7   0.0  24,6   6     6    6    1
 23  3   0,3   0.0   0,3   6     1    0    0
 23  4   0,0   0.0   0,0   0     0    0    0
 23  5 162,3   0.0  54,9  24    12    7    3
 23  6  43,5   0.0  19,5  13     6    4    0
 23  7   9,3   0.0   4,5   3     5    2    0
 23  8  20,7   0.0  14,4  27     2    2    0
 23  9 111,0   0.0  52,5  12     8    5    2
 23 10   0,3   0.0   0,3  23     1    0    0
 23 11   0,0   0.0   0,0   0     0    0    0
 23 12   1,8   0.0   1,2   7     3    0    0
---------------------------------------------
       428,1   0.0  54,9 may.   47   26    6

                                Wind Speed (km/h)
                          Dom
 YR MO   Avg.  Hi   Date  Dir
------------------------------
 23  1   7,7  83,2   17     O
 23  2   4,1  43,9   26   ONO
 23  3   8,3  51,5   13   ONO
 23  4   6,8  47,9   14     N
 23  5   5,4  45,4   25    NE
 23  6   5,3  51,5   21   NNE
 23  7   6,0  42,8    3     O
 23  8   6,4  54,0   26    SO
 23  9   5,3  68,4   17    NO
 23 10   7,5  72,4   19   ENE
 23 11   9,5  88,2    2     E
 23 12   5,6  55,1    1   ENE
------------------------------
         6,5  88,2 nov.   NNO