Informes Estilo NOAA


Informe 2023 Enero
                   Monthly Climatological Summary for ene. 2023

Name: tiempoenxativa   City: Xàtiva   State: Spain
Elevation: 80 m  Lat: N 38° 59' 17"   Lon: E 000° 31' 31"

                  Temperature (°C), Rain (mm), Wind Speed (km/h)

                                      Heat  Cool        Avg
    Mean                              Deg   Deg         Wind                 Dom
Day Temp  High   Time   Low    Time   Days  Days  Rain  Speed High   Time    Dir
----------------------------------------------------------------------------------
 1  14,3  20,0   15:08  10,9   08:46   4,1   0,1   0,0   1,7  11,2   09:56     O
 2  15,0  22,0   15:26   8,9   07:20   3,8   0,5   0,0   2,2  11,2   01:32     O
 3  15,7  19,7   15:36  12,8   23:47   2,7   0,1   0,0   2,2  14,8   18:44   ONO
 4  14,6  19,9   15:07  11,2   23:02   3,9   0,2   0,0   2,2  14,8   22:53    NO
 5  13,1  19,7   15:08   8,9   07:53   5,3   0,1   0,0   2,8  18,4   09:17    NO
 6  13,3  20,2   15:17   9,0   08:33   5,2   0,2   0,0   1,7  12,2   22:14   ONO
 7  15,4  20,9   15:08  10,6   01:14   3,2   0,3   0,0   8,1  40,3   23:01     O
 8  20,0  24,8   16:08  15,8   03:52   0,5   2,2   0,0  15,4  55,1   16:29     O
 9  20,4  22,5   13:43  16,5   23:44   0,1   2,2   0,3  13,4  49,0   12:56     O
10  17,7  23,1   15:40  13,3   02:22   1,5   0,9   0,0   7,2  36,7   04:13     O
11  16,6  20,8   14:48  11,6   06:54   2,1   0,4   0,0   9,4  29,5   08:09     O
12  15,3  21,7   16:08  10,1   08:37   3,5   0,5   0,0   5,9  31,7   23:38     O
13  15,5  20,6   16:08  11,8   23:52   3,0   0,3   0,0   7,2  37,8   00:06   ONO
14  15,3  22,8   16:05   8,9   09:07   3,9   0,9   0,0   8,4  33,1   22:10     O
15  16,5  21,2   14:53  12,9   23:52   2,1   0,4   0,0  11,1  41,8   15:55   ONO
16  14,9  17,5   13:52  12,3   06:37   3,4   0,0   0,0  21,6  56,2   14:29     O
17  17,8  21,1   11:59  12,7   23:44   0,9   0,4   0,0  29,8  83,2   02:26   ONO
18  11,9  15,1   16:05   9,0   05:56   6,4   0,0   0,0  15,8  45,4   04:40   ONO
19  12,1  15,9   16:40   8,9   05:04   6,2   0,0   0,0  17,0  47,9   15:15     O
20  15,8  20,1   13:47  11,5   23:33   2,7   0,2   0,0  10,2  40,3   04:32   ONO
21  11,6  15,6   14:07   7,6   09:12   6,7   0,0   0,0   4,0  31,7   23:44     S
22  10,3  15,3   16:29   6,1   08:28   8,0   0,0   0,0   5,2  30,6   00:24   ONO
23   8,4  13,5   14:24   3,5   08:11   9,9   0,0   0,0   2,8  18,4   17:57   OSO
24   8,4  12,6   15:24   5,0   01:21   9,9   0,0   0,0   4,1  15,8   15:05   SSE
25   9,6  14,4   16:18   5,0   02:06   8,6   0,0   0,0   3,7  23,4   14:22   ENE
26  10,6  16,4   15:56   6,2   07:33   7,7   0,0   0,0   3,7  19,4   02:09     O
27   9,7  16,1   14:24   4,7   05:55   8,6   0,0   0,0   2,9  17,3   13:38   NNO
28   9,1  15,0   16:17   4,5   08:55   9,4   0,0   0,0   4,3  25,6   18:23   OSO
29   8,0  11,4   13:49   4,7   02:56  10,3   0,0   0,6   2,8  18,4   11:53   SSE
30  10,5  16,7   16:51   4,7   08:51   7,7   0,0   0,3   5,2  33,1   22:39   SSO
31  12,1  18,6   16:05   6,2   08:55   6,2   0,0   0,0   5,4  33,1   04:20     O
----------------------------------------------------------------------------------
    13,5  24,8     8     3,5    23   157,5   9,9   1,2   7,7  83,2    17       O

Max >=  27,0:  0
Max <=   0,0:  0
Min <=   0,0:  0
Min <= -18,0:  0
Max Rain: 0,6 on day 29
Days of Rain: 3 (>= 0,2 mm)  0 (>= 2,0 mm)  0 (>= 20,0 mm)
Heat Base: 18,3  Cool Base: 18,3  Method: Integration