Informes Estilo NOAA

Seleccione un ao o mes para ver el informe
2023: Ene Feb Mar Abr May Jun Jul Ago Sep Oct Nov Dic
2022: Ene Feb Mar Abr May Jun Jul Ago Sep Oct Nov Dic
2021: Ene Feb Mar Abr May Jun Jul Ago Sep Oct Nov Dic
2020: Ene Feb Mar Abr May Jun Jul Ago Sep Oct Nov Dic
2019: Ene Feb Mar Abr May Jun Jul Ago Sep Oct Nov Dic
2018: Ene Feb Mar Abr May Jun Jul Ago Sep Oct Nov Dic

Informe 2023 Marzo
                   Monthly Climatological Summary for mar. 2023

Name: tiempoenxativa   City: Xàtiva   State: Spain
Elevation: 80 m  Lat: N 38° 59' 17"   Lon: E 000° 31' 31"

                  Temperature (°C), Rain (mm), Wind Speed (km/h)

                                      Heat  Cool        Avg
    Mean                              Deg   Deg         Wind                 Dom
Day Temp  High   Time   Low    Time   Days  Days  Rain  Speed High   Time    Dir
----------------------------------------------------------------------------------
 1  10,2  15,5   14:25   5,0   07:46   8,1   0,0   0,0   5,9  24,5   17:55   OSO
 2  10,4  16,0   15:17   4,3   07:52   8,0   0,0   0,0   4,7  24,5   00:08   SSO
 3  11,5  17,5   15:13   5,7   07:16   6,8   0,0   0,0   3,7  19,4   19:37   SSO
 4  12,5  21,3   16:21   5,6   08:05   6,1   0,3   0,0   3,4  14,8   17:06   SSO
 5  14,7  23,1   16:16   7,0   07:24   4,6   1,0   0,0   7,0  34,2   20:14     O
 6  16,7  21,2   16:08  12,6   07:38   2,2   0,5   0,3  12,3  41,8   15:53   ONO
 7  19,1  21,9   16:59  15,7   06:41   0,6   1,4   0,0  13,5  43,9   10:53   ONO
 8  22,7  28,4   16:22  17,4   01:27   0,0   4,4   0,0  15,6  50,0   12:20     O
 9  21,8  25,8   16:27  19,9   08:58   0,0   3,5   0,0  17,9  49,0   15:45     O
10  22,1  26,4   16:36  18,3   07:33   0,0   3,8   0,0  15,5  41,8   08:21   ONO
11  23,0  27,0   13:18  19,9   02:07   0,0   4,7   0,0  15,5  49,0   15:05   ONO
12  24,8  31,2   15:10  20,0   07:15   0,0   6,5   0,0   7,1  29,5   06:55     O
13  24,8  33,2   16:10  17,5   08:07   0,1   6,6   0,0  10,4  51,5   23:21     O
14  21,1  25,7   16:53  16,8   07:51   0,1   3,0   0,0  12,8  41,8   08:46   ONO
15  19,2  27,5   15:50  13,1   06:43   1,5   2,4   0,0   4,4  17,3   07:14     N
16  17,0  23,3   15:28  10,5   07:07   2,4   1,1   0,0   5,1  20,9   17:01   NNE
17  17,2  23,0   15:28  14,4   06:52   2,0   0,8   0,0   4,6  19,4   16:16     N
18  18,5  23,9   16:12  13,8   04:22   1,3   1,6   0,0   6,9  31,7   17:48   ONO
19  17,8  23,1   15:38  12,4   07:51   1,8   1,3   0,0   4,3  18,4   10:48    SE
20  18,8  26,8   16:31  11,1   05:25   2,3   2,7   0,0   5,6  29,5   22:41     S
21  18,3  26,0   16:33  12,4   07:57   1,7   1,7   0,0   4,5  28,1   01:18   ONO
22  18,1  26,8   15:04  11,1   07:03   2,3   2,1   0,0   4,0  19,4   14:53   ENE
23  21,1  31,1   16:34  11,8   05:56   1,6   4,5   0,0   4,6  35,6   14:22     N
24  24,6  30,3   14:31  20,0   07:10   0,0   6,3   0,0  13,6  34,2   01:14     O
25  22,3  28,5   14:30  17,3   23:46   0,0   4,1   0,0   7,6  33,1   00:35    NO
26  23,7  30,0   17:22  16,9   01:50   0,1   5,3   0,0  12,8  41,8   16:46   ONO
27  20,3  26,9   16:16  15,8   08:02   0,5   2,5   0,0   5,5  25,6   18:32   OSO
28  17,9  25,8   17:51  10,8   08:08   2,4   2,0   0,0   5,3  18,4   15:43   OSO
29  19,2  27,0   15:19  12,2   06:34   1,8   2,7   0,0   4,9  19,4   19:14   ENE
30  23,7  33,1   17:43  13,5   06:55   1,4   7,1   0,0   6,9  36,7   15:55    NO
31  25,9  29,1   17:56  22,2   08:11   0,0   7,6   0,0  11,8  43,9   13:12   ONO
----------------------------------------------------------------------------------
    19,3  33,2    13     4,3     2    59,7  91,5   0,3   8,3  51,5    13     ONO

Max >=  27,0: 12
Max <=   0,0:  0
Min <=   0,0:  0
Min <= -18,0:  0
Max Rain: 0,3 on day 6
Days of Rain: 1 (>= 0,2 mm)  0 (>= 2,0 mm)  0 (>= 20,0 mm)
Heat Base: 18,3  Cool Base: 18,3  Method: Integration