Informes Estilo NOAA

Seleccione un ao o mes para ver el informe
2024: Ene Feb Mar Abr May Jun Jul Ago Sep Oct Nov Dic
2023: Ene Feb Mar Abr May Jun Jul Ago Sep Oct Nov Dic
2022: Ene Feb Mar Abr May Jun Jul Ago Sep Oct Nov Dic
2021: Ene Feb Mar Abr May Jun Jul Ago Sep Oct Nov Dic
2020: Ene Feb Mar Abr May Jun Jul Ago Sep Oct Nov Dic
2019: Ene Feb Mar Abr May Jun Jul Ago Sep Oct Nov Dic
2018: Ene Feb Mar Abr May Jun Jul Ago Sep Oct Nov Dic

Informe 2023 Abril
                   Monthly Climatological Summary for abr. 2023

Name: tiempoenxativa   City: Xàtiva   State: Spain
Elevation: 80 m  Lat: N 38° 59' 17"   Lon: E 000° 31' 31"

                  Temperature (°C), Rain (mm), Wind Speed (km/h)

                                      Heat  Cool        Avg
    Mean                              Deg   Deg         Wind                 Dom
Day Temp  High   Time   Low    Time   Days  Days  Rain  Speed High   Time    Dir
----------------------------------------------------------------------------------
 1  23,4  27,5   17:28  19,0   07:53   0,0   5,1   0,0  10,0  41,8   18:44   ONO
 2  19,5  25,3   17:05  15,3   07:59   0,8   1,9   0,0   8,7  33,1   10:45   NNO
 3  18,1  24,3   16:57  11,6   08:30   1,7   1,4   0,0   6,5  25,6   18:04     O
 4  17,5  23,8   17:31  11,2   08:16   2,0   1,4   0,0   5,7  25,6   18:23   ESE
 5  18,4  25,3   15:55  12,2   06:33   2,0   2,1   0,0   5,7  24,5   16:21     S
 6  18,0  24,5   17:16  11,5   08:06   2,1   1,8   0,0   5,0  18,4   06:22   ESE
 7  19,4  28,5   17:46  10,5   08:16   2,1   3,4   0,0   6,0  20,9   20:16     O
 8  19,6  24,7   14:47  15,4   08:29   0,5   1,8   0,0   8,1  31,7   03:13    NE
 9  20,0  29,0   15:40  15,2   07:45   0,9   2,6   0,0   5,8  28,1   18:38    NE
10  20,0  30,0   14:40  14,7   05:58   1,0   2,7   0,0   4,4  25,6   17:46   ENE
11  20,0  27,5   16:35  14,5   07:12   0,9   2,6   0,0   5,2  18,4   16:34   ENE
12  24,3  31,8   17:27  16,2   03:40   0,3   6,2   0,0   8,1  46,4   16:17   ONO
13  21,5  25,4   17:14  16,4   08:22   0,2   3,4   0,0  12,0  45,4   15:05   ONO
14  22,0  28,3   17:19  15,6   07:17   0,4   4,2   0,0  13,3  47,9   19:33   ONO
15  24,5  30,3   16:46  19,1   07:54   0,0   6,1   0,0  10,7  34,2   11:05    NO
16  20,8  25,7   16:32  16,1   07:37   0,2   2,7   0,0   5,6  29,5   23:54    SE
17  19,1  24,5   17:51  13,3   07:46   1,2   2,0   0,0   7,2  28,1   01:36   NNE
18  18,9  24,1   16:48  14,2   05:53   1,1   1,8   0,0   7,2  27,0   15:41     E
19  18,3  24,6   15:19  13,1   06:55   1,6   1,6   0,0   6,1  24,5   17:16    SE
20  23,0  33,3   16:28  13,9   07:31   1,0   5,7   0,0   4,9  41,8   19:27   SSO
21  22,5  29,2   18:28  16,0   08:05   0,3   4,4   0,0   4,9  25,6   19:37   ESE
22  21,2  29,1   16:19  16,2   07:45   0,4   3,3   0,0   4,3  36,7   17:39   OSO
23  24,6  32,3   17:54  17,3   07:26   0,1   6,6   0,0   6,8  30,6   18:42    NO
24  23,3  31,0   16:52  17,1   07:17   0,1   5,4   0,0   5,4  33,1   15:27   ENE
25  25,5  35,6   17:14  16,8   04:31   0,2   7,7   0,0   6,7  41,8   17:35   NNO
26  22,3  29,9   16:39  18,3   05:20   0,0   4,3   0,0   5,4  23,4   17:20   ENE
27  22,1  28,8   14:05  17,2   07:39   0,1   4,1   0,0   5,6  22,0   14:12     E
28  22,4  28,7   15:35  17,6   07:14   0,0   4,4   0,0   5,0  23,4   15:42     E
29  25,4  35,3   13:15  20,4   08:05   0,0   7,2   0,0   6,5  34,2   03:10   NNE
30  24,1  31,1   14:14  17,3   07:28   0,0   6,0   0,0   4,9  22,0   15:55     E
----------------------------------------------------------------------------------
    21,3  35,6    25    10,5     7    21,2 113,9   0,0   6,8  47,9    14       N

Max >=  27,0: 19
Max <=   0,0:  0
Min <=   0,0:  0
Min <= -18,0:  0
Max Rain: 0,0 on day 0
Days of Rain: 0 (>= 0,2 mm)  0 (>= 2,0 mm)  0 (>= 20,0 mm)
Heat Base: 18,3  Cool Base: 18,3  Method: Integration