Informes Estilo NOAA

Seleccione un ao o mes para ver el informe
2024: Ene Feb Mar Abr May Jun Jul Ago Sep Oct Nov Dic
2023: Ene Feb Mar Abr May Jun Jul Ago Sep Oct Nov Dic
2022: Ene Feb Mar Abr May Jun Jul Ago Sep Oct Nov Dic
2021: Ene Feb Mar Abr May Jun Jul Ago Sep Oct Nov Dic
2020: Ene Feb Mar Abr May Jun Jul Ago Sep Oct Nov Dic
2019: Ene Feb Mar Abr May Jun Jul Ago Sep Oct Nov Dic
2018: Ene Feb Mar Abr May Jun Jul Ago Sep Oct Nov Dic

Informe 2023 Junio
                   Monthly Climatological Summary for jun. 2023

Name: tiempoenxativa   City: Xàtiva   State: Spain
Elevation: 80 m  Lat: N 38° 59' 17"   Lon: E 000° 31' 31"

                  Temperature (°C), Rain (mm), Wind Speed (km/h)

                                      Heat  Cool        Avg
    Mean                              Deg   Deg         Wind                 Dom
Day Temp  High   Time   Low    Time   Days  Days  Rain  Speed High   Time    Dir
----------------------------------------------------------------------------------
 1  22,5  27,3   14:13  18,8   07:38   0,0   4,2   0,0   6,0  22,0   12:51    NO
 2  22,0  26,4   14:40  19,7   05:40   0,0   3,7   0,0   4,0  22,0   15:26    NO
 3  23,5  28,9   16:31  20,2   08:10   0,0   5,2   0,3   4,3  31,7   17:30   NNO
 4  24,0  29,7   15:09  20,0   05:47   0,0   5,7   0,0   5,3  22,0   16:36    NO
 5  24,3  29,7   14:05  20,5   05:16   0,0   6,0   0,0   5,2  34,2   18:32    NE
 6  25,1  31,4   18:04  19,5   07:31   0,0   6,8   0,0   5,8  27,0   19:05    NE
 7  22,4  24,4   12:24  20,9   19:06   0,0   4,0   3,3   4,2  12,2   05:08     E
 8  23,6  29,5   16:38  20,0   05:47   0,0   5,3   4,2   3,6  15,8   18:47   NNO
 9  27,0  32,8   18:50  21,4   05:01   0,0   8,6   0,0   7,3  30,6   15:08     E
10  28,4  33,7   15:00  23,5   04:43   0,0  10,1   0,0   6,4  28,1   16:32    NE
11  26,7  33,5   18:46  22,1   06:09   0,0   8,3   0,0   5,6  29,5   19:23   ONO
12  25,0  31,5   15:38  20,5   06:05   0,0   6,7   1,2   5,9  28,1   18:30   ESE
13  24,4  31,3   13:32  19,6   18:10   0,0   6,1  19,5   6,2  50,0   17:57    NE
14  26,1  33,3   18:05  19,0   05:26   0,0   7,8   0,0   4,7  24,5   21:43    NE
15  28,8  35,1   16:22  22,7   04:59   0,0  10,5   0,0   6,4  25,6   01:43     E
16  28,8  36,5   18:28  22,0   07:23   0,0  10,5   0,0   4,8  22,0   16:25     O
17  30,5  38,3   16:50  22,8   06:10   0,0  12,2   0,0   4,8  31,7   19:25   NNO
18  25,7  28,4   18:18  23,1   08:02   0,0   7,6   0,0   5,8  20,9   15:17    NE
19  25,8  30,5   16:31  21,0   06:14   0,0   7,5   0,0   6,2  24,5   14:45    SO
20  27,8  34,5   16:07  22,7   06:26   0,0   9,5   0,0   5,1  23,4   15:27     O
21  26,0  31,8   15:59  20,7   18:59   0,0   7,7  15,0   3,7  51,5   18:17   ONO
22  29,1  36,7   17:51  22,2   07:13   0,0  10,8   0,0  ----  23,4   03:37   ENE
23  28,8  34,9   17:13  22,3   07:06   0,0  10,4   0,0  ----  20,9   17:05     N
24  30,8  37,8   15:36  23,3   07:19   0,0  12,5   0,0  ----  27,0   23:24   NNE
25  32,0  41,1   15:52  24,6   06:33   0,0  13,6   0,0  ----  27,0   00:51     E
26  31,6  36,7   15:46  27,2   03:37   0,0  13,3   0,0  ----  45,4   05:52    NO
27  29,3  34,9   16:20  24,7   07:37   0,0  10,9   0,0  ----  20,9   14:30   ONO
28  28,4  34,4   15:15  24,8   07:50   0,0  10,1   0,0  ----  24,5   15:32    SO
29  28,8  34,4   16:59  25,0   07:52   0,0  10,5   0,0  ----  22,0   17:05    SO
30  27,8  32,0   16:21  25,8   09:41   0,0   9,5   0,0  ----  25,6   03:05   ONO
----------------------------------------------------------------------------------
    26,8  41,1    25    18,8     1     0,0 255,6  43,5   5,3  51,5    21       N

Max >=  27,0: 28
Max <=   0,0:  0
Min <=   0,0:  0
Min <= -18,0:  0
Max Rain: 19,5 on day 13
Days of Rain: 6 (>= 0,2 mm)  4 (>= 2,0 mm)  0 (>= 20,0 mm)
Heat Base: 18,3  Cool Base: 18,3  Method: Integration