Informes Estilo NOAA

Seleccione un ao o mes para ver el informe
2024: Ene Feb Mar Abr May Jun Jul Ago Sep Oct Nov Dic
2023: Ene Feb Mar Abr May Jun Jul Ago Sep Oct Nov Dic
2022: Ene Feb Mar Abr May Jun Jul Ago Sep Oct Nov Dic
2021: Ene Feb Mar Abr May Jun Jul Ago Sep Oct Nov Dic
2020: Ene Feb Mar Abr May Jun Jul Ago Sep Oct Nov Dic
2019: Ene Feb Mar Abr May Jun Jul Ago Sep Oct Nov Dic
2018: Ene Feb Mar Abr May Jun Jul Ago Sep Oct Nov Dic

Informe 2023 Julio
                   Monthly Climatological Summary for jul. 2023

Name: tiempoenxativa   City: Xàtiva   State: Spain
Elevation: 80 m  Lat: N 38° 59' 17"   Lon: E 000° 31' 31"

                  Temperature (°C), Rain (mm), Wind Speed (km/h)

                                      Heat  Cool        Avg
    Mean                              Deg   Deg         Wind                 Dom
Day Temp  High   Time   Low    Time   Days  Days  Rain  Speed High   Time    Dir
----------------------------------------------------------------------------------
 1  28,5  34,6   16:39  23,2   07:29   0,0  10,1   0,0   5,6  22,0   17:09     N
 2  30,3  38,2   17:45  24,0   07:25   0,0  12,0   0,0   5,1  23,4   19:05   ENE
 3  28,5  36,1   14:48  24,0   07:07   0,0  10,2   4,5   6,6  42,8   18:44   ONO
 4  28,7  35,2   14:31  23,8   04:11   0,0  10,4   0,3   5,7  29,5   19:30   OSO
 5  28,0  31,5   14:57  24,7   07:05   0,0   9,7   0,0   6,3  19,4   13:37   OSO
 6  28,7  33,1   16:30  25,6   05:50   0,0  10,4   0,0   5,6  23,4   15:07   ONO
 7  28,0  32,1   17:30  25,1   06:50   0,0   9,7   0,6   6,1  27,0   15:25     O
 8  29,7  36,5   15:18  24,0   05:15   0,0  11,4   0,0   5,4  22,0   15:39   OSO
 9  30,3  35,9   14:50  24,9   07:36   0,0  11,9   0,0   6,3  20,9   15:12    SE
10  30,1  35,1   16:52  27,0   08:27   0,0  11,8   0,0   6,3  24,5   17:53   ONO
11  30,5  37,4   14:41  25,9   05:58   0,0  12,2   0,0   5,8  31,7   19:35     O
12  30,7  36,2   17:05  26,5   05:56   0,0  12,6   0,0   6,0  23,4   10:23     O
13  30,1  34,3   16:05  26,6   07:08   0,0  11,8   0,0   6,2  27,0   15:48     O
14  31,0  37,8   17:58  26,1   07:25   0,0  12,6   0,0   6,1  24,5   19:05     O
15  32,6  40,7   15:29  26,0   07:27   0,0  14,2   0,0   5,4  22,0   15:49     O
16  29,9  32,8   16:17  27,7   06:07   0,0  11,5   0,0   6,8  28,1   11:15     O
17  30,2  34,8   16:05  26,9   05:21   0,0  11,9   0,0   6,2  23,4   15:53     O
18  31,4  39,9   15:29  26,6   06:42   0,0  13,0   0,0   5,7  22,0   16:25     O
19  31,4  39,5   15:59  26,6   07:31   0,0  13,0   3,6   5,5  25,6   22:06   ONO
20  30,4  35,2   16:42  27,3   04:54   0,0  12,1   0,3   4,5  35,6   14:41   NNE
21  31,1  38,3   14:54  25,4   06:58   0,0  12,7   0,0   5,8  25,6   16:25   OSO
22  30,3  34,4   17:08  27,3   05:31   0,0  11,9   0,0   6,8  28,1   13:23     O
23  31,2  36,3   14:58  27,2   07:47   0,0  12,9   0,0   5,4  20,9   15:26    NO
24  33,8  42,3   17:38  27,3   08:14   0,0  15,8   0,0   6,4  29,5   18:48     E
25  31,2  37,2   14:34  25,9   07:18   0,0  12,8   0,0   7,2  23,4   14:21   SSO
26  29,7  34,4   17:21  26,5   06:31   0,0  11,4   0,0   6,5  22,0   15:09   ONO
27  30,6  36,5   17:07  26,6   07:13   0,0  12,5   0,0   5,5  24,5   15:29     S
28  30,9  36,8   18:28  26,5   08:05   0,0  12,8   0,0   6,5  22,0   15:30   ONO
29  32,3  40,4   17:12  26,1   08:12   0,0  14,0   0,0   7,2  22,0   17:53    SO
30  30,5  36,2   15:44  26,6   07:37   0,0  12,2   0,0   6,7  27,0   16:37     O
31  31,6  38,0   16:56  27,8   07:08   0,0  13,6   0,0   5,7  23,4   16:05     O
----------------------------------------------------------------------------------
    30,4  42,3    24    23,2     1     0,0 375,1   9,3   6,0  42,8     3       O

Max >=  27,0: 31
Max <=   0,0:  0
Min <=   0,0:  0
Min <= -18,0:  0
Max Rain: 4,5 on day 3
Days of Rain: 5 (>= 0,2 mm)  2 (>= 2,0 mm)  0 (>= 20,0 mm)
Heat Base: 18,3  Cool Base: 18,3  Method: Integration