Informes Estilo NOAA

Seleccione un ao o mes para ver el informe
2024: Ene Feb Mar Abr May Jun Jul Ago Sep Oct Nov Dic
2023: Ene Feb Mar Abr May Jun Jul Ago Sep Oct Nov Dic
2022: Ene Feb Mar Abr May Jun Jul Ago Sep Oct Nov Dic
2021: Ene Feb Mar Abr May Jun Jul Ago Sep Oct Nov Dic
2020: Ene Feb Mar Abr May Jun Jul Ago Sep Oct Nov Dic
2019: Ene Feb Mar Abr May Jun Jul Ago Sep Oct Nov Dic
2018: Ene Feb Mar Abr May Jun Jul Ago Sep Oct Nov Dic

Informe 2023 Agosto
                   Monthly Climatological Summary for ago. 2023

Name: tiempoenxativa   City: Xàtiva   State: Spain
Elevation: 80 m  Lat: N 38° 59' 17"   Lon: E 000° 31' 31"

                  Temperature (°C), Rain (mm), Wind Speed (km/h)

                                      Heat  Cool        Avg
    Mean                              Deg   Deg         Wind                 Dom
Day Temp  High   Time   Low    Time   Days  Days  Rain  Speed High   Time    Dir
----------------------------------------------------------------------------------
 1  31,7  38,5   16:17  25,6   07:52   0,0  14,8   0,0   5,6  20,9   15:37   SSO
 2  34,1  43,2   17:38  25,8   06:50   0,0  17,1   0,0   7,8  45,4   18:05   ESE
 3  31,4  35,4   00:49  27,8   23:44   0,0  14,5   0,0   8,9  36,7   00:49     O
 4  29,2  33,6   17:44  26,3   07:56   0,0  11,6   0,0   6,7  24,5   14:25     O
 5  28,6  38,1   18:32  21,7   07:26   0,0  10,6   0,0   5,9  20,9   19:29     E
 6  29,0  36,0   15:26  23,3   07:33   0,0  11,3   0,0   6,5  31,7   16:44    SO
 7  28,6  33,2   16:09  24,7   06:08   0,0  10,7   0,0   6,6  28,1   17:48   OSO
 8  29,6  34,7   15:07  26,5   04:54   0,0  11,5   0,0   6,3  25,6   15:50   OSO
 9  29,6  36,1   15:13  25,3   07:18   0,0  11,3   0,0   5,9  20,9   15:38     S
10  33,5  45,7   15:55  26,5   05:08   0,0  15,7   0,0   6,1  36,7   18:21   SSO
11  30,9  36,0   16:38  27,5   07:42   0,0  12,4   0,0   7,7  22,0   17:08   OSO
12  30,4  36,3   15:54  27,2   02:35   0,0  12,0   0,0   6,5  25,6   17:10   SSO
13  30,1  34,9   15:21  26,8   06:42   0,0  11,6   0,0   7,4  24,5   17:29   OSO
14  29,9  35,4   16:05  26,0   07:43   0,0  11,6   0,0   6,7  28,1   20:02    SO
15  30,0  34,9   16:17  26,7   07:52   0,0  11,7   0,0   5,9  23,4   15:22   OSO
16  30,0  34,8   17:16  26,8   07:29   0,0  11,5   0,0   6,3  25,6   15:15     O
17  30,1  35,6   14:59  25,7   07:48   0,0  11,8   0,0   5,7  24,5   17:17   OSO
18  31,0  38,6   15:25  25,5   07:04   0,0  12,6   0,0   5,7  24,5   16:16   OSO
19  31,0  39,6   16:47  25,2   07:18   0,0  12,6   0,0   5,4  23,4   17:25     O
20  31,1  36,7   16:58  26,8   07:40   0,0  13,0   0,0   6,1  23,4   15:48     S
21  31,7  39,2   16:38  25,9   07:33   0,0  13,4   0,0   6,7  28,1   17:01   SSO
22  31,9  39,2   16:45  24,7   07:53   0,0  13,9   0,0   6,6  28,1   16:22    SO
23  32,3  40,2   17:12  24,5   07:44   0,0  14,0   0,0   5,7  24,5   15:47    NO
24  33,1  40,4   14:59  25,8   07:38   0,0  15,1   0,0   5,2  22,0   16:31     N
25  33,0  43,7   16:31  25,4   07:37   0,0  14,7   0,0   5,4  28,1   15:43    SO
26  29,5  35,4   16:15  25,8   08:42   0,0  11,2   6,3   6,3  54,0   17:19    NO
27  26,7  30,4   16:44  20,5   08:08   0,0   8,5  14,4   8,8  42,8   08:08     S
28  27,5  34,2   18:05  22,0   06:19   0,0   9,2   0,0   7,3  28,1   04:47   ESE
29  27,6  34,4   15:23  21,5   07:09   0,0   9,3   0,0   5,7  24,5   16:59   OSO
30  26,8  31,8   16:23  22,3   08:19   0,0   8,6   0,0   5,5  23,4   15:45   SSO
31  27,7  35,3   18:55  21,2   07:52   0,0   9,3   0,0   5,9  23,4   17:08     S
----------------------------------------------------------------------------------
    30,2  45,7    10    20,5    27     0,0 377,1  20,7   6,4  54,0    26      SO

Max >=  27,0: 31
Max <=   0,0:  0
Min <=   0,0:  0
Min <= -18,0:  0
Max Rain: 14,4 on day 27
Days of Rain: 2 (>= 0,2 mm)  2 (>= 2,0 mm)  0 (>= 20,0 mm)
Heat Base: 18,3  Cool Base: 18,3  Method: Integration