Informes Estilo NOAA

Seleccione un ao o mes para ver el informe
2024: Ene Feb Mar Abr May Jun Jul Ago Sep Oct Nov Dic
2023: Ene Feb Mar Abr May Jun Jul Ago Sep Oct Nov Dic
2022: Ene Feb Mar Abr May Jun Jul Ago Sep Oct Nov Dic
2021: Ene Feb Mar Abr May Jun Jul Ago Sep Oct Nov Dic
2020: Ene Feb Mar Abr May Jun Jul Ago Sep Oct Nov Dic
2019: Ene Feb Mar Abr May Jun Jul Ago Sep Oct Nov Dic
2018: Ene Feb Mar Abr May Jun Jul Ago Sep Oct Nov Dic

Informe 2023 Septiembre
                   Monthly Climatological Summary for sep. 2023

Name: tiempoenxativa   City: Xàtiva   State: Spain
Elevation: 80 m  Lat: N 38° 59' 17"   Lon: E 000° 31' 31"

                  Temperature (°C), Rain (mm), Wind Speed (km/h)

                                      Heat  Cool        Avg
    Mean                              Deg   Deg         Wind                 Dom
Day Temp  High   Time   Low    Time   Days  Days  Rain  Speed High   Time    Dir
----------------------------------------------------------------------------------
 1  28,6  34,9   16:52  23,5   07:47   0,0  10,3   0,0   4,9  22,0   17:57   SSO
 2  25,8  29,4   15:55  23,7   07:07   0,0   7,5   0,0   6,0  27,0   17:40   OSO
 3  24,7  28,3   15:45  21,8   04:21   0,0   6,5  21,9   6,4  33,1   15:12     O
 4  26,8  28,7   16:48  25,8   00:09   0,0   8,5   0,0   9,5  31,7   12:24     O
 5  27,5  30,6   16:40  25,8   06:52   0,0   9,2   0,3   6,8  24,5   17:44     O
 6  27,1  30,8   17:27  25,0   08:09   0,0   8,8   0,0   5,1  20,9   17:38     O
 7  26,9  31,6   16:05  23,4   06:33   0,0   8,6   0,0   5,3  19,4   15:01     O
 8  26,9  31,5   14:54  23,4   06:46   0,0   8,6   0,0   6,4  23,4   16:05   ONO
 9  26,6  32,3   15:46  22,9   05:35   0,0   8,3   0,0   5,3  18,4   16:58     N
10  26,7  31,1   16:09  23,2   06:41   0,0   8,4   0,0   4,8  25,6   16:15   ONO
11  27,6  34,5   17:15  22,6   07:53   0,0   9,2   0,0   4,8  24,5   17:39   ONO
12  26,6  30,9   15:36  21,3   21:40   0,0   8,7  52,5   5,0  39,2   21:22   OSO
13  24,8  28,3   15:23  22,2   02:23   0,0   6,5   0,0   3,7  19,4   15:27   NNO
14  25,6  29,5   15:05  22,5   07:39   0,0   7,3   0,3   3,9  18,4   17:21    NO
15  24,7  28,7   15:52  22,3   09:42   0,0   6,3   8,4   4,5  29,5   23:46   OSO
16  24,7  29,7   15:29  22,3   05:17   0,0   6,5   0,0   2,9  17,3   14:49   ONO
17  26,8  32,8   18:19  21,3   20:22   0,0   8,8  12,3   4,4  68,4   20:14    NO
18  26,4  31,5   16:32  22,7   08:51   0,0   8,1   0,0   4,3  18,4   17:29     N
19  24,2  27,5   16:57  21,7   07:37   0,0   5,9   0,3   3,1  19,4   17:35   ONO
20  24,8  32,1   17:29  18,5   05:44   0,0   6,5  15,0   5,3  24,5   00:26   ENE
21  27,3  32,2   17:14  23,5   07:01   0,0   9,0   0,0  14,1  41,8   12:18   ENE
22  25,4  29,2   17:51  21,7   08:39   0,0   7,1   0,0   9,1  33,1   04:13     E
23  23,4  29,0   16:05  17,2   08:23   0,1   5,2   0,0   6,0  25,6   17:28    NE
24  24,0  30,4   16:20  18,3   07:56   0,0   5,7   0,0   4,5  17,3   16:23   NNO
25  24,1  30,2   16:19  18,9   08:03   0,0   5,8   0,0   4,5  18,4   17:16   ONO
26  24,9  31,4   15:25  20,1   08:40   0,0   6,6   0,0   4,7  18,4   19:08   ONO
27  26,0  32,5   16:57  21,5   07:58   0,0   7,7   0,0   3,3  15,8   15:48   ONO
28  25,8  32,0   15:00  20,3   07:32   0,0   7,5   0,0   3,9  15,8   14:36   ONO
29  25,7  32,1   17:16  20,6   08:06   0,0   7,6   0,0   4,2  20,9   17:39    SO
30  26,2  35,1   16:59  18,8   08:28   0,0   8,1   0,0   3,4  18,4   18:52   OSO
----------------------------------------------------------------------------------
    25,9  35,1    30    17,2    23     0,1 228,8 111,0   5,3  68,4    17     ONO

Max >=  27,0: 30
Max <=   0,0:  0
Min <=   0,0:  0
Min <= -18,0:  0
Max Rain: 52,5 on day 12
Days of Rain: 8 (>= 0,2 mm)  5 (>= 2,0 mm)  2 (>= 20,0 mm)
Heat Base: 18,3  Cool Base: 18,3  Method: Integration