Informes Estilo NOAA

Seleccione un ao o mes para ver el informe
2024: Ene Feb Mar Abr May Jun Jul Ago Sep Oct Nov Dic
2023: Ene Feb Mar Abr May Jun Jul Ago Sep Oct Nov Dic
2022: Ene Feb Mar Abr May Jun Jul Ago Sep Oct Nov Dic
2021: Ene Feb Mar Abr May Jun Jul Ago Sep Oct Nov Dic
2020: Ene Feb Mar Abr May Jun Jul Ago Sep Oct Nov Dic
2019: Ene Feb Mar Abr May Jun Jul Ago Sep Oct Nov Dic
2018: Ene Feb Mar Abr May Jun Jul Ago Sep Oct Nov Dic

Informe 2023 Octubre
                   Monthly Climatological Summary for oct. 2023

Name: tiempoenxativa   City: Xàtiva   State: Spain
Elevation: 80 m  Lat: N 38° 59' 17"   Lon: E 000° 31' 31"

                  Temperature (°C), Rain (mm), Wind Speed (km/h)

                                      Heat  Cool        Avg
    Mean                              Deg   Deg         Wind                 Dom
Day Temp  High   Time   Low    Time   Days  Days  Rain  Speed High   Time    Dir
----------------------------------------------------------------------------------
 1  26,9  37,9   12:58  20,8   08:05   0,0   8,7   0,0   2,0  18,4   17:00     N
 2  25,8  33,5   15:40  19,7   08:23   0,0   7,6   0,0   5,0  18,4   04:46   OSO
 3  26,2  32,5   15:07  20,4   08:38   0,0   7,9   0,0   6,1  23,4   05:44    SO
 4  26,0  31,5   17:32  21,9   07:40   0,0   7,7   0,0   3,6  17,3   14:05    NO
 5  26,1  33,0   15:04  20,7   08:46   0,0   7,9   0,0   3,9  18,4   19:59    NO
 6  25,9  34,2   16:12  19,9   08:24   0,0   7,6   0,0   5,0  15,8   16:40   NNO
 7  26,1  31,8   15:45  22,5   08:49   0,0   7,8   0,0   4,5  20,9   15:24     S
 8  25,5  29,8   15:25  23,1   08:00   0,0   7,2   0,0   4,4  19,4   16:32    SO
 9  24,0  29,1   16:06  19,5   08:30   0,0   5,7   0,0   4,2  15,8   14:22     O
10  23,5  29,3   15:13  18,5   08:16   0,0   5,2   0,0   5,0  20,9   16:35     N
11  23,8  29,9   16:08  18,7   08:09   0,0   5,6   0,0   5,1  17,3   16:09   NNO
12  24,4  30,9   16:05  18,9   08:05   0,0   6,1   0,0   4,8  15,8   16:51    NO
13  25,5  35,4   17:06  19,1   08:46   0,0   7,2   0,0   5,0  24,5   17:06   ENE
14  24,1  28,3   13:51  21,0   06:11   0,0   5,8   0,0   5,4  29,5   15:12     E
15  24,4  30,5   16:15  19,5   08:12   0,0   6,1   0,0   4,7  20,9   01:49    NE
16  25,2  29,7   16:40  21,8   07:03   0,0   6,9   0,0   3,1  20,9   20:06     N
17  24,1  29,1   16:15  20,2   06:46   0,0   5,8   0,0   3,0  14,8   17:06     N
18  25,4  30,3   17:06  20,0   06:30   0,0   7,1   0,0  11,6  47,9   13:54     E
19  25,9  29,3   16:28  22,0   23:59   0,0   7,6   0,0  14,7  72,4   21:23     E
20  21,4  23,9   15:13  19,3   00:51   0,0   3,1   0,0  18,7  62,3   10:29     E
21  19,9  23,8   15:47  16,7   08:34   0,2   1,8   0,0  10,9  40,3   12:14     E
22  18,0  22,2   17:03  13,2   07:56   1,6   1,3   0,0   4,0  17,3   16:11   NNE
23  22,5  28,9   16:29  18,0   04:51   0,0   4,3   0,3   6,7  39,2   20:44    NE
24  21,4  24,9   15:29  18,3   08:13   0,0   3,1   0,0  13,9  46,4   11:59   ENE
25  23,0  26,2   16:51  19,6   03:23   0,0   4,7   0,0  14,2  42,8   12:41     E
26  25,3  29,0   15:44  22,3   05:27   0,0   7,0   0,0  17,3  56,2   18:14   ENE
27  22,1  24,9   00:00  19,8   10:22   0,0   3,7   0,0   9,6  41,8   16:21     E
28  22,4  27,4   16:33  18,6   08:40   0,0   4,1   0,0  11,1  33,1   12:31   ENE
29  21,6  28,3   16:06  17,3   02:48   0,1   3,5   0,0   7,0  31,7   04:55   ENE
30  21,4  26,2   14:53  18,0   00:14   0,0   3,2   0,0  11,5  47,9   16:19     E
31  19,5  22,8   14:36  17,0   06:08   0,2   1,4   0,0   5,6  27,0   00:33   ENE
----------------------------------------------------------------------------------
    23,8  37,9     1    13,2    22     2,1 172,7   0,3   7,5  72,4    19     ENE

Max >=  27,0: 23
Max <=   0,0:  0
Min <=   0,0:  0
Min <= -18,0:  0
Max Rain: 0,3 on day 23
Days of Rain: 1 (>= 0,2 mm)  0 (>= 2,0 mm)  0 (>= 20,0 mm)
Heat Base: 18,3  Cool Base: 18,3  Method: Integration