Informes Estilo NOAA

Seleccione un ao o mes para ver el informe
2024: Ene Feb Mar Abr May Jun Jul Ago Sep Oct Nov Dic
2023: Ene Feb Mar Abr May Jun Jul Ago Sep Oct Nov Dic
2022: Ene Feb Mar Abr May Jun Jul Ago Sep Oct Nov Dic
2021: Ene Feb Mar Abr May Jun Jul Ago Sep Oct Nov Dic
2020: Ene Feb Mar Abr May Jun Jul Ago Sep Oct Nov Dic
2019: Ene Feb Mar Abr May Jun Jul Ago Sep Oct Nov Dic
2018: Ene Feb Mar Abr May Jun Jul Ago Sep Oct Nov Dic

Informe 2023 Noviembre
                   Monthly Climatological Summary for nov. 2023

Name: tiempoenxativa   City: Xàtiva   State: Spain
Elevation: 80 m  Lat: N 38° 59' 17"   Lon: E 000° 31' 31"

                  Temperature (°C), Rain (mm), Wind Speed (km/h)

                                      Heat  Cool        Avg
    Mean                              Deg   Deg         Wind                 Dom
Day Temp  High   Time   Low    Time   Days  Days  Rain  Speed High   Time    Dir
----------------------------------------------------------------------------------
 1  22,4  27,8   15:06  17,6   02:36   0,0   4,1   0,0  13,0  40,3   08:41   ENE
 2  23,2  30,2   13:17  17,4   23:55   0,1   5,1   0,0  25,1  88,2   15:24     E
 3  18,5  21,7   13:28  16,0   04:41   0,7   0,9   0,0  17,5  55,1   00:47     E
 4  21,7  25,5   15:45  17,8   00:45   0,0   3,4   0,0  21,7  57,6   22:48     E
 5  19,8  22,8   15:06  17,1   07:10   0,1   1,7   0,0  15,7  47,9   00:34     E
 6  18,1  21,2   15:31  14,9   08:09   0,8   0,6   0,0  12,7  34,2   10:14     E
 7  16,7  21,8   14:35  11,6   07:54   2,3   0,7   0,0   7,1  29,5   06:31     E
 8  16,5  20,2   15:23  12,6   03:47   2,0   0,3   0,0   6,0  23,4   05:15     E
 9  19,8  23,5   15:21  16,8   07:40   0,2   1,7   0,0  13,3  51,5   13:15     E
10  19,7  22,8   15:30  17,4   03:31   0,1   1,5   0,0  10,6  45,4   15:59     E
11  22,6  26,1   14:58  18,7   00:00   0,0   4,4   0,0  14,9  46,4   13:00     E
12  23,0  27,0   16:05  19,7   08:14   0,0   4,7   0,0  12,0  45,4   06:43     E
13  23,0  29,1   15:31  18,3   04:24   0,0   4,7   0,0   8,8  24,5   01:48   ENE
14  24,2  31,4   14:41  18,5   05:02   0,0   5,9   0,0   8,3  46,4   18:25   ENE
15  22,4  28,0   14:54  17,6   07:49   0,0   4,2   0,0   5,7  29,5   05:19   ENE
16  21,5  29,4   14:49  14,4   07:01   1,0   4,2   0,0   4,5  25,6   13:25   ENE
17  21,8  28,9   14:39  16,9   07:56   0,1   3,6   0,0   4,3  24,5   17:53    NE
18  20,6  27,9   15:42  16,5   08:14   0,2   2,5   0,0   4,7  22,0   08:57   ENE
19  18,6  25,1   14:46  14,5   23:58   1,2   1,6   0,0   2,6  23,4   00:49    NO
20  15,9  23,3   14:47  11,3   06:41   3,1   0,8   0,0   2,6  18,4   15:25   ONO
21  17,4  23,1   15:30  13,1   02:42   2,0   1,0   0,0   5,4  24,5   15:39     E
22  17,3  23,2   15:10  13,2   09:05   1,9   0,9   0,0   6,1  23,4   03:10   ENE
23  14,3  21,1   15:26   9,3   08:09   4,3   0,4   0,0   4,2  18,4   02:07   ENE
24  16,6  25,3   16:40   9,6   07:54   3,1   1,4   0,0   6,9  34,2   22:43     E
25  17,8  23,7   14:13  12,7   23:53   1,5   1,0   0,0   7,2  33,1   03:40   ENE
26  15,0  23,0   15:52   9,7   07:38   4,0   0,7   0,0   2,6  13,3   07:37   NNE
27  19,3  24,3   14:07  13,6   00:08   0,9   1,9   0,0   8,2  36,7   21:07     E
28  18,0  20,3   15:42  15,6   05:50   0,8   0,5   0,0   8,7  34,2   15:15     E
29  21,2  25,6   15:06  17,2   05:43   0,1   3,0   0,0   9,5  36,7   17:10   ENE
30  22,9  26,7   16:49  19,2   05:00   0,0   4,6   0,0  13,7  41,8   01:03   ENE
----------------------------------------------------------------------------------
    19,7  31,4    14     9,3    23    30,5  72,0   0,0   9,5  88,2     2       E

Max >=  27,0:  9
Max <=   0,0:  0
Min <=   0,0:  0
Min <= -18,0:  0
Max Rain: 0,0 on day 0
Days of Rain: 0 (>= 0,2 mm)  0 (>= 2,0 mm)  0 (>= 20,0 mm)
Heat Base: 18,3  Cool Base: 18,3  Method: Integration