Informes Estilo NOAA

Seleccione un ao o mes para ver el informe
2024: Ene Feb Mar Abr May Jun Jul Ago Sep Oct Nov Dic
2023: Ene Feb Mar Abr May Jun Jul Ago Sep Oct Nov Dic
2022: Ene Feb Mar Abr May Jun Jul Ago Sep Oct Nov Dic
2021: Ene Feb Mar Abr May Jun Jul Ago Sep Oct Nov Dic
2020: Ene Feb Mar Abr May Jun Jul Ago Sep Oct Nov Dic
2019: Ene Feb Mar Abr May Jun Jul Ago Sep Oct Nov Dic
2018: Ene Feb Mar Abr May Jun Jul Ago Sep Oct Nov Dic

Informe 2023 Diciembre
                   Monthly Climatological Summary for dic. 2023

Name: tiempoenxativa   City: Xàtiva   State: Spain
Elevation: 80 m  Lat: N 38° 59' 17"   Lon: E 000° 31' 31"

                  Temperature (°C), Rain (mm), Wind Speed (km/h)

                                      Heat  Cool        Avg
    Mean                              Deg   Deg         Wind                 Dom
Day Temp  High   Time   Low    Time   Days  Days  Rain  Speed High   Time    Dir
----------------------------------------------------------------------------------
 1  19,8  22,7   13:47  15,1   20:39   0,7   2,2   0,0  14,1  55,1   10:27     E
 2  15,2  18,8   15:34  12,4   08:36   3,1   0,0   0,0  11,9  37,8   05:41     E
 3  13,9  19,9   15:33   9,2   05:21   4,5   0,1   0,0   6,5  23,4   06:18   ENE
 4  14,3  17,4   16:13  11,3   08:09   4,0   0,0   0,3   7,8  36,7   16:45     E
 5  15,1  18,6   14:48  12,5   08:21   3,2   0,0   0,0   5,4  35,6   01:05    NE
 6  14,3  18,7   14:32  11,2   09:18   4,0   0,0   0,0   2,8  18,4   21:31    NE
 7  16,5  22,5   16:23  11,1   05:51   2,8   1,0   1,2   5,2  35,6   15:23   ENE
 8  18,0  20,6   14:05  15,3   23:49   0,6   0,3   0,3  11,3  40,3   11:19   ESE
 9  16,9  21,4   16:09  11,4   05:59   2,1   0,8   0,0   8,6  37,8   14:54     E
10  20,3  26,5   16:05  15,8   07:34   0,3   2,3   0,0   9,2  40,3   22:29     E
11  20,0  28,3   15:34  13,8   07:07   0,9   2,6   0,0   3,5  25,6   00:00   ENE
12  22,2  30,0   15:01  17,0   01:35   0,1   4,0   0,0   8,2  54,0   15:07     E
13  19,0  21,6   01:14  15,0   23:23   0,5   1,2   0,0  12,5  35,6   07:07     E
14  15,9  20,6   15:27  12,6   23:23   2,7   0,3   0,0   9,1  24,5   04:23     E
15  14,4  21,8   15:52   9,1   07:55   4,4   0,5   0,0   3,4  18,4   17:58    NE
16  12,8  18,1   14:31   8,2   08:38   5,5   0,0   0,0   4,3  20,9   05:20   NNE
17  11,6  16,8   15:36   8,1   02:32   6,7   0,0   0,0   3,7  17,3   14:13   ENE
18  11,2  18,2   15:50   7,3   23:57   7,1   0,0   0,0   2,5  14,8   23:45     N
19  12,5  21,9   15:54   5,8   05:49   6,3   0,5   0,0   3,3  27,0   23:05   ENE
20  15,5  19,9   12:38  11,3   08:42   3,0   0,2   0,0   5,4  29,5   01:26     E
21  15,2  22,0   15:39   9,4   08:09   3,7   0,6   0,0   6,3  30,6   05:11   ENE
22  15,7  23,3   16:14  10,5   08:21   3,3   0,7   0,0   3,1  22,0   03:10   ENE
23  13,6  20,3   15:37   9,0   08:24   5,0   0,2   0,0   2,3  19,4   09:41   NNE
24  12,2  20,0   16:17   7,1   09:20   6,2   0,1   0,0   1,9  12,2   02:30   NNE
25  12,4  20,2   15:21   8,1   05:32   6,1   0,2   0,0   1,9  15,8   08:08   NNE
26  12,4  21,0   15:38   7,5   08:50   6,1   0,3   0,0   2,7  20,9   09:41     E
27  11,5  19,8   15:05   6,2   07:09   7,0   0,1   0,0   2,1  15,8   03:38   ENE
28  12,1  18,4   14:29   7,7   08:12   6,2   0,0   0,0   1,8  11,2   15:05     N
29  13,1  17,5   12:47   9,4   02:55   5,2   0,0   0,0   2,2  12,2   05:27     N
30  13,9  20,6   14:53  10,0   06:07   4,7   0,3   0,0   1,7  12,2   22:40   NNE
31  16,2  20,7   13:47  10,8   02:12   2,5   0,3   0,0   9,8  36,7   14:45     E
----------------------------------------------------------------------------------
    15,1  30,0    12     5,8    19   118,5  18,8   1,8   5,6  55,1     1     ENE

Max >=  27,0:  2
Max <=   0,0:  0
Min <=   0,0:  0
Min <= -18,0:  0
Max Rain: 1,2 on day 7
Days of Rain: 3 (>= 0,2 mm)  0 (>= 2,0 mm)  0 (>= 20,0 mm)
Heat Base: 18,3  Cool Base: 18,3  Method: Integration